-- Table structure for table `invoice`
--

CREATE TABLE `invoice` (
  `id` int(11) NOT NULL,
  `invoice_id` varchar(50) NOT NULL,
  `client` varchar(145) DEFAULT NULL,
  `date` date NOT NULL,
  `address` varchar(255) NOT NULL,
  `mobile` varchar(45) DEFAULT NULL,
  `email` varchar(145) DEFAULT NULL,
  `total_amount` decimal(10,2) DEFAULT NULL,
  `status` enum('A','D') DEFAULT 'A',
  `createdBy` int(11) NOT NULL,
  `createdTime` datetime NOT NULL
) ENGINE=InnoDB DEFAULT CHARSET=latin1;

--
-- Dumping data for table `invoice`
--

INSERT INTO `invoice` (`id`, `invoice_id`, `client`, `date`, `address`, `mobile`, `email`, `total_amount`, `status`, `createdBy`, `createdTime`) VALUES
(1, 'Invoice001', 'veeramani', '2020-12-10', 'test', '94978787', '-', 80000.00, 'D', 68, '2020-12-10 08:46:57'),
(2, 'Inv002', 'sathishsam', '2021-01-30', 'Apt\nSt', '09994425270', 'karthick.s@spiderindia.com', 2039.00, 'A', 68, '2021-01-30 11:53:18'),
(3, 'Inv003', 'sathishsam', '2021-01-30', 'Apt\nSt', '09994425270', 'karthick.s@spiderindia.com', 2039.00, 'A', 68, '2021-01-30 11:53:53'),
(4, 'Inv004', 'sathishsam', '2021-01-30', 'Apt\nSt', '09994425270', 'karthick.s@spiderindia.com', 2039.00, 'A', 68, '2021-01-30 11:55:27'),
(5, 'Inv005', 'sathishsam', '2021-01-30', 'Apt\nSt', '09994425270', 'karthick.s@spiderindia.com', 2039.00, 'A', 68, '2021-01-30 12:01:49'),
(6, 'Inv006', 'sathishsam', '2021-01-30', 'Apt\nSt', '09994425270', 'karthick.s@spiderindia.com', 2039.00, 'A', 68, '2021-01-30 12:03:45'),
(7, 'Inv007', 'sathishsam', '2021-01-30', 'ambattur', '09994425270', 'karthick.s@spiderindia.com', 56.00, 'A', 68, '2021-01-30 12:21:20'),
(8, 'Invoice008', 'veeramani', '2021-01-30', 'tt', '94978787', '-', 47.00, 'D', 68, '2021-01-30 12:25:57'),
(9, 'Invoice009', 'test', '2021-04-30', 'test', '', '', 64.00, 'D', 68, '2021-04-30 13:56:51');

-- --------------------------------------------------------

--
-- Table structure for table `invoice_description`
--

CREATE TABLE `invoice_description` (
  `invoice_id` int(11) NOT NULL,
  `product_name` varchar(255) NOT NULL,
  `quantity` int(11) NOT NULL,
  `unit_price` decimal(10,2) NOT NULL
) ENGINE=InnoDB DEFAULT CHARSET=latin1;

--
-- Dumping data for table `invoice_description`
--

INSERT INTO `invoice_description` (`invoice_id`, `product_name`, `quantity`, `unit_price`) VALUES
(1, 'Iphone', 1, 50000.00),
(1, 'JPhone', 1, 30000.00),
(2, 'apple', 2, 33.00),
(2, 'keyboard', 40, 40.00),
(3, 'apple', 2, 33.00),
(3, 'keyboard', 40, 40.00),
(4, 'apple', 2, 33.00),
(4, 'keyboard', 40, 40.00),
(5, 'apple', 2, 33.00),
(5, 'keyboard', 40, 40.00),
(6, 'apple', 2, 33.00),
(6, 'keyboard', 40, 40.00),
(7, 'Mouse', 1, 1.00),
(7, 'Website Design', 2, 2.00),
(7, 'Website Design', 3, 3.00),
(8, 'Iphone', 2, 3.00);

-- --------------------------------------------------------

--
-- Table structure for table `lead_product`
--

CREATE TABLE `lead_product` (
  `lead_id` int(11) NOT NULL,
  `product_id` int(11) NOT NULL
) ENGINE=InnoDB DEFAULT CHARSET=latin1;

--
-- Dumping data for table `lead_product`
--

INSERT INTO `lead_product` (`lead_id`, `product_id`) VALUES
(475, 65),
(475, 66),
(476, 65),
(477, 64),
(477, 65),
(478, 65),
(479, 64),
(479, 65),
(480, 64),
(480, 65),
(481, 64),
(481, 65),
(481, 79),
(481, 80),
(482, 4),
(483, 4),
(483, 5),
(484, 2),
(485, 4),
(486, 81),
(487, 81),
(488, 39),
(489, 1),
(490, 2),
(490, 6),
(492, 82),
(492, 88),
(493, 82),
(493, 83),
(493, 86),
(494, 83),
(494, 85),
(494, 86),
(495, 82),
(496, 82),
(496, 83),
(496, 86),
(497, 82),
(497, 87),
(498, 89),
(499, 82),
(500, 82),
(500, 83),
(501, 82),
(501, 83),
(501, 85),
(501, 86),
(502, 82),
(502, 83),
(503, 82),
(503, 83),
(503, 86),
(504, 82),
(504, 83),
(504, 85),
(505, 82),
(506, 82),
(507, 82),
(507, 83),
(508, 82),
(509, 82),
(509, 87),
(510, 83),
(510, 86),
(511, 82),
(511, 83),
(512, 82),
(512, 83),
(513, 82),
(514, 82),
(515, 82),
(516, 82),
(518, 88),
(517, 82),
(519, 82),
(520, 82),
(521, 82),
(522, 82),
(523, 82),
(524, 82),
(525, 82),
(526, 82),
(527, 82),
(527, 83),
(528, 82),
(529, 82),
(531, 82),
(532, 87),
(533, 87),
(534, 82),
(535, 82),
(536, 87),
(537, 82),
(538, 82),
(539, 82),
(540, 82),
(541, 82),
(542, 82),
(543, 82),
(544, 82),
(545, 82),
(546, 82),
(547, 82),
(548, 83),
(548, 86),
(549, 92),
(550, 82),
(550, 86),
(551, 92),
(552, 83),
(552, 86),
(553, 82),
(554, 92),
(555, 86),
(556, 86),
(557, 82),
(557, 86),
(558, 82),
(558, 86),
(560, 92),
(561, 86),
(563, 82),
(563, 92),
(564, 82),
(565, 82),
(566, 82),
(567, 86),
(568, 92),
(569, 92),
(570, 94),
(572, 86),
(573, 82),
(573, 83),
(574, 82),
(571, 86),
(559, 87),
(575, 92),
(576, 82),
(577, 82),
(578, 82),
(579, 82),
(579, 94),
(580, 98),
(581, 82),
(562, 82),
(583, 82),
(584, 82),
(585, 82),
(582, 82),
(586, 82),
(587, 82),
(588, 92),
(591, 82),
(592, 82),
(593, 82),
(594, 82),
(595, 93),
(596, 82),
(597, 82),
(598, 82),
(599, 82),
(600, 92),
(590, 82),
(601, 82),
(602, 82),
(603, 82),
(604, 82),
(605, 82),
(606, 98),
(607, 82),
(608, 83),
(609, 82),
(610, 82),
(611, 82),
(612, 83),
(613, 82),
(614, 82),
(615, 98),
(616, 83),
(617, 82),
(617, 89),
(617, 92),
(618, 82),
(619, 83),
(620, 90),
(621, 84),
(622, 86),
(623, 85),
(624, 87),
(625, 82),
(626, 82),
(627, 89),
(628, 82),
(629, 83),
(629, 89),
(630, 84),
(589, 82),
(631, 92),
(632, 89),
(633, 89),
(634, 89),
(635, 89),
(636, 89),
(637, 89),
(638, 82),
(639, 82),
(640, 82),
(641, 82),
(642, 83),
(643, 82),
(643, 83),
(644, 82),
(645, 3),
(646, 1),
(648, 4),
(649, 1),
(651, 4),
(652, 5),
(653, 4),
(654, 4),
(655, 4),
(656, 4),
(657, 4),
(658, 4),
(659, 4),
(660, 4),
(661, 4),
(663, 4),
(664, 1),
(665, 4),
(666, 4),
(667, 4),
(668, 4),
(669, 4),
(670, 4),
(671, 4),
(672, 4),
(675, 82),
(677, 89),
(679, 87),
(678, 82),
(678, 83),
(680, 82),
(681, 82),
(681, 89),
(681, 96),
(682, 89),
(682, 91),
(683, 82),
(684, 82),
(684, 83),
(684, 87),
(685, 88),
(685, 89),
(686, 87),
(686, 88),
(687, 82),
(687, 83),
(676, 89),
(650, 89),
(688, 89),
(689, 89),
(690, 83),
(691, 82),
(691, 89),
(692, 83),
(692, 86),
(693, 89),
(694, 94),
(694, 98),
(695, 82),
(696, 82),
(696, 83),
(696, 86),
(697, 82),
(698, 82),
(699, 87),
(700, 82),
(701, 94),
(702, 82),
(703, 82),
(704, 82),
(704, 83),
(704, 84),
(704, 89),
(705, 82),
(674, 4),
(673, 4),
(662, 4),
(706, 1),
(707, 4),
(708, 3),
(709, 3),
(710, 3),
(711, 3),
(712, 3),
(713, 3),
(714, 3),
(715, 6),
(716, 3),
(717, 5),
(718, 5),
(719, 38),
(720, 38),
(721, 4),
(722, 38),
(723, 3),
(724, 3),
(725, 3),
(726, 3),
(727, 3),
(728, 3),
(729, 3),
(730, 3),
(731, 3),
(732, 40),
(733, 40),
(734, 40),
(735, 4),
(736, 3),
(737, 3),
(738, 3),
(739, 3),
(740, 3),
(741, 4),
(742, 3),
(743, 3),
(744, 3),
(745, 3),
(746, 3),
(747, 3),
(748, 3),
(749, 3),
(750, 3),
(751, 4),
(752, 4),
(753, 4),
(754, 4),
(755, 4),
(756, 4),
(757, 7),
(757, 38),
(758, 4),
(759, 4),
(760, 4),
(761, 4),
(762, 4),
(763, 4),
(764, 4),
(765, 4),
(766, 4),
(767, 1),
(767, 20),
(768, 4),
(769, 3),
(770, 4),
(770, 38),
(771, 4),
(772, 4),
(773, 4),
(774, 4),
(776, 53),
(777, 4),
(778, 4),
(779, 38),
(780, 4),
(781, 4),
(782, 4),
(783, 4),
(784, 4),
(785, 4),
(786, 4),
(787, 4),
(788, 4),
(789, 4),
(790, 4),
(791, 4),
(792, 4),
(793, 4),
(794, 4),
(795, 4),
(796, 4),
(796, 20),
(797, 7),
(798, 4),
(799, 4),
(800, 4),
(801, 4),
(802, 4),
(803, 4),
(804, 4),
(775, 4),
(805, 3),
(805, 4),
(805, 20),
(806, 4),
(807, 4),
(808, 4),
(809, 4),
(810, 4),
(811, 4),
(813, 4),
(814, 4),
(815, 4),
(816, 4),
(817, 4),
(818, 4),
(812, 4),
(819, 4),
(820, 4),
(821, 4),
(822, 4),
(824, 4),
(825, 4),
(826, 4),
(827, 4),
(828, 39),
(829, 39),
(830, 102),
(831, 102),
(832, 102),
(833, 102),
(834, 102),
(835, 102),
(836, 102),
(837, 102),
(839, 102),
(841, 102),
(842, 102),
(844, 102),
(845, 102),
(847, 102),
(846, 103),
(838, 103),
(849, 102),
(850, 102),
(851, 104),
(848, 104),
(859, 102),
(860, 102),
(861, 39),
(864, 102),
(843, 103),
(852, 103),
(862, 103),
(866, 103),
(863, 104),
(865, 106),
(868, 102),
(869, 102),
(870, 102),
(871, 102),
(871, 108),
(872, 102),
(873, 102),
(874, 102),
(875, 102),
(876, 108),
(877, 110),
(899, 39),
(902, 110),
(902, 111),
(867, 110),
(905, 39),
(906, 110),
(907, 110),
(908, 102),
(909, 102),
(911, 102),
(912, 102),
(914, 102),
(917, 39),
(904, 110),
(904, 111),
(903, 110),
(918, 102),
(913, 102),
(921, 39),
(910, 102),
(922, 110),
(924, 39),
(925, 1),
(925, 2),
(926, 39),
(927, 110),
(923, 102),
(923, 110),
(920, 102),
(915, 102),
(928, 110),
(929, 0),
(930, 0),
(931, 0),
(932, 118),
(933, 117),
(933, 118),
(934, 117),
(934, 111),
(935, 118),
(936, 118),
(937, 118),
(937, 111),
(938, 117),
(938, 118),
(939, 118),
(940, 118),
(941, 118),
(941, 117),
(942, 118),
(942, 117),
(943, 118),
(944, 117),
(944, 118),
(945, 118),
(945, 117),
(946, 111),
(946, 110),
(946, 102),
(946, 117),
(946, 118),
(947, 117),
(919, 110),
(919, 102),
(949, 4),
(950, 4),
(951, 4),
(952, 4),
(901, 110),
(953, 110),
(953, 111),
(954, 4),
(955, 4),
(956, 4),
(957, 126),
(958, 118),
(965, 126),
(965, 118),
(966, 4),
(967, 4),
(968, 4),
(969, 100),
(970, 100),
(971, 99),
(972, 4),
(973, 4),
(973, 99),
(974, 4),
(974, 99),
(975, 4),
(975, 99),
(976, 4),
(976, 99),
(977, 4),
(978, 4),
(978, 99),
(979, 4),
(979, 99),
(980, 4),
(981, 4),
(981, 99),
(982, 4),
(983, 4),
(985, 4),
(984, 4),
(986, 4),
(986, 99),
(987, 4),
(988, 4),
(989, 4),
(990, 4),
(991, 4),
(992, 4),
(993, 4),
(994, 4),
(995, 99),
(995, 100),
(996, 4),
(997, 4),
(997, 99),
(998, 4),
(999, 4),
(999, 100),
(1000, 4),
(1000, 99),
(1001, 4),
(1001, 99),
(1002, 4),
(1002, 99),
(1002, 100),
(1003, 4),
(1003, 99),
(1005, 4),
(1004, 4),
(1006, 4),
(1007, 4),
(1007, 99),
(1008, 4),
(1008, 99),
(1009, 4),
(1009, 99),
(1010, 4),
(1010, 99),
(1010, 100),
(1011, 4),
(1011, 99),
(1012, 4),
(1012, 99),
(1013, 4),
(1014, 4),
(1015, 4),
(1016, 4),
(1017, 4),
(1017, 99),
(1018, 4),
(823, 4),
(1023, 4),
(1024, 126),
(1024, 110),
(1024, 117),
(1024, 110),
(1024, 110),
(1025, 4),
(1025, 99),
(1027, 7),
(1027, 20),
(1029, 4),
(1030, 3),
(1030, 4),
(1031, 4),
(1031, 100),
(1032, 4),
(1032, 100),
(1033, 7),
(1035, 99),
(1036, 4),
(1037, 4),
(1038, 4),
(1038, 100),
(1039, 4),
(1040, 4),
(1040, 7),
(1041, 4),
(1034, 101),
(948, 4),
(1043, 20),
(1044, 20),
(1046, 20),
(1047, 20),
(1049, 20),
(1050, 20),
(1052, 20),
(1051, 20),
(1045, 20),
(1053, 20),
(1048, 20),
(1054, 20),
(1055, 20),
(1056, 20),
(1057, 20),
(1058, 20),
(1059, 20),
(1060, 20),
(1061, 20),
(1062, 20),
(1063, 20),
(1064, 20),
(1066, 20),
(1067, 20),
(1068, 20),
(1069, 20),
(1070, 20),
(1071, 20),
(1072, 20),
(1073, 20),
(1075, 20),
(1076, 20),
(1077, 20),
(1079, 20),
(1080, 20),
(1081, 20),
(1082, 20),
(1083, 20),
(1086, 20),
(1087, 20),
(1078, 20),
(1090, 20),
(1085, 20),
(1084, 20),
(1092, 20),
(1093, 20),
(1094, 20),
(1095, 20),
(1096, 20),
(1097, 20),
(1098, 20),
(1099, 20),
(1100, 20),
(1101, 20),
(1102, 20),
(1103, 20),
(1104, 20),
(1105, 20),
(1106, 20),
(1107, 20),
(1108, 20),
(1109, 20),
(1110, 20),
(1111, 20),
(1112, 20),
(1113, 20),
(1114, 20),
(1115, 20),
(1116, 20),
(1117, 20),
(1118, 20),
(1091, 111),
(1089, 111),
(1088, 111),
(1065, 111),
(1042, 110),
(1028, 111),
(1026, 111),
(1021, 111),
(1020, 111),
(1019, 111),
(1022, 111),
(1119, 20),
(1120, 20),
(1121, 99),
(1122, 20),
(1123, 20),
(1124, 20),
(1125, 20),
(1126, 20),
(1127, 101),
(1128, 99),
(1129, 4),
(1130, 99),
(1131, 20),
(1132, 20),
(1133, 20),
(1134, 20),
(1135, 20),
(1143, 99),
(1138, 99),
(1142, 4),
(1144, 4),
(1146, 20),
(1136, 20),
(1141, 20),
(1148, 20),
(1149, 4),
(916, 102),
(840, 102),
(1151, 99),
(1150, 4),
(1150, 20),
(1152, 102),
(1153, 110),
(1154, 110),
(1139, 20),
(1156, 20),
(1157, 20),
(1158, 4),
(1159, 20),
(1160, 20),
(1161, 99),
(1162, 100),
(1163, 99),
(1164, 99),
(1165, 99),
(1166, 99),
(1167, 20),
(1168, 1),
(1171, 3),
(1171, 20),
(1173, 20),
(1174, 20),
(1175, 20),
(1179, 20),
(1182, 152),
(1186, 152),
(1187, 7),
(1188, 152),
(1189, 4),
(1184, 4),
(1190, 152),
(1191, 152),
(1192, 152),
(1193, 152),
(1195, 152),
(1196, 1),
(1197, 152),
(1183, 152),
(1198, 4),
(1199, 20),
(1200, 20),
(1201, 152),
(1203, 153),
(1185, 3),
(1204, 3),
(1205, 152),
(1206, 152),
(1207, 3),
(1208, 99),
(1209, 2),
(1209, 153),
(1210, 3),
(1211, 4),
(1213, 3),
(1214, 3),
(1215, 3),
(1215, 99),
(1216, 3),
(1217, 4),
(1212, 3),
(1194, 152),
(1218, 4),
(1219, 3),
(1220, 4),
(1223, 1),
(1224, 1),
(1225, 1),
(1226, 1),
(1227, 1),
(1228, 1),
(1229, 1),
(1230, 1),
(1231, 1),
(1232, 1),
(1233, 1),
(1234, 20),
(1235, 20),
(1180, 152),
(1169, 4),
(1236, 20),
(1237, 20),
(1238, 4),
(1239, 1),
(1239, 4),
(1239, 20),
(1240, 152),
(1241, 152),
(1242, 152),
(1244, 4),
(1246, 4),
(1247, 4),
(1248, 3),
(1249, 4),
(1250, 4),
(1251, 3),
(1252, 4),
(1253, 4),
(1255, 20),
(1256, 4),
(1256, 40),
(1257, 152),
(1258, 20),
(1260, 152),
(1261, 152),
(1262, 40),
(1263, 40),
(1259, 40),
(1245, 20),
(1264, 152),
(1265, 152),
(1266, 4),
(1267, 152),
(1268, 20),
(1268, 99),
(1269, 100),
(1270, 152),
(1270, 153),
(1271, 153),
(1273, 152),
(1275, 152),
(1276, 152),
(1272, 152),
(1278, 2),
(1279, 1),
(1279, 2),
(1176, 20),
(1177, 20),
(1172, 20),
(1145, 20),
(1277, 152),
(1274, 152),
(1282, 152),
(1283, 152),
(1285, 3),
(1286, 152),
(1288, 101),
(1290, 152),
(1222, 39),
(1331, 3),
(1332, 3),
(1317, 7),
(1335, 153),
(1336, 4),
(1337, 153),
(1294, 152),
(1296, 153),
(1339, 153),
(1340, 153),
(1329, 99),
(1341, 152),
(1315, 99),
(1295, 153),
(1243, 20),
(1137, 7),
(1344, 100),
(1284, 152),
(1334, 153),
(1170, 20),
(1333, 20),
(1346, 152),
(1348, 4),
(647, 1),
(1349, 152),
(1350, 4),
(1350, 152),
(1351, 152),
(1352, 1),
(1353, 4),
(1354, 4),
(1347, 152),
(1425, 3),
(1407, 20),
(1147, 20),
(1422, 4),
(1467, 152),
(1376, 99),
(1468, 4),
(1202, 20),
(1469, 40),
(1470, 20),
(1178, 20),
(1140, 7),
(1140, 20),
(1471, 157),
(1473, 155),
(1475, 155),
(1476, 165),
(1477, 157),
(1481, 155),
(1483, 155),
(1480, 4),
(1484, 153),
(1485, 155),
(1486, 155),
(1487, 82),
(1487, 83),
(1490, 156),
(1489, 153),
(1489, 154),
(1479, 155),
(1491, 155),
(1492, 3),
(1493, 3),
(1494, 3),
(1495, 3),
(1496, 3),
(1497, 39),
(1498, 39),
(1499, 39),
(1500, 39),
(1501, 39),
(1504, 176),
(1522, 3),
(1523, 20),
(1524, 3),
(1525, 3),
(1527, 155),
(1529, 155),
(1530, 155),
(1526, 155),
(1531, 155),
(1532, 155),
(1536, 155),
(1537, 155),
(1482, 155),
(1538, 155),
(1539, 155),
(1544, 155),
(1542, 155),
(1548, 155),
(1541, 155),
(1550, 155),
(1551, 155),
(1552, 152),
(1533, 3),
(1553, 20),
(1554, 3),
(1554, 20),
(1555, 156),
(1556, 155),
(1558, 155),
(1559, 152),
(1557, 155),
(1659, 155),
(1660, 155),
(1661, 155),
(1662, 155),
(1664, 155),
(1666, 157),
(1667, 157),
(1671, 155),
(1672, 155),
(1674, 155),
(1676, 155),
(1677, 155),
(1678, 155),
(1681, 155),
(1682, 155),
(1683, 155),
(1684, 155),
(1685, 155),
(1686, 155),
(1687, 155),
(1689, 155),
(1663, 155),
(1690, 155),
(1691, 155),
(1692, 155),
(1693, 155),
(1694, 155),
(1695, 155),
(1696, 155),
(1697, 155),
(1699, 155),
(1701, 155),
(1702, 155),
(1700, 155),
(1703, 155),
(1707, 155),
(1709, 155),
(1710, 155),
(1712, 155),
(1713, 155),
(1714, 155),
(1715, 155),
(1716, 155),
(1717, 155),
(1704, 155),
(1706, 155),
(1472, 155),
(1722, 155),
(1723, 155),
(1724, 155),
(1478, 155),
(1725, 155),
(1726, 155),
(1727, 155),
(1728, 155),
(1730, 155),
(1731, 155),
(1732, 155),
(1733, 155),
(1735, 155),
(1736, 20),
(1737, 3),
(1738, 3),
(1739, 3),
(1740, 3),
(1742, 3),
(1743, 3),
(1744, 3),
(1747, 3),
(1720, 155),
(1721, 155),
(1748, 155),
(1749, 155),
(1719, 155),
(1750, 155),
(1751, 155),
(1752, 155),
(1708, 155),
(1753, 155),
(1698, 155),
(1764, 152),
(1601, 153),
(1766, 155),
(1767, 155),
(1528, 155),
(1718, 155),
(1688, 155),
(1680, 155),
(1768, 3),
(1769, 152),
(1770, 152),
(1466, 20),
(1281, 20),
(1281, 152),
(1281, 153),
(1280, 20),
(1772, 155),
(1773, 155),
(1774, 155),
(1775, 155),
(1670, 155),
(1776, 155),
(1777, 155),
(1778, 155),
(1779, 155),
(1780, 155),
(1781, 155),
(1782, 155),
(1783, 155),
(1784, 155),
(1787, 155),
(1788, 155),
(1790, 155),
(1791, 155),
(1792, 157),
(1793, 157),
(1786, 155),
(1795, 155),
(1794, 155),
(1797, 155),
(1796, 155),
(1535, 155),
(1798, 155),
(1734, 155),
(1673, 155),
(1799, 155),
(1800, 155),
(1771, 158),
(1801, 155),
(1802, 155),
(1803, 155),
(1804, 155),
(1805, 152),
(1806, 4),
(1808, 152),
(1809, 152),
(1711, 155),
(1810, 155),
(1811, 155),
(1812, 155),
(1813, 155),
(1814, 155),
(1815, 155),
(1816, 155),
(1817, 155),
(1818, 155),
(1819, 3),
(1820, 3),
(1789, 155),
(1917, 155),
(1918, 155),
(1919, 155),
(1920, 155),
(1922, 155),
(1921, 155),
(1925, 155),
(1926, 155),
(1927, 155),
(1928, 155),
(1929, 155),
(1540, 155),
(1754, 155),
(1705, 155),
(1669, 155),
(1931, 155),
(1932, 155),
(1924, 155),
(1762, 155),
(1679, 155),
(1675, 155),
(1549, 155),
(1933, 155),
(1934, 155),
(1935, 155),
(1936, 101),
(1937, 155),
(1938, 3),
(1939, 20),
(1760, 155),
(1758, 155),
(1665, 155),
(1543, 155),
(1763, 155),
(1941, 155),
(1942, 155),
(1943, 155),
(1944, 155),
(1945, 155),
(1946, 155),
(1947, 155),
(1948, 155),
(1949, 155),
(1950, 155),
(1181, 153),
(1951, 39),
(1952, 39),
(1957, 185),
(1958, 187),
(1746, 3),
(1746, 7),
(1959, 155),
(1960, 155),
(1668, 155),
(1961, 155),
(1962, 155),
(1963, 155),
(1964, 155),
(1965, 155),
(1966, 155),
(1967, 155),
(1968, 155),
(1969, 155),
(1970, 155),
(1971, 155),
(1972, 155),
(1973, 155),
(1974, 155),
(1976, 155),
(1977, 155),
(1978, 155),
(1979, 155),
(1980, 155),
(1981, 155),
(1982, 155),
(1983, 155),
(1984, 155),
(2020, 155),
(1729, 155),
(1975, 155),
(1940, 155),
(1757, 155),
(1755, 155),
(1546, 155),
(2023, 155),
(2024, 155),
(2025, 155),
(1534, 155),
(2026, 155),
(2027, 155),
(2028, 155),
(2029, 155),
(2030, 155),
(2031, 155),
(2032, 155),
(2033, 155),
(2034, 155),
(2035, 155),
(2036, 39),
(2037, 155),
(2038, 155),
(2039, 155),
(2040, 155),
(2041, 155),
(2042, 155),
(2043, 3),
(1923, 155),
(2022, 155),
(2044, 155),
(2045, 155),
(2046, 155),
(2047, 155),
(2048, 155),
(2049, 155),
(2050, 155),
(2051, 155),
(2052, 155),
(2053, 155),
(2054, 155),
(2055, 155),
(2056, 155),
(2057, 155),
(2058, 155),
(2059, 155),
(2060, 155),
(1785, 155),
(1930, 155),
(2021, 155),
(2064, 155),
(2065, 155),
(2066, 155),
(2067, 155),
(2068, 155),
(2069, 155),
(2070, 155),
(2071, 155),
(2072, 155),
(2073, 155),
(2074, 155),
(2075, 157),
(2076, 155),
(2077, 155),
(2078, 155),
(2079, 155),
(2080, 155),
(2081, 155),
(2082, 155),
(2083, 155),
(2084, 155),
(2085, 155),
(2086, 155),
(2087, 155),
(2088, 155),
(2089, 155),
(2090, 155),
(2091, 155),
(2092, 155),
(2093, 155),
(2094, 155),
(2095, 155),
(2096, 155),
(2097, 155),
(2098, 155),
(2099, 155),
(1474, 155),
(2101, 157),
(2100, 155),
(2102, 155),
(2103, 157),
(2104, 155),
(2105, 157),
(2106, 157),
(2107, 155),
(2108, 155),
(2109, 155),
(2110, 155),
(2111, 155),
(2112, 155),
(2113, 155),
(2114, 155),
(2115, 155),
(2116, 155),
(2117, 155),
(1761, 155),
(1759, 155),
(1756, 155),
(1545, 155),
(2118, 155),
(2119, 155),
(2120, 155),
(2121, 155),
(2122, 157),
(2123, 155),
(2124, 155),
(2125, 155),
(2126, 155),
(2127, 155),
(2129, 155),
(2131, 155),
(2132, 155),
(2133, 155),
(2134, 155),
(2135, 155),
(2136, 155),
(2137, 155),
(2138, 155),
(2143, 155),
(2144, 155),
(2148, 155),
(2149, 155),
(2150, 155),
(2151, 155),
(2152, 155),
(2153, 155),
(2154, 155),
(2155, 155),
(2156, 155),
(2157, 155),
(2158, 155),
(2159, 155),
(2161, 1),
(2162, 4),
(2165, 155),
(2169, 155),
(2170, 155),
(2171, 155),
(2172, 155),
(2173, 155),
(2174, 155),
(2175, 155),
(2176, 155),
(2177, 155),
(2178, 155),
(2179, 155),
(2180, 155),
(2181, 155),
(2182, 155),
(2183, 155),
(2184, 155),
(2185, 155),
(2186, 39),
(2187, 39),
(2188, 39),
(2189, 152),
(2191, 99),
(2192, 155),
(1807, 152),
(2193, 155),
(2190, 152),
(2194, 152),
(1658, 155),
(2195, 157),
(2196, 155),
(2198, 157),
(2199, 155),
(2200, 155),
(2201, 152),
(2202, 155),
(2203, 155),
(2204, 155),
(2206, 40),
(2211, 4),
(2210, 4),
(2209, 4),
(2208, 99),
(2207, 4),
(2205, 4),
(2197, 4),
(2212, 155),
(2213, 157),
(2214, 155),
(2215, 152),
(2216, 152),
(2216, 154),
(2217, 155),
(2218, 155),
(2219, 155),
(2220, 155),
(2221, 155),
(2222, 155),
(2223, 155),
(2224, 152),
(2225, 152),
(2227, 152),
(2228, 39),
(1547, 176),
(2229, 39),
(2230, 39),
(2231, 39),
(2226, 152),
(2232, 152),
(2235, 4),
(2235, 152),
(2234, 152),
(2236, 152),
(2237, 4),
(2238, 153),
(2239, 153),
(2241, 152),
(2317, 4),
(2319, 155),
(2320, 155),
(2147, 155),
(2146, 155),
(2145, 155),
(2130, 155),
(2128, 155),
(2322, 155),
(2323, 155),
(2324, 155),
(2325, 155),
(2326, 155),
(2327, 155),
(2328, 155),
(2329, 155),
(2330, 155),
(2331, 155),
(2332, 155),
(2333, 155),
(2334, 155),
(1074, 20),
(2268, 3),
(2336, 4),
(2337, 4),
(2338, 4),
(2339, 4),
(2340, 4),
(2318, 3),
(2341, 4),
(2321, 155),
(2342, 157),
(2344, 157),
(2343, 157),
(2316, 3),
(1765, 4),
(2345, 155),
(2346, 155),
(2347, 155),
(2348, 155),
(2349, 155),
(2351, 155),
(2350, 155),
(2352, 155),
(2353, 155),
(2354, 155),
(2355, 155),
(2356, 155),
(2357, 155),
(2358, 155),
(2359, 155),
(2361, 155),
(2363, 20),
(1287, 152),
(2364, 4),
(2365, 155),
(2367, 155),
(2368, 155),
(2369, 155),
(2371, 155),
(2373, 155),
(2372, 155),
(2374, 155),
(2375, 155),
(2376, 155),
(2377, 155),
(2360, 155),
(2362, 155),
(2378, 155),
(2379, 155),
(2380, 155),
(2381, 155),
(2382, 155),
(2370, 155),
(2383, 155),
(2366, 152),
(2384, 4),
(2160, 4),
(2160, 20),
(2385, 155),
(2386, 155),
(2387, 155),
(2389, 155),
(2390, 155),
(2391, 155),
(2392, 155),
(2393, 155),
(2394, 155),
(2395, 155),
(2396, 155),
(2397, 4),
(2398, 155),
(2399, 155),
(2400, 155),
(2401, 155),
(2402, 155),
(2335, 3),
(1741, 3),
(1741, 20),
(1745, 3),
(1745, 20),
(2403, 155),
(2404, 155),
(2405, 155),
(2406, 155),
(2407, 156),
(2408, 155),
(2409, 155),
(2410, 155),
(1338, 152),
(2411, 155),
(2388, 155),
(2412, 155),
(2413, 155),
(2414, 3),
(2477, 155),
(2478, 155),
(2479, 155),
(2480, 155),
(2481, 155),
(2482, 155),
(2483, 155),
(2484, 155),
(2485, 155),
(2486, 155),
(2487, 155),
(2488, 4),
(2489, 155),
(2490, 155),
(2491, 155),
(2492, 155),
(2493, 155),
(2494, 155),
(2495, 155),
(2496, 155),
(2497, 155),
(2498, 155),
(2499, 155),
(2500, 155),
(2501, 155),
(2502, 155),
(2503, 155),
(2504, 155),
(2505, 155),
(2507, 155),
(2508, 155),
(2509, 155),
(2510, 155),
(2511, 155),
(2512, 155),
(2513, 155),
(2514, 155),
(2515, 155),
(2516, 155),
(2517, 155),
(2518, 155),
(2519, 155),
(2520, 155),
(2521, 155),
(2522, 155),
(2523, 155),
(2524, 155),
(2525, 155),
(2526, 155),
(2527, 155),
(2528, 155),
(2529, 155),
(2530, 155),
(2531, 155),
(2532, 155),
(2533, 155),
(2534, 155),
(2535, 155),
(2536, 155),
(2537, 155),
(2538, 155),
(2539, 155),
(2540, 155),
(2541, 155),
(2542, 155),
(2543, 155),
(2544, 155),
(2545, 155),
(2546, 155),
(2547, 155),
(2548, 155),
(2549, 155),
(2550, 155),
(2551, 155),
(2552, 155),
(2553, 157),
(2554, 157),
(2555, 155),
(2556, 155),
(2557, 155),
(2558, 155),
(2559, 155),
(2560, 155),
(2561, 155),
(2562, 157),
(2563, 155),
(2564, 155),
(2565, 101),
(1254, 4),
(2233, 3),
(2611, 155),
(2612, 155),
(2614, 155),
(2615, 157),
(2616, 99),
(1608, 3),
(1608, 20),
(1221, 1),
(2506, 152),
(2431, 152),
(2618, 155),
(2617, 4),
(2619, 155),
(2620, 157),
(2621, 99),
(2624, 155),
(2622, 157),
(2623, 155),
(2613, 155),
(2625, 155),
(2626, 155),
(2627, 155),
(2628, 155),
(2629, 155),
(2630, 155),
(1953, 172),
(1521, 176),
(2164, 177),
(1519, 172),
(2631, 155),
(2632, 155),
(2633, 155),
(2634, 155),
(2635, 155),
(2636, 155),
(2637, 155),
(2638, 155),
(2639, 155),
(2640, 155),
(2641, 155),
(2642, 155),
(2643, 155),
(2644, 155),
(2645, 155),
(1509, 172),
(1508, 176),
(1506, 172),
(1507, 176),
(1502, 176),
(1503, 176),
(2163, 175),
(2141, 175),
(2142, 172),
(1518, 172),
(1517, 176),
(1516, 176),
(1514, 176),
(1513, 172),
(1520, 176),
(1515, 172),
(1512, 176),
(1505, 176),
(1510, 172),
(1511, 172),
(2646, 82),
(2646, 83),
(2646, 84),
(2240, 152),
(2647, 155),
(2648, 155),
(2649, 155),
(2650, 155),
(2651, 155),
(2652, 155),
(2653, 155),
(2654, 155),
(2655, 155),
(2656, 155),
(2657, 155),
(2658, 155),
(2659, 155),
(2660, 155),
(2661, 155),
(2662, 155),
(2663, 155),
(2664, 155),
(2665, 4),
(2666, 152),
(2667, 3),
(2668, 155),
(2669, 155),
(2670, 155),
(2671, 155),
(2673, 155),
(2674, 155),
(2675, 155),
(2676, 155),
(2677, 155),
(2678, 155),
(2679, 155),
(2680, 155),
(2681, 155),
(2682, 155),
(2683, 155),
(2684, 155),
(2685, 157),
(2686, 155),
(2687, 155),
(2688, 155),
(2689, 3),
(2690, 7),
(2691, 155),
(2692, 155),
(2693, 155),
(2694, 155),
(2695, 155),
(2696, 155),
(2697, 155),
(2698, 155),
(2699, 155),
(2700, 155),
(2701, 155),
(2702, 155),
(2703, 155),
(2704, 155),
(2705, 155),
(2706, 155),
(2707, 155),
(2708, 155),
(2709, 155),
(2710, 155),
(2711, 155),
(2712, 155),
(2714, 155),
(2713, 155),
(2715, 155),
(2716, 155),
(2717, 155),
(2718, 155),
(2719, 155),
(2721, 152),
(2722, 155),
(2723, 155),
(2724, 155),
(2725, 152),
(2726, 3),
(2798, 155),
(2799, 155),
(2800, 155),
(2801, 155),
(2802, 155),
(2803, 155),
(2720, 155),
(2804, 155),
(2805, 155),
(2806, 155),
(2807, 155),
(2808, 155),
(2809, 155),
(2810, 155),
(2672, 155),
(2811, 155),
(2812, 155),
(2813, 155),
(2814, 155),
(2815, 155),
(2817, 155),
(2818, 155),
(2819, 155),
(2820, 155),
(2821, 155),
(2822, 155),
(2823, 155),
(2824, 155),
(2825, 155),
(2826, 155),
(2828, 155),
(2827, 157),
(2829, 155),
(2830, 155),
(2831, 155),
(2832, 155),
(2833, 155),
(2834, 155),
(2835, 155),
(2836, 155),
(2837, 155),
(2838, 155),
(2839, 155),
(2840, 155),
(2841, 155),
(2842, 155),
(2843, 3),
(1914, 40),
(2844, 155),
(2845, 155),
(2846, 155),
(2847, 155),
(2848, 155),
(2849, 155),
(2850, 155),
(2851, 155),
(2852, 155),
(2853, 155),
(2854, 155),
(2855, 155),
(2856, 155),
(2857, 155),
(2858, 155),
(2859, 155),
(2860, 155),
(2861, 155),
(2862, 155),
(2863, 155),
(2864, 155),
(2865, 155),
(2866, 155),
(2867, 155),
(2868, 155),
(2869, 155),
(2870, 155),
(2871, 155),
(2872, 155),
(2873, 155),
(2874, 155),
(2876, 155),
(2875, 155),
(2877, 155),
(2878, 155),
(2879, 155),
(2880, 157),
(2881, 155),
(2882, 155),
(2883, 155),
(2884, 155),
(2885, 155),
(2886, 155),
(2887, 155),
(2888, 155),
(2889, 155),
(2890, 155),
(2891, 155),
(2892, 155),
(2893, 155),
(2894, 155),
(2895, 155),
(2896, 155),
(2897, 155),
(2898, 155),
(2899, 155),
(2900, 155),
(2901, 155),
(2816, 155),
(2902, 155),
(2903, 157),
(2904, 157),
(2905, 155),
(2906, 155),
(2907, 157),
(2908, 155),
(2909, 155),
(2910, 155),
(2911, 155),
(2912, 155),
(2913, 155),
(2914, 155),
(2915, 155),
(2916, 155),
(2917, 155),
(2918, 155),
(2919, 155),
(2920, 155),
(2921, 155),
(2922, 155),
(2923, 155),
(2924, 155),
(2925, 155),
(2926, 155),
(2927, 155),
(2928, 155),
(2930, 155),
(2929, 155),
(2931, 155),
(2932, 3),
(2933, 155),
(2934, 155),
(2935, 155),
(2936, 155),
(2937, 155),
(2938, 155),
(2939, 155),
(2940, 155),
(2941, 155),
(2942, 155),
(2943, 155),
(2944, 155),
(2945, 155),
(2946, 155),
(2947, 155),
(2948, 155),
(2949, 155),
(2950, 155),
(3095, 155),
(3096, 155),
(3097, 155),
(3098, 155),
(3099, 155),
(3100, 155),
(3101, 155),
(3102, 155),
(3103, 155),
(3105, 155),
(3106, 155),
(3107, 155),
(3108, 155),
(3104, 155),
(3109, 157),
(3110, 155),
(3111, 155),
(3112, 155),
(3113, 155),
(3114, 155),
(3115, 155),
(3116, 155),
(3117, 155),
(3118, 155),
(3119, 155),
(3120, 155),
(3121, 155),
(3122, 155),
(3123, 155),
(3124, 157),
(3125, 157),
(3126, 155),
(3127, 155),
(3128, 155),
(3129, 157),
(3130, 155),
(3132, 155),
(3131, 155),
(3133, 155),
(3134, 152),
(3135, 155),
(1488, 82),
(1488, 83),
(1488, 84),
(3137, 82),
(3137, 83),
(3137, 84),
(3136, 82),
(3271, 152),
(3272, 152),
(3273, 152),
(3274, 152),
(3275, 152),
(3276, 152),
(3277, 152),
(3278, 152),
(3279, 152),
(3280, 152),
(3281, 152),
(3282, 152),
(3283, 152),
(3284, 152),
(3285, 152),
(3286, 152),
(3287, 152),
(3288, 152),
(3289, 152),
(3290, 152),
(3291, 152),
(3292, 152),
(3293, 152),
(3294, 152),
(3295, 152),
(3296, 152),
(3297, 152),
(3298, 152),
(3299, 152),
(3300, 152),
(3301, 152),
(3302, 152),
(3303, 152),
(3304, 152),
(3305, 152),
(3306, 152),
(3307, 152),
(3308, 152),
(3309, 152),
(3310, 152),
(3311, 152),
(3312, 152),
(3313, 152),
(3314, 152),
(3315, 152),
(3316, 152),
(3317, 152),
(3318, 152),
(3319, 152),
(3320, 152),
(3321, 152),
(3322, 152),
(3323, 152),
(3324, 152),
(3325, 152),
(3326, 152),
(3327, 152),
(3328, 152),
(3329, 152),
(3330, 152),
(3331, 152),
(3332, 152),
(3333, 152),
(3334, 152),
(3335, 152),
(3336, 152),
(3337, 152),
(3338, 152),
(3339, 152),
(3340, 152),
(3341, 152),
(3342, 152),
(3343, 152),
(3344, 152),
(3345, 152),
(3346, 152),
(3347, 152),
(3348, 152),
(3349, 152),
(3350, 152),
(3351, 152),
(3352, 152),
(3353, 152),
(3354, 152),
(3355, 152),
(3356, 152),
(3357, 152),
(3358, 152),
(3359, 152),
(3360, 152),
(3361, 152),
(3362, 152),
(3363, 152),
(3364, 152),
(3365, 152),
(3366, 152),
(3367, 152),
(3368, 152),
(3369, 152),
(3370, 152),
(3371, 152),
(3372, 152),
(3373, 152),
(3374, 152),
(3375, 152),
(3376, 152),
(3377, 152),
(3378, 152),
(3379, 152),
(3380, 152),
(3381, 152),
(3382, 152),
(3383, 152),
(3384, 152),
(3385, 152),
(3386, 152),
(3387, 152),
(3388, 152),
(3389, 152),
(3390, 152),
(3391, 152),
(3392, 152),
(3393, 152),
(3394, 152),
(3395, 152),
(3396, 152),
(3397, 152),
(3398, 152),
(3399, 152),
(3400, 152),
(3401, 152),
(3402, 152),
(3403, 152),
(3404, 152),
(3405, 152),
(3406, 152),
(3407, 152),
(3408, 152),
(3409, 152),
(3410, 152),
(3411, 152),
(3412, 152),
(3413, 152),
(3414, 152),
(3415, 152),
(3416, 152),
(3417, 152),
(3418, 152),
(3419, 152),
(3420, 152),
(3421, 152),
(3422, 152),
(3423, 152),
(3424, 152),
(3425, 152),
(3426, 152),
(3427, 152),
(3428, 152),
(3429, 152),
(3430, 152),
(3431, 4),
(3432, 152),
(3433, 152),
(3434, 152),
(3435, 152),
(3436, 152),
(3437, 152),
(3438, 152),
(3439, 152),
(3440, 152),
(3441, 152),
(3442, 152),
(3443, 152),
(3444, 152),
(3445, 152),
(3446, 152),
(3447, 152),
(3448, 152),
(3449, 152),
(3450, 152),
(3451, 152),
(3452, 152),
(3453, 152),
(3454, 152),
(3455, 152),
(3456, 152),
(3457, 152),
(3458, 152),
(3459, 152),
(3460, 152),
(3461, 152),
(3462, 152),
(3196, 1),
(3463, 152),
(3464, 152),
(3465, 152),
(3466, 152),
(3467, 152),
(3468, 152),
(3470, 152),
(3471, 152),
(3472, 152),
(3473, 152),
(3474, 152),
(3475, 152),
(3476, 152),
(3477, 152),
(3478, 152),
(3479, 152),
(3480, 152),
(3481, 3),
(3482, 152),
(3483, 152),
(3484, 152),
(3485, 152),
(3486, 152),
(3487, 152),
(3488, 152),
(3489, 152),
(3490, 152),
(3491, 152),
(3492, 152),
(3493, 152),
(3494, 152),
(3495, 152),
(3496, 152),
(3497, 152),
(3499, 152),
(3498, 152),
(3469, 152),
(3501, 152),
(3502, 152),
(3503, 152),
(3504, 152),
(3505, 152),
(3506, 152),
(3507, 152),
(3508, 152),
(3509, 152),
(3510, 152),
(3518, 3),
(3523, 4),
(3524, 4),
(3525, 4),
(3528, 152),
(3529, 152),
(3530, 152),
(3531, 152),
(3532, 152),
(3533, 152),
(3534, 152),
(3535, 152),
(3536, 152),
(3537, 152),
(3538, 152),
(3539, 152),
(3540, 152),
(3541, 152),
(3542, 152),
(3543, 152),
(3544, 152),
(3545, 152),
(3546, 152),
(3547, 152),
(3548, 152),
(3549, 152),
(3550, 152),
(3551, 152),
(3552, 152),
(3553, 152),
(3527, 4),
(3559, 4),
(3562, 4),
(3564, 3),
(3565, 4),
(3566, 1),
(3566, 2),
(3566, 5),
(3568, 3),
(3569, 3),
(3567, 3),
(3571, 22),
(3560, 4),
(3574, 152),
(3575, 152),
(3576, 152),
(3577, 152),
(3578, 152),
(3579, 152),
(3581, 152),
(3582, 152),
(3584, 152),
(3585, 152),
(3586, 152),
(3587, 152),
(3588, 152),
(3590, 152),
(3591, 152),
(3592, 152),
(3593, 152),
(3594, 152),
(3595, 152),
(3596, 152),
(3597, 152),
(3598, 152),
(3599, 152),
(3600, 152),
(3601, 152),
(3603, 152),
(3604, 152),
(3605, 152),
(3606, 152),
(3607, 152),
(3608, 152),
(3609, 152),
(3610, 4),
(3602, 152),
(3589, 152),
(3611, 4),
(3583, 152),
(3580, 152),
(3615, 3),
(3617, 3),
(3619, 3),
(3661, 152),
(3662, 152),
(3657, 2),
(3699, 4),
(3769, 2),
(3769, 3),
(3769, 4),
(3788, 4),
(3788, 20),
(3789, 5),
(3789, 20),
(3806, 20),
(3807, 20),
(3808, 20),
(3809, 4),
(3819, 4),
(3820, 4),
(3821, 4),
(3822, 4),
(3822, 193),
(3823, 4),
(3824, 4),
(3829, 4),
(3830, 4),
(3831, 4),
(0, 110),
(3833, 1),
(3834, 4),
(3835, 40),
(3813, 3),
(3838, 4),
(3848, 4),
(3641, 110),
(3859, 4),
(3860, 4),
(3861, 4),
(3862, 4),
(3863, 4),
(3864, 4),
(1155, 102),
(3866, 4),
(3870, 4),
(3871, 4),
(3873, 4),
(3874, 4),
(3875, 4),
(3880, 4),
(3881, 4),
(3882, 4),
(3883, 4),
(3884, 4),
(3892, 4),
(3893, 1),
(3894, 1),
(3907, 4),
(3908, 4),
(3909, 4),
(3910, 4),
(3911, 4),
(3912, 4),
(3928, 39),
(3936, 4),
(3937, 4),
(3938, 4),
(3939, 4),
(3940, 4),
(3941, 3),
(3942, 4),
(3945, 39),
(3969, 4),
(3970, 4),
(3971, 4),
(3972, 4),
(3973, 4),
(3974, 4),
(3987, 4),
(3988, 4),
(3989, 4),
(3990, 4),
(3991, 4),
(3992, 4),
(3993, 152),
(3996, 171),
(3999, 153),
(3922, 4),
(4001, 4),
(4002, 4),
(4003, 4),
(4005, 39),
(4006, 4),
(4007, 4),
(4008, 4),
(4010, 4),
(4012, 4),
(4013, 4),
(4014, 4),
(4016, 4),
(4017, 4),
(4018, 4),
(4020, 4),
(4021, 4),
(4022, 39),
(4034, 4),
(4035, 4),
(4036, 4),
(4037, 4),
(4038, 4),
(4000, 39),
(4049, 4),
(4050, 4),
(4051, 4),
(4052, 4),
(4053, 4),
(4073, 4),
(4074, 4),
(4075, 4),
(4076, 4),
(4077, 4),
(4093, 4),
(4094, 4),
(4095, 4),
(4096, 4),
(4102, 4),
(4103, 4),
(4104, 4),
(4105, 4),
(4106, 4),
(4107, 4),
(4108, 4),
(4112, 4),
(4113, 4),
(4114, 4),
(4115, 4),
(4116, 4),
(4117, 4),
(4118, 4),
(4119, 4),
(4121, 39),
(4127, 4),
(4128, 4),
(4129, 4),
(4130, 4),
(4131, 152),
(4122, 4),
(4147, 4),
(4148, 4),
(4149, 4),
(4150, 4),
(4151, 4),
(4154, 4),
(4155, 4),
(4156, 4),
(4157, 4),
(4158, 4),
(4159, 4),
(4166, 4),
(4167, 4),
(4168, 4),
(4169, 4),
(4175, 4),
(4176, 4),
(4177, 4),
(4178, 4),
(4179, 4),
(4180, 4),
(4189, 4),
(4190, 4),
(4191, 4),
(4192, 4),
(4193, 4),
(4194, 4),
(4195, 39),
(4196, 39),
(4205, 4),
(4206, 4),
(4207, 4),
(4208, 4),
(4209, 4),
(4210, 4),
(4215, 4),
(4216, 4),
(4217, 4),
(4244, 4),
(4245, 4),
(4246, 4),
(4286, 4),
(4287, 4),
(4288, 4),
(4289, 4),
(4290, 4),
(4291, 4),
(4296, 4),
(4297, 4),
(4298, 4),
(4299, 4),
(4300, 4),
(4301, 4),
(4308, 4),
(4309, 4),
(4310, 4),
(4311, 4),
(4312, 4),
(4313, 4),
(4314, 4),
(4315, 4),
(4316, 4),
(4317, 4),
(4318, 4),
(4319, 4),
(4337, 4),
(4338, 4),
(4339, 4),
(4340, 4),
(4341, 4),
(4371, 4),
(4372, 4),
(4373, 4),
(4377, 4),
(4378, 2),
(4396, 4),
(4397, 4),
(4398, 4),
(4399, 4),
(4247, 4),
(4405, 4),
(4406, 4),
(4434, 4),
(4435, 4),
(4436, 4),
(4437, 4),
(4438, 4),
(4439, 4),
(4440, 4),
(4441, 4),
(4011, 4),
(4248, 153),
(4098, 4),
(4451, 4),
(4452, 4),
(4453, 4),
(4454, 4),
(4455, 4),
(4456, 4),
(4457, 4),
(4458, 4),
(4467, 4),
(4468, 4),
(4469, 4),
(4470, 4),
(4471, 4),
(4478, 4),
(4479, 4),
(4480, 4),
(4481, 4),
(4497, 4),
(4498, 4),
(4499, 4),
(4500, 4),
(4501, 4),
(4502, 4),
(4503, 4),
(4504, 4),
(4515, 4),
(4516, 4),
(4517, 4),
(4518, 4),
(4519, 4),
(4520, 4),
(4521, 4),
(4522, 4),
(4523, 4),
(4530, 4),
(4531, 4),
(4532, 4),
(4533, 4),
(4548, 4),
(4549, 4),
(4550, 4),
(4551, 4),
(4552, 4),
(4553, 4),
(4554, 4),
(4555, 4),
(4556, 4),
(4557, 4),
(4558, 4),
(4559, 4),
(4560, 4),
(4561, 4),
(4562, 4),
(4564, 4),
(4565, 4),
(4566, 4),
(4567, 4),
(4568, 4),
(4583, 4),
(4584, 4),
(4585, 4),
(4586, 4),
(4587, 4),
(4588, 4),
(4589, 4),
(4590, 4),
(4591, 4),
(4592, 4),
(4593, 4),
(4594, 4),
(4595, 4),
(4596, 4),
(4597, 4),
(4598, 4),
(4599, 4),
(4600, 4),
(4601, 4),
(4602, 4),
(4611, 4),
(4612, 4),
(4613, 4),
(4614, 4),
(4615, 4),
(4616, 4),
(4617, 4),
(4618, 20),
(4619, 4),
(4620, 4),
(4621, 4),
(4629, 4),
(4629, 20),
(4632, 4),
(4633, 4),
(4634, 4),
(4635, 4),
(4644, 4),
(4645, 4),
(4646, 4),
(4647, 4),
(4648, 4),
(4649, 4),
(4650, 4),
(4655, 4),
(4656, 4),
(4657, 4),
(4658, 4),
(4678, 4),
(4679, 4),
(4680, 4),
(4681, 4),
(4682, 4),
(4683, 4),
(4684, 4),
(4685, 4),
(4686, 4),
(4702, 4),
(4703, 4),
(4704, 4),
(4705, 4),
(4706, 4),
(4707, 4),
(4708, 4),
(4709, 3),
(4709, 4),
(4710, 3),
(4710, 4),
(4711, 3),
(4711, 4),
(4728, 4),
(4729, 4),
(4730, 4),
(4731, 4),
(4732, 4),
(4746, 4),
(4747, 4),
(4748, 4),
(4750, 4),
(4751, 4),
(4752, 4),
(4754, 4),
(4755, 4),
(4756, 4),
(4757, 4),
(4758, 4),
(4759, 4),
(4760, 4),
(4765, 4),
(4766, 4),
(4767, 4),
(4768, 4),
(4771, 4),
(4772, 4),
(4773, 4),
(4774, 4),
(4783, 4),
(4784, 4),
(4785, 4),
(4790, 4),
(4791, 4),
(4792, 4),
(4793, 4),
(4794, 4),
(4795, 4),
(4796, 4),
(4797, 4),
(4798, 4),
(4799, 4),
(4800, 4),
(4801, 4),
(4802, 4),
(4803, 4),
(4804, 4),
(4805, 4),
(4806, 4),
(4807, 4),
(4808, 4),
(4809, 4),
(4810, 4),
(4811, 4),
(4812, 4),
(4813, 4),
(4814, 4),
(4815, 4),
(4894, 1),
(4895, 4),
(4895, 7),
(3891, 4),
(4896, 4),
(4897, 4),
(4898, 4),
(4899, 152),
(4900, 4),
(4901, 191),
(4902, 39),
(4903, 3),
(4904, 2),
(4904, 3),
(4905, 7),
(4906, 153),
(4906, 154),
(4907, 152),
(4908, 152),
(4909, 4),
(4910, 4),
(4911, 4),
(4912, 4),
(4913, 1),
(4914, 4),
(4914, 20),
(4915, 4),
(4916, 152),
(4917, 4),
(4918, 4),
(4919, 4),
(4920, 3),
(4920, 4),
(4920, 7),
(4921, 4),
(4921, 7),
(4922, 1),
(4922, 4),
(4923, 20),
(4924, 20),
(4925, 20),
(4926, 20),
(4927, 1),
(4927, 4),
(4928, 4),
(4929, 40),
(4930, 4),
(4931, 4),
(4932, 4),
(4933, 4),
(4933, 152),
(4934, 4),
(4934, 20),
(4935, 4),
(4936, 20),
(4937, 2),
(4938, 4),
(4939, 4),
(4939, 7),
(4940, 1),
(4941, 4),
(4942, 4),
(4943, 20),
(4944, 4),
(4945, 4),
(4946, 4),
(4947, 4),
(4948, 4),
(4949, 4),
(4949, 7),
(4950, 4),
(4951, 4),
(4951, 7),
(4952, 4),
(4952, 7),
(4953, 4),
(4954, 152),
(4955, 1),
(4955, 2),
(4955, 3),
(4956, 4),
(4957, 152),
(4958, 4),
(4959, 153);

-- --------------------------------------------------------

--
-- Table structure for table `location_report`
--

CREATE TABLE `location_report` (
  `client_id` int(11) NOT NULL,
  `latitude` varchar(50) NOT NULL,
  `longitude` varchar(50) NOT NULL,
  `date` date NOT NULL
) ENGINE=InnoDB DEFAULT CHARSET=latin1;

--
-- Dumping data for table `location_report`
--

INSERT INTO `location_report` (`client_id`, `latitude`, `longitude`, `date`) VALUES
(3, '13.009', '80.2211', '2018-09-07'),
(43, '13.0137', '80.222', '2018-09-07'),
(45, '12.9204', '80.0826', '2018-09-08'),
(45, '12.9204', '80.0826', '2018-09-08'),
(45, '12.9204', '80.0826', '2018-09-08'),
(45, '12.9204', '80.0826', '2018-09-08'),
(45, '12.912', '80.0767', '2018-09-08'),
(45, '12.912', '80.0767', '2018-09-08'),
(45, '12.912', '80.0767', '2018-09-08'),
(45, '12.912', '80.0767', '2018-09-08'),
(45, '12.9127', '80.0764', '2018-09-08'),
(45, '12.9127', '80.0764', '2018-09-08'),
(45, '12.9127', '80.0764', '2018-09-08'),
(45, '12.9204', '80.0826', '2018-09-08'),
(45, '12.9198', '80.0854', '2018-09-08'),
(45, '12.9198', '80.0854', '2018-09-08'),
(45, '12.9198', '80.0854', '2018-09-08'),
(47, '12.9204', '80.0826', '2018-09-08'),
(45, '12.9198', '80.0854', '2018-09-08'),
(47, '12.9198', '80.0854', '2018-09-08'),
(45, '12.9198', '80.0854', '2018-09-08'),
(47, '12.9198', '80.0854', '2018-09-08'),
(45, '12.9198', '80.0854', '2018-09-08'),
(47, '12.9198', '80.0854', '2018-09-08'),
(45, '12.9198', '80.0854', '2018-09-08'),
(47, '12.9198', '80.0854', '2018-09-08'),
(45, '12.9198', '80.0854', '2018-09-08'),
(47, '12.9204', '80.0826', '2018-09-08'),
(45, '12.9198', '80.0854', '2018-09-08'),
(47, '12.9204', '80.0826', '2018-09-08'),
(45, '12.9198', '80.0854', '2018-09-08'),
(47, '12.9204', '80.0826', '2018-09-08'),
(45, '12.9198', '80.0854', '2018-09-08'),
(47, '12.9204', '80.0826', '2018-09-08'),
(45, '12.9198', '80.0854', '2018-09-08'),
(47, '12.9204', '80.0826', '2018-09-08'),
(45, '12.9198', '80.0854', '2018-09-08'),
(47, '12.9204', '80.0826', '2018-09-08'),
(45, '12.9198', '80.0854', '2018-09-08'),
(47, '12.9204', '80.0826', '2018-09-08'),
(45, '12.9198', '80.0854', '2018-09-08'),
(47, '12.9204', '80.0826', '2018-09-08'),
(45, '12.9204', '80.0826', '2018-09-08'),
(46, '8.73177', '77.7196', '2018-09-08'),
(47, '12.9204', '80.0826', '2018-09-08'),
(45, '12.9204', '80.0826', '2018-09-08'),
(46, '8.73177', '77.7196', '2018-09-08'),
(47, '12.9204', '80.0826', '2018-09-08'),
(45, '12.9204', '80.0826', '2018-09-08'),
(46, '8.73177', '77.7196', '2018-09-08'),
(47, '12.9204', '80.0826', '2018-09-08'),
(45, '12.9204', '80.0826', '2018-09-08'),
(46, '8.73177', '77.7196', '2018-09-08'),
(47, '12.9204', '80.0826', '2018-09-08'),
(45, '12.9204', '80.0826', '2018-09-08'),
(46, '8.73177', '77.7196', '2018-09-08'),
(47, '12.9204', '80.0826', '2018-09-08'),
(45, '12.9204', '80.0826', '2018-09-08'),
(46, '8.73177', '77.7196', '2018-09-08'),
(47, '12.9204', '80.0826', '2018-09-08'),
(45, '12.9204', '80.0826', '2018-09-08'),
(46, '8.73177', '77.7196', '2018-09-08'),
(47, '12.9204', '80.0826', '2018-09-08'),
(45, '12.9189', '80.0811', '2018-09-08'),
(46, '8.73177', '77.7196', '2018-09-08'),
(47, '12.9204', '80.0826', '2018-09-08'),
(45, '12.9189', '80.0811', '2018-09-08'),
(46, '8.72941', '77.7196', '2018-09-08'),
(47, '12.9204', '80.0826', '2018-09-08'),
(45, '12.9189', '80.0811', '2018-09-08'),
(46, '8.72072', '77.7221', '2018-09-08'),
(47, '12.9204', '80.0826', '2018-09-08'),
(45, '12.9189', '80.0811', '2018-09-08'),
(46, '8.72072', '77.7221', '2018-09-08'),
(47, '12.9204', '80.0826', '2018-09-08'),
(45, '12.9189', '80.0811', '2018-09-10'),
(46, '8.72072', '77.7221', '2018-09-10'),
(47, '11.5871', '78.7562', '2018-09-10'),
(45, '12.9189', '80.0811', '2018-09-10'),
(46, '8.72072', '77.7221', '2018-09-10'),
(47, '11.5871', '78.7562', '2018-09-10'),
(45, '12.9189', '80.0811', '2018-09-10'),
(46, '8.72072', '77.7221', '2018-09-10'),
(47, '11.588', '78.7581', '2018-09-10'),
(45, '12.9189', '80.0811', '2018-09-10'),
(46, '8.72072', '77.7221', '2018-09-10'),
(47, '11.588', '78.7581', '2018-09-10'),
(45, '12.9444', '80.1378', '2018-09-10'),
(46, '8.72072', '77.7221', '2018-09-10'),
(47, '11.5159', '79.3188', '2018-09-10'),
(45, '12.9444', '80.1378', '2018-09-10'),
(46, '8.72072', '77.7221', '2018-09-10'),
(47, '11.5159', '79.3188', '2018-09-10'),
(45, '12.9545', '80.1451', '2018-09-10'),
(46, '8.72072', '77.7221', '2018-09-10'),
(47, '11.5159', '79.3188', '2018-09-10'),
(45, '12.9545', '80.1451', '2018-09-10'),
(46, '8.72072', '77.7221', '2018-09-10'),
(47, '11.5139', '79.3222', '2018-09-10'),
(45, '12.9545', '80.1451', '2018-09-10'),
(46, '8.72072', '77.7221', '2018-09-10'),
(47, '11.4808', '79.322', '2018-09-10'),
(45, '12.9545', '80.1451', '2018-09-10'),
(46, '8.72072', '77.7221', '2018-09-10'),
(47, '11.4808', '79.322', '2018-09-10'),
(45, '12.9545', '80.1451', '2018-09-10'),
(46, '8.72072', '77.7221', '2018-09-10'),
(47, '11.4808', '79.322', '2018-09-10'),
(3, '12.991', '80.1783', '2018-10-13'),
(43, '13.0137', '80.222', '2018-10-13'),
(49, '13.0056', '80.257', '2018-11-17'),
(50, '13.0065', '80.2557', '2018-11-17'),
(51, '13.009', '80.258', '2018-11-17'),
(49, '13.0063', '80.256', '2018-11-17'),
(50, '13.0065', '80.2557', '2018-11-17'),
(51, '13.009', '80.258', '2018-11-17'),
(49, '13.0063', '80.256', '2018-11-17'),
(50, '13.0065', '80.2557', '2018-11-17'),
(51, '13.009', '80.258', '2018-11-17'),
(49, '13.0063', '80.256', '2018-11-17'),
(50, '13.0065', '80.2557', '2018-11-17'),
(51, '13.009', '80.258', '2018-11-17'),
(49, '13.0063', '80.256', '2018-11-17'),
(50, '13.0065', '80.2557', '2018-11-17'),
(51, '13.009', '80.258', '2018-11-17'),
(49, '13.0063', '80.256', '2018-11-17'),
(50, '13.0065', '80.2557', '2018-11-17'),
(51, '13.009', '80.258', '2018-11-17'),
(49, '17.3844', '78.5639', '2018-11-28'),
(50, '13.0646', '77.6552', '2018-11-28'),
(51, '17.3874', '78.5628', '2018-11-28'),
(49, '17.3844', '78.5639', '2018-11-28'),
(50, '13.0646', '77.6552', '2018-11-28'),
(51, '17.3874', '78.5628', '2018-11-28'),
(49, '17.3844', '78.5639', '2018-11-28'),
(50, '13.0641', '77.6569', '2018-11-28'),
(51, '17.3874', '78.5628', '2018-11-28'),
(49, '17.3844', '78.5639', '2018-11-29'),
(50, '13.0645', '77.6538', '2018-11-29'),
(51, '17.3874', '78.5628', '2018-11-29'),
(49, '13.1032', '80.1623', '2018-11-29'),
(50, '13.0645', '77.6538', '2018-11-29'),
(51, '17.3874', '78.5628', '2018-11-29'),
(49, '13.1032', '80.1623', '2018-11-29'),
(50, '13.0645', '77.6538', '2018-11-29'),
(51, '17.3874', '78.5628', '2018-11-29'),
(49, '13.1032', '80.1623', '2018-11-29'),
(50, '13.0645', '77.6538', '2018-11-29'),
(51, '17.3874', '78.5628', '2018-11-29'),
(49, '13.1032', '80.1623', '2018-11-29'),
(50, '13.0645', '77.6538', '2018-11-29'),
(51, '17.3874', '78.5628', '2018-11-29'),
(49, '13.1024', '80.1622', '2018-11-29'),
(50, '13.0645', '77.6538', '2018-11-29'),
(51, '17.3874', '78.5628', '2018-11-29'),
(3, '13.045', '80.2142', '2019-01-03'),
(43, '5.35135', '100.42', '2019-01-03'),
(52, '13.0562', '80.2072', '2019-01-03'),
(3, '12.973', '80.1909', '2019-01-08'),
(43, '13.0562', '80.2071', '2019-01-08'),
(52, '13.0562', '80.2072', '2019-01-08'),
(3, '13.2072', '77.6946', '2019-02-13'),
(43, '13.0562', '80.2071', '2019-02-13'),
(52, '13.0562', '80.2072', '2019-02-13'),
(55, '3.13514', '101.684', '2019-02-13'),
(3, '13.2072', '77.6946', '2019-02-13'),
(43, '13.0562', '80.2071', '2019-02-13'),
(52, '13.0562', '80.2072', '2019-02-13'),
(55, '3.08108', '101.679', '2019-02-13'),
(57, '3.08108', '101.679', '2019-02-13'),
(57, '3.13514', '101.684', '2019-05-28'),
(57, '3.13514', '101.738', '2020-02-07'),
(62, '13.009', '80.2211', '2020-02-07'),
(57, '3.13514', '101.738', '2020-02-16'),
(62, '13.009', '80.2211', '2020-02-16'),
(57, '3.13514', '101.738', '2020-02-16'),
(62, '13.009', '80.2211', '2020-02-16'),
(3, '3.08108', '101.606', '2020-07-09'),
(43, '12.8649', '80.0823', '2020-07-09'),
(52, '13.0562', '80.2072', '2020-07-09'),
(55, '3.08108', '101.679', '2020-07-09'),
(65, '13.027', '80.2269', '2020-07-09'),
(67, '12.991', '80.1228', '2020-07-09'),
(3, '12.973', '80.1909', '2020-11-30'),
(43, '12.8649', '80.0823', '2020-11-30'),
(52, '13.0562', '80.2072', '2020-11-30'),
(55, '3.08108', '101.679', '2020-11-30'),
(65, '13.027', '80.2269', '2020-11-30'),
(66, '12.973', '80.1909', '2020-11-30'),
(67, '12.973', '80.117', '2020-11-30'),
(69, '13.0136', '80.2219', '2020-12-03'),
(70, '13.009', '80.2211', '2020-12-03'),
(77, '13.0136', '80.2219', '2020-12-08'),
(77, '13.0136', '80.2219', '2020-12-08'),
(77, '13.0136', '80.2219', '2020-12-08'),
(77, '13.0146', '80.2215', '2020-12-08'),
(77, '13.0146', '80.2215', '2020-12-08'),
(77, '13.0146', '80.2215', '2020-12-08'),
(77, '13.0136', '80.2219', '2020-12-08'),
(77, '13.0136', '80.2219', '2020-12-08'),
(77, '13.0146', '80.2215', '2020-12-09'),
(81, '13.0146', '80.2215', '2020-12-09'),
(77, '13.0146', '80.2215', '2020-12-09'),
(81, '13.0134', '80.2218', '2020-12-09'),
(77, '13.0146', '80.2215', '2020-12-09'),
(81, '13.0134', '80.2218', '2020-12-09'),
(77, '13.0146', '80.2215', '2020-12-09'),
(81, '13.0135', '80.2218', '2020-12-09'),
(77, '13.0146', '80.2215', '2020-12-09'),
(81, '13.0135', '80.2218', '2020-12-09'),
(69, '13.0136', '80.2219', '2020-12-09'),
(70, '13.009', '80.2211', '2020-12-09'),
(71, '13.0136', '80.2219', '2020-12-09'),
(73, '13.0136', '80.2219', '2020-12-09'),
(74, '13.0136', '80.2219', '2020-12-09'),
(77, '13.0146', '80.2215', '2020-12-09'),
(81, '13.0135', '80.2218', '2020-12-09'),
(77, '13.0146', '80.2215', '2020-12-09'),
(81, '13.0135', '80.2218', '2020-12-09'),
(77, '13.0146', '80.2215', '2020-12-09'),
(81, '13.0135', '80.2218', '2020-12-09'),
(69, '13.0136', '80.2219', '2020-12-09'),
(70, '13.009', '80.2211', '2020-12-09'),
(71, '13.0136', '80.2219', '2020-12-09'),
(73, '13.0136', '80.2219', '2020-12-09'),
(74, '13.0136', '80.2219', '2020-12-09'),
(82, '13.0136', '80.2219', '2020-12-09'),
(69, '13.0136', '80.2219', '2020-12-09'),
(70, '13.009', '80.2211', '2020-12-09'),
(71, '13.0136', '80.2219', '2020-12-09'),
(73, '13.0136', '80.2219', '2020-12-09'),
(74, '13.0136', '80.2219', '2020-12-09'),
(82, '13.0136', '80.2219', '2020-12-09'),
(77, '13.0146', '80.2215', '2020-12-09'),
(81, '13.0135', '80.2218', '2020-12-09'),
(77, '13.0146', '80.2215', '2020-12-09'),
(81, '13.0135', '80.2218', '2020-12-09'),
(69, '13.0136', '80.2219', '2020-12-10'),
(70, '13.009', '80.2211', '2020-12-10'),
(71, '13.0136', '80.2219', '2020-12-10'),
(73, '13.0136', '80.2219', '2020-12-10'),
(74, '13.0136', '80.2219', '2020-12-10'),
(82, '13.0196', '80.2237', '2020-12-10'),
(69, '13.0136', '80.2219', '2020-12-10'),
(70, '13.009', '80.2211', '2020-12-10'),
(71, '13.0136', '80.2219', '2020-12-10'),
(73, '13.0136', '80.2219', '2020-12-10'),
(74, '13.0136', '80.2219', '2020-12-10'),
(82, '13.0196', '80.2237', '2020-12-10'),
(69, '13.0136', '80.2219', '2020-12-10'),
(70, '13.009', '80.2211', '2020-12-10'),
(71, '13.0136', '80.2219', '2020-12-10'),
(73, '13.0136', '80.2219', '2020-12-10'),
(74, '13.0136', '80.2219', '2020-12-10'),
(82, '13.0196', '80.2237', '2020-12-10'),
(69, '13.0136', '80.2219', '2020-12-10'),
(70, '13.009', '80.2211', '2020-12-10'),
(71, '13.0136', '80.2219', '2020-12-10'),
(73, '13.0136', '80.2219', '2020-12-10'),
(74, '13.0136', '80.2219', '2020-12-10'),
(82, '13.0196', '80.2237', '2020-12-10'),
(69, '13.0136', '80.2219', '2020-12-10'),
(70, '13.009', '80.2211', '2020-12-10'),
(71, '13.0136', '80.2219', '2020-12-10'),
(73, '13.0136', '80.2219', '2020-12-10'),
(74, '13.0136', '80.2219', '2020-12-10'),
(82, '13.0196', '80.2237', '2020-12-10'),
(69, '13.0136', '80.2219', '2020-12-10'),
(70, '13.009', '80.2211', '2020-12-10'),
(71, '13.0136', '80.2219', '2020-12-10'),
(73, '13.0136', '80.2219', '2020-12-10'),
(74, '13.0136', '80.2219', '2020-12-10'),
(82, '13.0196', '80.2237', '2020-12-10'),
(69, '13.0136', '80.2219', '2020-12-10'),
(70, '13.009', '80.2211', '2020-12-10'),
(71, '13.0136', '80.2219', '2020-12-10'),
(73, '13.0136', '80.2219', '2020-12-10'),
(74, '13.0136', '80.2219', '2020-12-10'),
(82, '13.0196', '80.2237', '2020-12-10'),
(69, '13.0136', '80.2219', '2020-12-10'),
(70, '13.009', '80.2211', '2020-12-10'),
(71, '13.0136', '80.2219', '2020-12-10'),
(73, '13.0136', '80.2219', '2020-12-10'),
(74, '13.0136', '80.2219', '2020-12-10'),
(82, '13.0196', '80.2237', '2020-12-10'),
(77, '13.0146', '80.2215', '2020-12-10'),
(81, '13.0135', '80.2218', '2020-12-10'),
(77, '13.0146', '80.2215', '2020-12-11'),
(81, '13.0143', '80.2215', '2020-12-11'),
(77, '13.0146', '80.2215', '2020-12-11'),
(81, '13.0143', '80.2215', '2020-12-11'),
(77, '13.0146', '80.2215', '2020-12-11'),
(81, '13.0143', '80.2215', '2020-12-11'),
(77, '13.0146', '80.2215', '2020-12-11'),
(81, '13.0143', '80.2215', '2020-12-11'),
(77, '13.0146', '80.2215', '2020-12-11'),
(81, '13.0143', '80.2215', '2020-12-11'),
(77, '13.0146', '80.2215', '2020-12-11'),
(81, '13.0143', '80.2215', '2020-12-11'),
(77, '13.0146', '80.2215', '2020-12-11'),
(81, '13.0143', '80.2215', '2020-12-11'),
(77, '13.0146', '80.2215', '2020-12-11'),
(81, '13.0143', '80.2215', '2020-12-11'),
(77, '13.0146', '80.2215', '2020-12-11'),
(81, '13.0143', '80.2215', '2020-12-11'),
(69, '13.0136', '80.2219', '2020-12-14'),
(70, '13.009', '80.2211', '2020-12-14'),
(71, '13.0136', '80.2219', '2020-12-14'),
(73, '13.0135', '80.2216', '2020-12-14'),
(74, '13.0136', '80.222', '2020-12-14'),
(82, '13.0196', '80.2237', '2020-12-14'),
(77, '13.0422', '80.1786', '2020-12-15'),
(81, '13.0143', '80.2215', '2020-12-15'),
(69, '13.0135', '80.2218', '2020-12-15'),
(70, '13.0136', '80.222', '2020-12-15'),
(73, '13.0135', '80.2216', '2020-12-15'),
(74, '13.0136', '80.222', '2020-12-15'),
(91, '13.0203', '80.2233', '2020-12-15'),
(69, '13.0135', '80.2218', '2020-12-15'),
(70, '13.0136', '80.222', '2020-12-15'),
(73, '13.0135', '80.2216', '2020-12-15'),
(74, '13.0136', '80.222', '2020-12-15'),
(91, '13.0203', '80.2233', '2020-12-15'),
(77, '13.0422', '80.1786', '2020-12-15'),
(77, '13.0422', '80.1786', '2020-12-15'),
(92, '13.0146', '80.2212', '2020-12-15'),
(77, '13.0146', '80.2212', '2020-12-16'),
(92, '13.0146', '80.2212', '2020-12-16'),
(77, '13.0146', '80.2212', '2020-12-16'),
(92, '13.0146', '80.2212', '2020-12-16'),
(77, '13.0146', '80.2212', '2020-12-16'),
(92, '13.0146', '80.2212', '2020-12-16'),
(77, '13.0146', '80.2212', '2020-12-16'),
(92, '13.0146', '80.2212', '2020-12-16'),
(69, '13.0136', '80.2221', '2021-01-02'),
(70, '13.0137', '80.2221', '2021-01-02'),
(73, '13.0136', '80.2219', '2021-01-02'),
(74, '13.0136', '80.222', '2021-01-02'),
(91, '13.0135', '80.2218', '2021-01-02'),
(69, '13.0136', '80.2221', '2021-03-02'),
(70, '13.0136', '80.222', '2021-03-02'),
(73, '13.0136', '80.2219', '2021-03-02'),
(74, '13.0136', '80.222', '2021-03-02'),
(76, '13.0136', '80.222', '2021-03-02'),
(91, '13.0137', '80.2221', '2021-03-02'),
(69, '13.0136', '80.2221', '2021-03-02'),
(70, '13.0136', '80.222', '2021-03-02'),
(73, '13.0136', '80.2219', '2021-03-02'),
(74, '13.0136', '80.222', '2021-03-02'),
(76, '13.0136', '80.222', '2021-03-02'),
(91, '13.0137', '80.2221', '2021-03-02'),
(69, '13.0136', '80.2221', '2021-03-02'),
(70, '13.0136', '80.222', '2021-03-02'),
(73, '13.0136', '80.2219', '2021-03-02'),
(74, '13.0136', '80.222', '2021-03-02'),
(76, '13.0136', '80.222', '2021-03-02'),
(91, '13.0137', '80.2221', '2021-03-02'),
(69, '13.0136', '80.2221', '2021-03-02'),
(70, '13.0136', '80.222', '2021-03-02'),
(73, '13.0136', '80.2219', '2021-03-02'),
(74, '13.0136', '80.222', '2021-03-02'),
(76, '13.0136', '80.222', '2021-03-02'),
(91, '13.0137', '80.2221', '2021-03-02'),
(69, '13.0136', '80.2221', '2021-03-04'),
(70, '13.0136', '80.222', '2021-03-04'),
(73, '13.0136', '80.2219', '2021-03-04'),
(74, '13.0136', '80.222', '2021-03-04'),
(76, '13.0137', '80.222', '2021-03-04'),
(91, '13.0137', '80.2221', '2021-03-04'),
(69, '13.0136', '80.2221', '2021-03-20'),
(70, '13.0137', '80.222', '2021-03-20'),
(73, '13.0136', '80.2219', '2021-03-20'),
(74, '13.0136', '80.222', '2021-03-20'),
(76, '13.0137', '80.222', '2021-03-20'),
(91, '13.0137', '80.2221', '2021-03-20'),
(3, '12.9745', '80.1859', '2021-05-18'),
(43, '9.17654', '77.5342', '2021-05-18'),
(52, '13.0562', '80.2072', '2021-05-18'),
(55, '3.08108', '101.679', '2021-05-18'),
(65, '13.027', '80.2269', '2021-05-18'),
(66, '12.9745', '80.1859', '2021-05-18'),
(67, '13.0136', '80.222', '2021-05-18'),
(104, '13.0137', '80.222', '2021-05-18'),
(3, '12.9745', '80.1859', '2021-05-27'),
(43, '9.17509', '77.5425', '2021-05-27'),
(52, '13.0562', '80.2072', '2021-05-27'),
(55, '3.08108', '101.679', '2021-05-27'),
(65, '13.3206', '80.1824', '2021-05-27'),
(66, '12.9754', '80.187', '2021-05-27'),
(67, '13.0136', '80.222', '2021-05-27'),
(104, '13.0137', '80.222', '2021-05-27'),
(3, '12.9745', '80.1859', '2021-05-27'),
(43, '9.17509', '77.5425', '2021-05-27'),
(52, '13.0562', '80.2072', '2021-05-27'),
(55, '3.08108', '101.679', '2021-05-27'),
(65, '13.3206', '80.1824', '2021-05-27'),
(66, '12.9753', '80.187', '2021-05-27'),
(67, '13.0136', '80.222', '2021-05-27'),
(104, '13.0137', '80.222', '2021-05-27'),
(3, '12.9745', '80.1859', '2021-05-27'),
(43, '9.17509', '77.5425', '2021-05-27'),
(52, '13.0562', '80.2072', '2021-05-27'),
(55, '3.08108', '101.679', '2021-05-27'),
(65, '13.3206', '80.1824', '2021-05-27'),
(66, '12.9753', '80.187', '2021-05-27'),
(67, '13.0136', '80.222', '2021-05-27'),
(104, '13.0137', '80.222', '2021-05-27'),
(3, '12.9751', '80.1869', '2021-05-30'),
(43, '9.17619', '77.3983', '2021-05-30'),
(52, '13.0562', '80.2072', '2021-05-30'),
(55, '3.08108', '101.679', '2021-05-30'),
(65, '13.3182', '80.1857', '2021-05-30'),
(66, '12.9751', '80.187', '2021-05-30'),
(67, '13.0136', '80.222', '2021-05-30'),
(104, '13.0137', '80.222', '2021-05-30'),
(3, '12.9753', '80.187', '2021-06-03'),
(43, '9.17509', '77.5425', '2021-06-03'),
(52, '13.0562', '80.2072', '2021-06-03'),
(55, '3.08108', '101.679', '2021-06-03'),
(65, '13.3182', '80.1857', '2021-06-03'),
(66, '12.9749', '80.1869', '2021-06-03'),
(67, '13.0136', '80.222', '2021-06-03'),
(104, '13.0137', '80.222', '2021-06-03'),
(110, '16.5183', '80.628', '2021-06-04'),
(113, '16.5183', '80.628', '2021-06-04'),
(119, '13.2083', '80.204', '2021-06-06'),
(110, '16.5703', '80.5438', '2021-06-08'),
(111, '16.5298', '80.6136', '2021-06-08'),
(112, '16.5183', '80.628', '2021-06-08'),
(113, '16.5183', '80.628', '2021-06-08'),
(114, '16.5182', '80.628', '2021-06-08'),
(115, '16.5168', '80.628', '2021-06-08'),
(117, '16.5182', '80.6279', '2021-06-08'),
(120, '17.7688', '83.3061', '2021-06-08'),
(123, '17.6989', '83.2963', '2021-06-08'),
(131, '9.17194', '77.4026', '2021-06-22'),
(131, '9.17786', '77.3976', '2021-06-22'),
(119, '13.0428', '80.176', '2021-06-22'),
(119, '13.0428', '80.176', '2021-06-22'),
(110, '16.5428', '80.5815', '2021-06-25'),
(111, '16.5298', '80.6136', '2021-06-25'),
(112, '16.5182', '80.6279', '2021-06-25'),
(113, '16.5183', '80.6279', '2021-06-25'),
(114, '16.5182', '80.6279', '2021-06-25'),
(115, '16.5168', '80.628', '2021-06-25'),
(117, '16.5183', '80.6279', '2021-06-25'),
(120, '17.7256', '83.3046', '2021-06-25'),
(121, '17.7256', '83.3046', '2021-06-25'),
(122, '17.7256', '83.3046', '2021-06-25'),
(123, '17.6989', '83.2963', '2021-06-25'),
(124, '17.7256', '83.3046', '2021-06-25'),
(125, '16.5183', '80.6279', '2021-06-25'),
(126, '16.5183', '80.628', '2021-06-25'),
(127, '16.5363', '80.6542', '2021-06-25'),
(128, '16.4954', '80.5863', '2021-06-25'),
(110, '16.5428', '80.5815', '2021-06-30'),
(111, '16.5298', '80.6136', '2021-06-30'),
(112, '16.5182', '80.628', '2021-06-30'),
(113, '16.5182', '80.6279', '2021-06-30'),
(114, '16.5183', '80.6279', '2021-06-30'),
(115, '16.5168', '80.628', '2021-06-30'),
(117, '16.5183', '80.6279', '2021-06-30'),
(120, '17.7256', '83.3046', '2021-06-30'),
(121, '17.7256', '83.3046', '2021-06-30'),
(122, '17.7255', '83.3045', '2021-06-30'),
(123, '17.6989', '83.2963', '2021-06-30'),
(124, '17.7256', '83.3046', '2021-06-30'),
(125, '16.5183', '80.628', '2021-06-30'),
(126, '16.5183', '80.628', '2021-06-30'),
(127, '16.5182', '80.6279', '2021-06-30'),
(128, '16.4954', '80.5863', '2021-06-30'),
(3, '12.9753', '80.187', '2021-07-08'),
(43, '13.0137', '80.222', '2021-07-08'),
(52, '13.0562', '80.2072', '2021-07-08'),
(55, '3.08108', '101.679', '2021-07-08'),
(65, '13.0137', '80.222', '2021-07-08'),
(66, '13.0076', '80.2031', '2021-07-08'),
(67, '13.0136', '80.222', '2021-07-08'),
(104, '13.0137', '80.222', '2021-07-08'),
(110, '16.5428', '80.5815', '2021-07-14'),
(111, '16.5298', '80.6136', '2021-07-14'),
(112, '16.5182', '80.628', '2021-07-14'),
(113, '16.5182', '80.6279', '2021-07-14'),
(114, '16.5182', '80.628', '2021-07-14'),
(115, '16.5168', '80.628', '2021-07-14'),
(117, '16.5182', '80.628', '2021-07-14'),
(120, '17.7256', '83.3046', '2021-07-14'),
(121, '17.7256', '83.3046', '2021-07-14'),
(122, '17.7255', '83.3045', '2021-07-14'),
(123, '17.6989', '83.2963', '2021-07-14'),
(124, '17.7256', '83.3046', '2021-07-14'),
(125, '16.5182', '80.6279', '2021-07-14'),
(126, '16.5183', '80.628', '2021-07-14'),
(127, '16.5182', '80.628', '2021-07-14'),
(128, '17.7256', '83.3046', '2021-07-14'),
(3, '12.9753', '80.187', '2021-10-05'),
(43, '13.0137', '80.222', '2021-10-05'),
(52, '13.0562', '80.2072', '2021-10-05'),
(55, '3.08108', '101.679', '2021-10-05'),
(63, '13.1048', '80.1788', '2021-10-05'),
(65, '13.0136', '80.2233', '2021-10-05'),
(66, '13.0137', '80.222', '2021-10-05'),
(67, '13.0136', '80.222', '2021-10-05'),
(104, '13.0137', '80.222', '2021-10-05'),
(3, '12.9753', '80.187', '2021-12-30'),
(43, '13.0155', '80.188', '2021-12-30'),
(52, '13.0562', '80.2072', '2021-12-30'),
(55, '3.08108', '101.679', '2021-12-30'),
(63, '13.1048', '80.1788', '2021-12-30'),
(65, '13.0137', '80.222', '2021-12-30'),
(66, '13.0137', '80.222', '2021-12-30'),
(67, '13.0136', '80.222', '2021-12-30'),
(104, '13.0137', '80.222', '2021-12-30'),
(3, '12.9753', '80.187', '2022-01-19'),
(43, '13.0155', '80.188', '2022-01-19'),
(52, '13.0562', '80.2072', '2022-01-19'),
(55, '3.08108', '101.679', '2022-01-19'),
(63, '13.1048', '80.1788', '2022-01-19'),
(65, '13.0137', '80.222', '2022-01-19'),
(66, '13.0137', '80.222', '2022-01-19'),
(67, '13.0136', '80.222', '2022-01-19'),
(104, '13.0137', '80.222', '2022-01-19'),
(3, '12.9753', '80.187', '2022-01-19'),
(43, '13.0155', '80.188', '2022-01-19'),
(52, '13.0562', '80.2072', '2022-01-19'),
(55, '3.08108', '101.679', '2022-01-19'),
(63, '13.1048', '80.1788', '2022-01-19'),
(65, '13.0137', '80.222', '2022-01-19'),
(66, '13.0137', '80.222', '2022-01-19'),
(67, '13.0136', '80.222', '2022-01-19'),
(104, '13.0137', '80.222', '2022-01-19'),
(3, '12.9753', '80.187', '2022-01-19'),
(43, '13.0155', '80.188', '2022-01-19'),
(52, '13.0562', '80.2072', '2022-01-19'),
(55, '3.08108', '101.679', '2022-01-19'),
(63, '13.1048', '80.1788', '2022-01-19'),
(65, '13.0137', '80.222', '2022-01-19'),
(66, '13.0137', '80.222', '2022-01-19'),
(67, '13.0136', '80.222', '2022-01-19'),
(104, '13.0137', '80.222', '2022-01-19'),
(3, '12.9753', '80.187', '2022-02-24'),
(43, '13.0444', '80.132', '2022-02-24'),
(52, '13.0562', '80.2072', '2022-02-24'),
(55, '3.08108', '101.679', '2022-02-24'),
(63, '13.1048', '80.1788', '2022-02-24'),
(65, '13.0137', '80.222', '2022-02-24'),
(66, '13.0137', '80.222', '2022-02-24'),
(67, '13.0136', '80.222', '2022-02-24'),
(104, '13.0137', '80.222', '2022-02-24'),
(152, '13.0137', '80.222', '2022-02-24'),
(69, '13.0136', '80.2221', '2022-03-02'),
(74, '12.9584', '80.2117', '2022-03-02'),
(76, '12.9248', '80.1134', '2022-03-02'),
(91, '13.0137', '80.2221', '2022-03-02'),
(69, '13.0136', '80.2221', '2022-03-02'),
(74, '12.9584', '80.2117', '2022-03-02'),
(76, '12.9248', '80.1134', '2022-03-02'),
(91, '13.0137', '80.2221', '2022-03-02'),
(69, '13.0136', '80.2221', '2022-03-15'),
(74, '12.9584', '80.2117', '2022-03-15'),
(76, '12.9248', '80.1134', '2022-03-15'),
(91, '13.0137', '80.2221', '2022-03-15'),
(3, '12.9753', '80.187', '2023-01-19'),
(43, '13.0137', '80.2219', '2023-01-19'),
(52, '13.0562', '80.2072', '2023-01-19'),
(55, '3.08108', '101.679', '2023-01-19'),
(63, '13.1048', '80.1788', '2023-01-19'),
(65, '13.0137', '80.222', '2023-01-19'),
(66, '13.0127', '80.2015', '2023-01-19'),
(67, '13.0136', '80.222', '2023-01-19'),
(104, '13.0137', '80.222', '2023-01-19'),
(152, '13.0137', '80.222', '2023-01-19'),
(3, '12.9753', '80.187', '2024-02-08'),
(43, '13.0137', '80.2219', '2024-02-08'),
(52, '13.0562', '80.2072', '2024-02-08'),
(55, '3.08108', '101.679', '2024-02-08'),
(63, '13.1048', '80.1788', '2024-02-08'),
(65, '13.0137', '80.222', '2024-02-08'),
(66, '12.9749', '80.1867', '2024-02-08'),
(67, '13.0136', '80.222', '2024-02-08'),
(104, '13.0137', '80.222', '2024-02-08'),
(152, '13.0477', '80.2336', '2024-02-08'),
(154, '12.9685', '80.1427', '2024-02-08'),
(160, '13.0136', '80.222', '2024-02-08'),
(3, '12.9753', '80.187', '2024-02-20'),
(43, '13.0137', '80.2219', '2024-02-20'),
(52, '13.0562', '80.2072', '2024-02-20'),
(55, '3.08108', '101.679', '2024-02-20'),
(63, '13.1048', '80.1788', '2024-02-20'),
(65, '13.0137', '80.222', '2024-02-20'),
(66, '12.9749', '80.1867', '2024-02-20'),
(67, '13.0136', '80.222', '2024-02-20'),
(104, '13.0137', '80.222', '2024-02-20'),
(152, '13.0477', '80.2336', '2024-02-20'),
(154, '12.9685', '80.1427', '2024-02-20'),
(160, '13.0137', '80.222', '2024-02-20');

-- --------------------------------------------------------

--
-- Table structure for table `lost_leads`
--

CREATE TABLE `lost_leads` (
  `id` bigint(20) NOT NULL,
  `lead_id` bigint(20) NOT NULL,
  `reason` varchar(255) NOT NULL,
  `user_id` bigint(20) NOT NULL,
  `IBO` bigint(20) NOT NULL,
  `created_at` datetime NOT NULL
) ENGINE=MyISAM DEFAULT CHARSET=latin1;

--
-- Dumping data for table `lost_leads`
--

INSERT INTO `lost_leads` (`id`, `lead_id`, `reason`, `user_id`, `IBO`, `created_at`) VALUES
(1, 2254, '', 65, 1001, '2021-10-11 17:09:05'),
(2, 3508, 'WRONGLY GIVEN REQUEST', 104, 1001, '2021-10-11 17:44:11'),
(3, 3482, '', 104, 1001, '2021-10-11 17:44:31'),
(4, 3504, '', 104, 1001, '2021-10-11 17:47:53'),
(5, 3466, '', 104, 1001, '2021-10-11 17:50:32'),
(6, 3466, '', 104, 1001, '2021-10-11 17:50:40'),
(7, 3444, '', 104, 1001, '2021-10-11 17:52:37'),
(8, 3510, 'didn\'t request', 65, 1001, '2021-10-12 11:58:53'),
(9, 3493, 'didn\'t request', 65, 1001, '2021-10-12 12:04:38'),
(10, 3544, '', 65, 1001, '2021-10-20 11:50:11'),
(11, 3546, '', 65, 1001, '2021-10-20 11:52:32'),
(12, 3541, '', 65, 1001, '2021-10-20 11:54:56'),
(13, 3550, '', 104, 1001, '2021-10-20 11:56:12'),
(14, 3537, '', 65, 1001, '2021-10-20 11:58:15'),
(15, 3545, '', 104, 1001, '2021-10-20 11:58:58'),
(16, 3545, '', 104, 1001, '2021-10-20 11:59:06'),
(17, 3545, '', 104, 1001, '2021-10-20 11:59:06'),
(18, 3530, '', 65, 1001, '2021-10-20 12:01:33'),
(19, 3542, '', 104, 1001, '2021-10-20 12:01:53'),
(20, 3542, '', 104, 1001, '2021-10-20 12:02:01'),
(21, 3542, '', 104, 1001, '2021-10-20 12:02:01'),
(22, 3538, '', 104, 1001, '2021-10-20 16:36:28'),
(23, 3529, '', 104, 1001, '2021-10-21 12:18:03'),
(24, 3533, 'didn\'t request', 65, 1001, '2021-10-21 15:42:58'),
(25, 3567, '', 65, 1001, '2021-10-22 12:37:36'),
(26, 3548, '', 65, 1001, '2021-10-25 10:29:48'),
(27, 3608, '', 65, 1001, '2021-10-26 12:01:24'),
(28, 3609, '', 65, 1001, '2021-10-26 12:01:36'),
(29, 3600, '', 65, 1001, '2021-10-26 12:09:38'),
(30, 3596, '', 65, 1001, '2021-10-26 12:15:24'),
(31, 3598, '', 65, 1001, '2021-10-26 12:21:14'),
(32, 3591, '', 65, 1001, '2021-10-27 12:54:36'),
(33, 3602, '', 65, 1001, '2021-10-27 13:14:42'),
(34, 3602, '', 65, 1001, '2021-10-27 13:14:56'),
(35, 3589, '', 65, 1001, '2021-10-27 14:04:51'),
(36, 3580, '', 65, 1001, '2021-10-27 14:35:50'),
(37, 3581, '', 104, 1001, '2021-10-30 14:21:19'),
(38, 3582, '', 104, 1001, '2021-10-30 14:24:23'),
(39, 3586, '', 104, 1001, '2021-11-01 14:39:48'),
(40, 3588, '', 104, 1001, '2021-11-01 14:43:43'),
(41, 3590, '', 104, 1001, '2021-11-01 14:45:25'),
(42, 3607, '', 104, 1001, '2021-11-02 12:20:38'),
(43, 3603, '', 104, 1001, '2021-11-02 12:21:53'),
(44, 3603, '', 104, 1001, '2021-11-02 12:22:00'),
(45, 3601, '', 104, 1001, '2021-11-02 12:26:20'),
(46, 3599, '', 104, 1001, '2021-11-02 12:27:06'),
(47, 3597, '', 104, 1001, '2021-11-02 12:29:14'),
(48, 3595, '', 104, 1001, '2021-11-02 12:31:57'),
(49, 3782, '', 65, 1001, '2022-01-29 12:07:19'),
(50, 3783, '', 65, 1001, '2022-02-01 12:25:26'),
(51, 3797, '', 65, 1001, '2022-02-01 16:25:07'),
(52, 3797, '', 65, 1001, '2022-02-01 16:25:14'),
(53, 3805, '', 65, 1001, '2022-02-03 11:02:09'),
(54, 3805, '', 65, 1001, '2022-02-03 11:02:15'),
(55, 3805, '', 65, 1001, '2022-02-03 11:02:19'),
(56, 3813, '', 65, 1001, '2022-02-03 11:02:53'),
(57, 3813, '', 65, 1001, '2022-02-03 11:02:58'),
(58, 3778, '', 65, 1001, '2022-02-03 11:52:00'),
(59, 3778, '', 65, 1001, '2022-02-03 11:52:06'),
(60, 3813, '', 65, 1001, '2022-02-03 11:55:21'),
(61, 3726, '', 65, 1001, '2022-02-03 12:17:09'),
(62, 3737, '', 65, 1001, '2022-02-04 11:43:33'),
(63, 3737, '', 65, 1001, '2022-02-04 11:43:40'),
(64, 3737, '', 65, 1001, '2022-02-04 11:43:44'),
(65, 3737, '', 65, 1001, '2022-02-04 11:44:19'),
(66, 3814, '', 65, 1001, '2022-02-04 12:04:08'),
(67, 3814, '', 65, 1001, '2022-02-04 12:06:28'),
(68, 3814, '', 65, 1001, '2022-02-04 12:06:40'),
(69, 3878, '', 65, 1001, '2022-02-07 11:32:37'),
(70, 3878, '', 65, 1001, '2022-02-07 11:32:49'),
(71, 3878, '', 65, 1001, '2022-02-07 11:33:02'),
(72, 3810, '', 65, 1001, '2022-02-09 11:34:00'),
(73, 3887, '', 65, 1001, '2022-02-09 14:36:21'),
(74, 3839, '', 65, 1001, '2022-02-10 12:59:27'),
(75, 3839, '', 65, 1001, '2022-02-10 12:59:38'),
(76, 3839, '', 65, 1001, '2022-02-10 12:59:46'),
(77, 4000, '', 65, 1001, '2022-02-16 12:31:31'),
(78, 4080, '', 65, 1001, '2022-02-21 16:47:54'),
(79, 4088, '', 65, 1001, '2022-02-21 16:48:39'),
(80, 4071, '', 65, 1001, '2022-02-21 16:50:50'),
(81, 3995, '', 65, 1001, '2022-02-21 16:52:51'),
(82, 4024, '', 65, 1001, '2022-02-22 10:46:10'),
(83, 4046, '', 65, 1001, '2022-02-22 10:49:30'),
(84, 4091, 'they require next year', 65, 1001, '2022-02-22 10:52:06'),
(85, 4025, '', 65, 1001, '2022-02-23 12:00:46'),
(86, 4039, '', 65, 1001, '2022-02-23 12:04:44'),
(87, 4122, '', 65, 1001, '2022-02-24 12:15:48'),
(88, 4068, '', 65, 1001, '2022-02-24 14:58:08'),
(89, 4122, '', 65, 1001, '2022-02-25 11:48:04'),
(90, 4125, 'they require next year', 65, 1001, '2022-03-01 11:41:41'),
(91, 4048, '', 65, 1001, '2022-03-01 16:56:48'),
(92, 4099, '', 65, 1001, '2022-03-02 15:10:15'),
(93, 4211, '', 65, 1001, '2022-03-05 15:08:34'),
(94, 4120, '', 65, 1001, '2022-03-08 11:59:18'),
(95, 4238, '', 65, 1001, '2022-03-08 12:01:02'),
(96, 4139, '', 65, 1001, '2022-03-10 17:42:33'),
(97, 4247, 'they said they dont require a application currently.', 65, 1001, '2022-03-21 12:18:28'),
(98, 4247, 'they said they dont require a application currently.', 65, 1001, '2022-03-21 12:18:41'),
(99, 4395, '', 65, 1001, '2022-04-04 12:54:18'),
(100, 4072, '', 65, 1001, '2022-04-05 12:41:01'),
(101, 4304, '', 65, 1001, '2022-04-12 09:54:55'),
(102, 4726, '', 65, 1001, '2022-05-03 14:06:59'),
(103, 4726, '', 65, 1001, '2022-05-03 14:07:10'),
(104, 4726, '', 65, 1001, '2022-05-03 14:07:10'),
(105, 4726, '', 65, 1001, '2022-05-03 14:07:20');

-- --------------------------------------------------------

--
-- Table structure for table `mail_setup`
--

CREATE TABLE `mail_setup` (
  `id` int(11) NOT NULL,
  `client_id` int(11) DEFAULT NULL,
  `ibo` int(11) DEFAULT NULL,
  `type` tinyint(4) DEFAULT '1',
  `content` text,
  `created` varchar(45) DEFAULT NULL
) ENGINE=InnoDB DEFAULT CHARSET=latin1;

--
-- Dumping data for table `mail_setup`
--

INSERT INTO `mail_setup` (`id`, `client_id`, `ibo`, `type`, `content`, `created`) VALUES
(1, 1, 1001, 1, '<p>Greetings from <strong>The Spider India!!</strong><strong>&nbsp;</strong></p>\r\n\r\n<p>Spider India welcomes you warmly and hopes to sustain long-lasting relationships with you.</p>\r\n\r\n<p>We have been in this domain for more than 18 years, coordinating with our clients exceptionally well. Spider India looks forward to working with you too with the same enthusiam and charm. &nbsp;For any concerns and queries, feel free to contact us on the below mentioned numbers. 044-42305023 / 9940179997 or at marketing@spiderindia.com.&nbsp;</p>\r\n\r\n<p>If you have any questions, please feel free to drop in a mail.</p>\r\n\r\n<p>With Best Regards</p>\r\n\r\n<p>C.Shanmuganathan | Business Head<br />\r\n<img alt=\"\" src=\"http://www.sales76.com/images/uploads/1530209138_Spider_India_Gmail_Logo_(08May8)V2-01.png\" style=\"height:82px; width:232px\" /><img alt=\"\" src=\"http://www.sales76.com/app/images/uploads/1541786371_Spider_India_Logo30July18)V1-02.png\" style=\"height:53px; width:175px\" /><br />\r\n+91-9940179997 / 9952979844<br />\r\nmarketing@spiderindia.com<br />\r\nhttp://www.spiderindia.com/</p>', '2018-11-10 00:33:13'),
(2, 1, 1001, 2, '<p style=\"text-align:justify\"><span style=\"font-size:12px\">The Spider India is one of the top notch &nbsp;IT companies engaging in Mobile and web application design and development. As one of the best and most effective IT applications development companies in Chennai, we build unconventional/individualistic digital products and solutions that put the user first across a horde of different industries. &nbsp;Our expertise in developers and designers create bespoke software solutions driving the users&#39; interest for inturn having a lucrative business.</span></p>\r\n\r\n<h3><span style=\"font-size:12px\">We categorize our services into five different classifications</span></h3>\r\n\r\n<p><span style=\"color:#ffffff\"><span style=\"font-size:12px\"><span style=\"background-color:#16a085\">Mobile App Solutions |&nbsp;Website Development |&nbsp;Branding |&nbsp;Digital Marketing |&nbsp;Video Productions</span></span></span></p>\r\n\r\n<p><span style=\"font-size:12px\">Please visit http://www.spiderindia.com/ to know more about our companies services and portfolio.&nbsp;</span></p>\r\n\r\n<p><span style=\"font-size:12px\">Looking foward to hearing back from you</span></p>\r\n\r\n<p><span style=\"font-size:12px\">With Best Regards</span></p>\r\n\r\n<p><span style=\"font-size:12px\">C.Shanmuganathan<br />\r\nBusiness Head<br />\r\n<img alt=\"\" src=\"http://www.sales76.com/images/uploads/1526361326_Spider_India_Gmail_Logo_(08May8)V1-01.png\" style=\"height:62px; width:150px\" /><img alt=\"\" src=\"http://www.sales76.com/app/images/uploads/1541786432_Spider_India_Logo30July18)V1-02.png\" style=\"height:53px; width:175px\" /><br />\r\nmarketing@spiderindia.com<br />\r\n+91-44-9940179997 /&nbsp;+9-44-42305023</span></p>\r\n\r\n<p>&nbsp;</p>\r\n\r\n<p>&nbsp;</p>', '2018-11-09 23:30:40'),
(3, 2, 1002, 1, '<p>This is the test message</p>', '2018-05-05 08:56:08'),
(4, 2, 1002, 2, '<p>this is company mail profile</p>', '2018-05-05 08:56:21'),
(5, 44, 1044, 1, '<p>Welcome to Genuine Bio System</p>\r\n\r\n<p>Regards</p>\r\n\r\n<p>Genuine Bio System</p>', '2018-09-08 13:37:03'),
(6, 44, 1044, 2, '<p>Welcoem to genuine bio system, this is our company profile</p>\r\n\r\n<p>&nbsp;</p>\r\n\r\n<p>Genuine Bio System</p>', '2018-09-08 13:37:31'),
(7, 56, 1056, 1, '<p>It was pleasure meeting you today at SSM. Looking forward to work with you on your requirement.&nbsp;</p>\r\n\r\n<p>Please visit http://www.spiders.asia/ to know more about my company and our work.&nbsp;</p>\r\n\r\n<p>With Best Regards</p>\r\n\r\n<p>Nathan C S<br />\r\n0111 44 72719<br />\r\nmarketing@spiders.asia<br />\r\nhttp://www.spiders.asia/</p>', '2019-02-13 16:41:47'),
(8, 56, 1056, 2, '<p>Bustling with creativity and workmanship, Spider Asia Sdn Bhd is a well-established Website Development, Branding &amp;&nbsp;Mobile App Development comapany in Kuala Lumpur. With vast experience in all forms of digital design like web design, branding, Logo Design, Brochure Design and any other form of branding design activity that may be requried for an upcoming company or an&nbsp;established brand.</p>\r\n\r\n<p>Please visit http://www.spiders.asia/ to know more about our company and our work.&nbsp;</p>\r\n\r\n<p>Looking forward working with your organisation</p>\r\n\r\n<p>With Best Regards<br />\r\nNathan C S<br />\r\n+60-1114472719<br />\r\nmarketing@spiders.asia<br />\r\nhttp://www.spiders.asia<br />\r\n&nbsp;</p>', '2019-02-13 18:23:04'),
(9, 76, 1076, 1, '<p>HI HELLO</p>', '2020-12-11 09:19:31'),
(10, 68, 1068, 1, '<p>xxxx</p>\n', '2021-01-29 10:11:36'),
(11, 68, 1068, 1, '<p>xxxx</p>\n', '2021-01-29 10:11:36'),
(12, NULL, NULL, 1, NULL, '2021-01-06 10:31:45'),
(13, NULL, NULL, 1, NULL, '2021-01-06 11:47:18'),
(14, 68, 1068, 2, '<p>profile</p>\n', '2021-01-06 12:18:40');

-- --------------------------------------------------------

--
-- Table structure for table `manager_client_line`
--

CREATE TABLE `manager_client_line` (
  `id` bigint(20) NOT NULL,
  `manager_id` bigint(20) NOT NULL,
  `client_id` bigint(20) NOT NULL
) ENGINE=MyISAM DEFAULT CHARSET=latin1;

--
-- Dumping data for table `manager_client_line`
--

INSERT INTO `manager_client_line` (`id`, `manager_id`, `client_id`) VALUES
(3, 134, 135),
(16, 132, 100),
(4, 134, 136),
(17, 132, 91),
(6, 134, 138),
(7, 134, 139),
(28, 141, 148),
(27, 141, 143),
(26, 141, 142),
(25, 141, 140),
(18, 101, 69),
(24, 141, 146);

-- --------------------------------------------------------

--
-- Table structure for table `package`
--

CREATE TABLE `package` (
  `id` int(11) NOT NULL,
  `client_id` int(11) DEFAULT '0',
  `name` varchar(155) DEFAULT NULL,
  `no_of_users` int(11) DEFAULT NULL,
  `amount` decimal(10,2) DEFAULT NULL,
  `package_type` tinyint(4) DEFAULT '1',
  `status` enum('A','D') DEFAULT NULL,
  `createdBy` int(11) DEFAULT NULL,
  `createdAt` datetime DEFAULT NULL
) ENGINE=InnoDB DEFAULT CHARSET=latin1;

--
-- Dumping data for table `package`
--

INSERT INTO `package` (`id`, `client_id`, `name`, `no_of_users`, `amount`, `package_type`, `status`, `createdBy`, `createdAt`) VALUES
(1, 0, 'Free Trial', 3, 0.00, 1, 'A', 1, '2017-12-13 13:47:53'),
(2, 0, 'Single User', 1, 699.00, 1, 'A', 1, '2018-01-04 10:38:28'),
(3, 0, ' 3 User', 3, 1499.00, 1, 'A', 1, '2018-01-04 10:38:43'),
(4, 0, '5 User', 5, 1999.00, 1, 'A', 1, '2018-01-04 10:38:58'),
(5, 0, '10 User', 10, 3499.00, 1, 'A', 1, '2018-01-04 10:39:18'),
(18, 1, 'DeltaAirlines', 50, 10000.00, 1, 'A', 1, '2018-05-02 19:09:57'),
(19, 0, 'Prime', 25, 25000.00, 1, 'A', 1, '2020-12-08 17:52:15'),
(21, 1, 'aster', 21, 50000.00, 1, 'A', 1, '2020-12-08 18:26:14'),
(22, 1, 'test1', 1, 10.00, 1, 'A', 1, '2020-12-09 12:47:25'),
(23, 0, 'GreenFin', 25, 148000.00, 1, 'A', 1, '2021-06-01 05:07:38'),
(24, 0, 'Spider100', 100, 10000.00, 1, 'A', 1, '2021-10-05 20:59:09');

-- --------------------------------------------------------

--
-- Table structure for table `payment_collection`
--

CREATE TABLE `payment_collection` (
  `id` bigint(20) NOT NULL,
  `quote_no` varchar(100) NOT NULL,
  `client_name` varchar(100) NOT NULL,
  `mobile` varchar(50) NOT NULL,
  `total_amount` float NOT NULL,
  `paid_amount` float NOT NULL,
  `payment_date` date NOT NULL,
  `due_date` date NOT NULL,
  `payment_mode` varchar(30) NOT NULL,
  `balance_amount` float NOT NULL,
  `remarks` text NOT NULL,
  `IBO` bigint(20) NOT NULL,
  `created_by` bigint(20) NOT NULL,
  `created_date` datetime NOT NULL
) ENGINE=MyISAM DEFAULT CHARSET=latin1;

--
-- Dumping data for table `payment_collection`
--

INSERT INTO `payment_collection` (`id`, `quote_no`, `client_name`, `mobile`, `total_amount`, `paid_amount`, `payment_date`, `due_date`, `payment_mode`, `balance_amount`, `remarks`, `IBO`, `created_by`, `created_date`) VALUES
(1, '0003894', 'Visor Eye', '9999944443', 140000, 80000, '2022-01-17', '2022-01-22', 'Online', 60000, 'Advance payment paid, ', 1001, 1, '2022-01-19 17:11:50'),
(2, 'quote223838', 'Pannai Sivam', '9043559043', 10000, 10000, '2022-02-08', '0000-00-00', 'Cash', 0, 'He did not pay anything today, he will make payment tomorrow', 1001, 1, '2022-02-08 18:28:20');

-- --------------------------------------------------------

--
-- Table structure for table `quote`
--

CREATE TABLE `quote` (
  `id` int(11) NOT NULL,
  `quote_id` varchar(50) NOT NULL,
  `client` varchar(145) DEFAULT NULL,
  `date` date NOT NULL,
  `vdate` date NOT NULL,
  `address` varchar(255) NOT NULL,
  `mobile` varchar(45) DEFAULT NULL,
  `email` varchar(145) DEFAULT NULL,
  `discount_type` int(11) NOT NULL,
  `discount_val` float NOT NULL,
  `discount` float NOT NULL DEFAULT '0',
  `total_amount` decimal(10,2) DEFAULT NULL,
  `quote_notes` text NOT NULL,
  `status` enum('A','D') DEFAULT 'A',
  `lead_id` bigint(20) NOT NULL DEFAULT '0',
  `IBO` bigint(20) NOT NULL,
  `createdBy` int(11) NOT NULL,
  `createdTime` datetime NOT NULL
) ENGINE=InnoDB DEFAULT CHARSET=latin1;

--
-- Dumping data for table `quote`
--

INSERT INTO `quote` (`id`, `quote_id`, `client`, `date`, `vdate`, `address`, `mobile`, `email`, `discount_type`, `discount_val`, `discount`, `total_amount`, `quote_notes`, `status`, `lead_id`, `IBO`, `createdBy`, `createdTime`) VALUES
(1, 'Quote001', 'pravina', '2018-05-16', '0000-00-00', '', '9944187796', 'deepa.sekar@spiderindia.com', 0, 0, 0, 110.00, '', 'A', 0, 0, 32, '2018-05-16 14:27:01'),
(2, 'Quote002', 'rakshitha', '2018-05-16', '0000-00-00', 'chennai', '9944187796', 'deepa.sekar@spiderindia.com', 0, 0, 0, 50.00, '', 'A', 0, 0, 32, '2018-05-16 14:40:16'),
(3, 'Quote003', 'Karthick', '2020-12-07', '0000-00-00', 'City', '9994425270', 'karthick08.blr@gmail.com', 0, 0, 0, 4.00, '', 'A', 0, 0, 69, '2020-12-07 15:25:10'),
(4, 'Quote004', 'Karthick', '2020-12-07', '0000-00-00', 'City', '9994425270', 'karthick08.blr@gmail.com', 0, 0, 0, 4.00, '', 'A', 0, 0, 69, '2020-12-07 15:25:21'),
(5, 'Quote005', 'Karthick', '2020-12-07', '0000-00-00', 'City', '9994425270', 'karthick08.blr@gmail.com', 0, 0, 0, 4.00, '', 'A', 0, 0, 69, '2020-12-07 15:25:39'),
(6, 'Quote006', 'Karthick', '2020-12-07', '0000-00-00', 'City', '9994425270', 'karthick08.blr@gmail.com', 0, 0, 0, 4.00, '', 'A', 0, 0, 69, '2020-12-07 15:25:49'),
(7, 'Quote007', 'Karthick', '2020-12-07', '0000-00-00', 'City', '9994425270', 'karthick08.blr@gmail.com', 0, 0, 0, 2.00, '', 'A', 0, 0, 69, '2020-12-07 15:26:22'),
(8, 'Quote008', 'Karthick', '2020-12-07', '0000-00-00', 'City', '9994425270', 'karthick08.blr@gmail.com', 0, 0, 0, 2.00, '', 'A', 0, 0, 69, '2020-12-07 15:26:31'),
(9, 'Quote009', 'Karthick', '2020-12-07', '0000-00-00', 'City', '9994425270', 'karthick08.blr@gmail.com', 0, 0, 0, 4.00, '', 'A', 0, 0, 69, '2020-12-07 15:31:46'),
(10, 'Quote0010', 'Karthick', '2020-12-07', '0000-00-00', 'City', '9994425270', 'karthick08.blr@gmail.com', 0, 0, 0, 4.00, '', 'A', 0, 0, 69, '2020-12-07 15:33:13'),
(11, 'Quote0011', 'Karthick', '2020-12-07', '0000-00-00', 'City', '9994425270', 'karthick08.blr@gmail.com', 0, 0, 0, 4.00, '', 'A', 0, 0, 69, '2020-12-07 15:46:59'),
(12, 'Quote0012', 'Karthick', '2020-12-07', '0000-00-00', 'City', '9994425270', 'karthick08.blr@gmail.com', 0, 0, 0, 4.00, '', 'A', 0, 0, 69, '2020-12-07 15:48:54'),
(13, 'Quote0013', 'Karthick', '2020-12-07', '0000-00-00', 'City', '9994425270', 'karthick08.blr@gmail.com', 0, 0, 0, 4.00, '', 'A', 0, 0, 69, '2020-12-07 15:50:08'),
(14, 'Quote0014', 'Karthick', '2020-12-07', '0000-00-00', 'City', '9994425270', 'karthick08.blr@gmail.com', 0, 0, 0, 4.00, '', 'A', 0, 0, 69, '2020-12-07 15:51:32'),
(15, 'Quote0015', 'Karthick', '2020-12-07', '0000-00-00', 'City', '9994425270', 'karthick08.blr@gmail.com', 0, 0, 0, 4.00, '', 'A', 0, 0, 69, '2020-12-07 15:57:37'),
(16, 'Quote0016', 'Karthick', '2020-12-07', '0000-00-00', 'City', '9994425270', 'karthick08.blr@gmail.com', 0, 0, 0, 4.00, '', 'A', 0, 0, 69, '2020-12-07 16:18:35'),
(17, 'Quote0017', 'Karthick', '2020-12-07', '0000-00-00', 'City', '9994425270', 'karthick08.blr@gmail.com', 0, 0, 0, 4.00, '', 'A', 0, 0, 69, '2020-12-07 16:20:18'),
(18, 'Quote0018', 'Karthick', '2020-12-07', '0000-00-00', 'City', '9994425270', 'karthick08.blr@gmail.com', 0, 0, 0, 4.00, '', 'A', 0, 0, 69, '2020-12-07 16:21:15'),
(19, 'Quote0019', 'Karthick', '2020-12-07', '0000-00-00', 'City', '9994425270', 'karthick08.blr@gmail.com', 0, 0, 0, 4.00, '', 'A', 0, 0, 69, '2020-12-07 16:23:44'),
(20, 'Quote0020', 'Karthick', '2020-12-07', '0000-00-00', 'City', '9994425270', 'karthick08.blr@gmail.com', 0, 0, 0, 4.00, '', 'A', 0, 0, 69, '2020-12-07 16:27:58'),
(21, 'Quote0021', 'Karthick', '2020-12-07', '0000-00-00', 'City', '9994425270', 'karthick08.blr@gmail.com', 0, 0, 0, 4.00, '', 'A', 0, 0, 69, '2020-12-07 16:28:41'),
(22, 'Quote0022', 'Karthick', '2020-12-07', '0000-00-00', 'City', '9994425270', 'karthick08.blr@gmail.com', 0, 0, 0, 4.00, '', 'A', 0, 0, 69, '2020-12-07 16:29:45'),
(23, 'Quote0023', 'Karthick', '2020-12-07', '0000-00-00', 'City', '9994425270', 'karthick08.blr@gmail.com', 0, 0, 0, 4.00, '', 'A', 0, 0, 69, '2020-12-07 16:32:31'),
(24, 'Quote0024', 'Karthick', '2020-12-07', '0000-00-00', 'City', '9994425270', 'karthick08.blr@gmail.com', 0, 0, 0, 4.00, '', 'A', 0, 0, 69, '2020-12-07 16:34:35'),
(25, 'Quote0025', 'Karthick', '2020-12-07', '0000-00-00', 'City', '9994425270', 'karthick08.blr@gmail.com', 0, 0, 0, 4.00, '', 'A', 0, 0, 69, '2020-12-07 16:40:21'),
(26, 'Quote0026', 'Karthick', '2020-12-07', '0000-00-00', 'City', '9994425270', 'karthick08.blr@gmail.com', 0, 0, 0, 4.00, '', 'A', 0, 0, 69, '2020-12-07 16:40:56'),
(27, 'Quote0027', 'Karthick', '2020-12-07', '0000-00-00', 'City', '9994425270', 'karthick08.blr@gmail.com', 0, 0, 0, 4.00, '', 'A', 0, 0, 69, '2020-12-07 16:44:24'),
(28, 'Quote0028', 'Karthick', '2020-12-07', '0000-00-00', 'City', '9994425270', 'karthick08.blr@gmail.com', 0, 0, 0, 4.00, '', 'A', 0, 0, 69, '2020-12-07 16:46:01'),
(29, 'Quote0029', 'Karthick', '2020-12-07', '0000-00-00', 'City', '9994425270', 'karthick08.blr@gmail.com', 0, 0, 0, 4.00, '', 'A', 0, 0, 69, '2020-12-07 16:48:02'),
(30, 'Quote0030', 'Karthick', '2020-12-07', '0000-00-00', 'City', '9994425270', 'karthick08.blr@gmail.com', 0, 0, 0, 4.00, '', 'A', 0, 0, 69, '2020-12-07 16:50:35'),
(31, 'Quote0031', 'Karthick', '2020-12-07', '0000-00-00', 'City', '9994425270', 'karthick08.blr@gmail.com', 0, 0, 0, 4.00, '', 'A', 0, 0, 69, '2020-12-07 16:53:11'),
(32, 'Quote0032', 'Karthick', '2020-12-07', '0000-00-00', 'City', '9994425270', 'karthick08.blr@gmail.com', 0, 0, 0, 4.00, '', 'A', 0, 0, 69, '2020-12-07 16:54:25'),
(33, 'Quote0033', 'Karthick', '2020-12-07', '0000-00-00', 'City', '9994425270', 'veeramani.j@spiderindia.com', 0, 0, 0, 4.00, '', 'A', 0, 0, 69, '2020-12-07 16:55:28'),
(34, 'Quote0034', 'Karthick', '2020-12-07', '0000-00-00', 'City', '9994425270', 'veeramani.j@spiderindia.com', 0, 0, 0, 4.00, '', 'A', 0, 0, 69, '2020-12-07 16:58:04'),
(35, 'Quote0035', 'Karthick', '2020-12-07', '0000-00-00', 'City', '9994425270', 'veeramani.j@spiderindia.com', 0, 0, 0, 4.00, '', 'A', 0, 0, 69, '2020-12-07 17:03:39'),
(36, 'Quote0036', 'Karthick', '2020-12-07', '0000-00-00', 'City', '9994425270', 'veeramani.j@spiderindia.com', 0, 0, 0, 4.00, '', 'A', 0, 0, 69, '2020-12-07 17:04:46'),
(37, 'Quote0037', 'Karthick', '2020-12-07', '0000-00-00', 'City', '9994425270', 'veeramani.j@spiderindia.com', 0, 0, 0, 4.00, '', 'A', 0, 0, 69, '2020-12-07 17:16:47'),
(38, 'Quote0038', 'Karthik', '2020-12-08', '0000-00-00', 'chennai', '9786059106', 'ramya.m@spiderindia.com', 0, 0, 0, 400.00, '', 'A', 0, 0, 72, '2020-12-08 09:50:21'),
(39, 'Quote0039', 'Karthick', '2020-12-08', '0000-00-00', 'City', '9994425270', 'ramya.m@spiderindia.com', 0, 0, 0, 4.00, '', 'A', 0, 0, 69, '2020-12-08 09:52:07'),
(40, 'Quote0040', 'Karthik', '2020-12-08', '0000-00-00', 'chennai', '9786059106', 'ramya.m@spiderindia.com', 0, 0, 0, 100.00, '', 'A', 0, 0, 72, '2020-12-08 09:54:17'),
(41, 'Quote0041', 'Karthick', '2020-12-08', '0000-00-00', 'City', '9994425270', 'karthick.s@spiderindia.com', 0, 0, 0, 4.00, '', 'A', 0, 0, 69, '2020-12-08 13:22:38'),
(42, 'Quote0042', 'Peter', '2020-12-08', '0000-00-00', 'Chennai', '999098908', 'pothikrish2@gmail.com', 0, 0, 0, 156000.00, '', 'A', 0, 0, 77, '2020-12-08 13:31:35'),
(43, 'Quote0043', 'Karthick', '2020-12-08', '0000-00-00', 'City', '9994425270', 'pothikrish2@gmail.com', 0, 0, 0, 4.00, '', 'A', 0, 0, 69, '2020-12-08 15:05:45'),
(44, 'Quote0044', 'Vasu', '2020-12-08', '0000-00-00', 'Chennai', '9994673677', 'pothikrishna@gmail.com', 0, 0, 0, 1440000.00, '', 'A', 0, 0, 77, '2020-12-08 18:28:55'),
(45, 'Quote0045', 'selvam arasu', '2020-12-09', '0000-00-00', 'medavakkam\r\nchennai', '9997584502', '-', 0, 0, 0, 200000.00, '', 'D', 0, 0, 76, '2020-12-09 11:17:53'),
(46, 'Quote0046', 'Ramya', '2020-12-10', '0000-00-00', 'bsdjjdd', '94646', 'ramya.m@spiderindia.com', 0, 0, 0, 187.00, '', 'A', 0, 0, 69, '2020-12-10 15:30:10'),
(47, 'Quote0047', 'Vasu', '2020-12-11', '0000-00-00', 'Chennai', '9994673677', 'pothikrishna@gmail.com', 0, 0, 0, 70000.00, '', 'A', 0, 0, 76, '2020-12-11 09:17:16'),
(48, 'Quote0048', 'email', '2020-12-14', '0000-00-00', 'email', '8801170488', 'developer@spiderindia.com', 0, 0, 0, 0.00, '', 'A', 0, 0, 73, '2020-12-14 14:43:02'),
(49, 'Quote0049', 'email', '2020-12-14', '0000-00-00', 'email', '8801170488', 'developer@spiderindia.com', 0, 0, 0, 100.00, '', 'A', 0, 0, 73, '2020-12-14 14:43:55'),
(50, 'Quote0050', 'email', '2020-12-14', '0000-00-00', 'email', '8801170488', 'developer@spiderindia.com', 0, 0, 0, 100.00, '', 'A', 0, 0, 73, '2020-12-14 14:44:06'),
(51, 'Quote0051', 'email', '2020-12-14', '0000-00-00', 'email', '8801170488', 'developer@spiderindia.com', 0, 0, 0, 100.00, '', 'A', 0, 0, 73, '2020-12-14 14:45:55'),
(52, 'Quote0052', 'Veeramani ', '2020-12-15', '0000-00-00', 'gahah', '1236547891398', 'jodharamya083@gmail.com', 0, 0, 0, 1456.00, '', 'A', 0, 0, 91, '2020-12-15 11:44:41'),
(53, 'Quote0053', 'Ashok', '2020-12-15', '0000-00-00', 'Chennai', '08939898801', 'pothikrish2@gmail.com', 0, 0, 0, 1416000.00, '', 'A', 0, 0, 43, '2020-12-15 15:02:50'),
(54, 'Quote0054', 'karthik', '2020-12-16', '0000-00-00', 'dubai', '000000000000', 'jodharamya083@gmail.com', 0, 0, 0, 276.00, '', 'A', 0, 0, 91, '2020-12-16 10:54:34'),
(55, 'Quote0055', 'Murali', '2020-12-16', '0000-00-00', 'Chennai', '8801170488', 'murali.k@spiderindia.com', 0, 0, 0, 1000.00, '', 'A', 0, 0, 73, '2020-12-16 16:33:51'),
(56, 'Quote0056', 'karthik', '2020-12-16', '0000-00-00', 'chennai', '9994425270', 'karthick.s@spiderindia.com', 0, 0, 0, 187.00, '', 'A', 0, 0, 73, '2020-12-16 16:53:11'),
(58, 'Quote0058', 'Ramya', '2021-01-07', '0000-00-00', 'gghh', '7094822474', 'ramya.m@spiderindia.com', 0, 0, 0, 146.00, '', 'A', 0, 0, 73, '2021-01-07 12:07:58'),
(62, 'Quote0062', 'Ramya', '2021-01-18', '0000-00-00', 'saidapet', '94646', 'ramya.m@spiderindia.com', 0, 0, 0, 51.00, '', 'D', 0, 0, 68, '2021-01-18 17:21:39'),
(63, 'Quote0063', 'Jodha Ramya', '2021-01-18', '0000-00-00', 'saidapet', '7397088810', 'ramya.m@spiderindia.com', 0, 0, 0, 438.00, '', 'A', 0, 0, 68, '2021-01-18 17:23:54'),
(65, 'Quote0060', 'Bala', '2021-01-18', '0000-00-00', 'Ambattur', '9867545434', 'bala24@gmail.com', 0, 0, 0, 1683.00, '', 'D', 0, 0, 68, '2021-01-18 17:48:53'),
(66, 'Quote0061', 'Naveen', '2021-01-22', '0000-00-00', 'eqf', '', '', 0, 0, 0, 0.00, '', 'D', 0, 0, 68, '2021-01-22 17:50:51'),
(67, 'Quote0062', 'Naveen', '2021-01-22', '0000-00-00', 'qwd', '', '', 0, 0, 0, 0.00, '', 'D', 0, 0, 68, '2021-01-22 17:51:57'),
(68, 'Quote0063', 'Jodha Ramya', '2021-01-29', '0000-00-00', 'xxx', '7397088810', 'ramya.m@spiderindia.com', 0, 0, 0, 2920.00, '', 'A', 0, 0, 68, '2021-01-29 10:09:27'),
(69, 'Quote0064', 'balaji', '2021-01-30', '0000-00-00', 'Apt\nSt', '7358575750', 'bala24@gmail.com', 0, 0, 0, 2416.00, '', 'A', 0, 0, 68, '2021-01-30 10:06:24'),
(70, 'Quote0065', 'sathishsam', '2021-01-30', '0000-00-00', 'Apt\nSt', '09994425270', 'karthick.s@spiderindia.com', 0, 0, 0, 1108.00, '', 'A', 0, 0, 68, '2021-01-30 10:22:50'),
(71, 'Quote0066', 'sathishsam', '2021-01-30', '0000-00-00', 'Apt\nSt', '09994425270', 'karthick.s@spiderindia.com', 0, 0, 0, 2039.00, '', 'A', 0, 0, 68, '2021-01-30 10:33:38'),
(72, 'Quote0067', 'sathishsam', '2021-01-30', '0000-00-00', 'Apt\nSt', '09994425270', 'karthick.s@spiderindia.com', 0, 0, 0, 2039.00, '', 'A', 0, 0, 68, '2021-01-30 10:34:41'),
(73, 'Quote0068', 'sathishsam', '2021-01-30', '0000-00-00', 'Apt\nSt', '09994425270', 'karthick.s@spiderindia.com', 0, 0, 0, 2039.00, '', 'A', 0, 0, 68, '2021-01-30 10:35:28'),
(74, 'Quote0069', 'sathishsam', '2021-01-30', '0000-00-00', 'Apt\nSt', '09994425270', 'karthick.s@spiderindia.com', 0, 0, 0, 2039.00, '', 'A', 0, 0, 68, '2021-01-30 10:35:59'),
(75, 'Quote0070', 'sathishsam', '2021-01-30', '0000-00-00', 'Apt\nSt', '09994425270', 'karthick.s@spiderindia.com', 0, 0, 0, 2039.00, '', 'A', 0, 0, 68, '2021-01-30 10:38:46'),
(76, 'Quote0071', 'sathishsam', '2021-01-30', '0000-00-00', 'Apt\nSt', '09994425270', 'karthick.s@spiderindia.com', 0, 0, 0, 2039.00, '', 'A', 0, 0, 68, '2021-01-30 10:41:07'),
(77, 'Quote0072', 'sathishsam', '2021-01-30', '0000-00-00', 'Apt\nSt', '09994425270', 'karthick.s@spiderindia.com', 0, 0, 0, 2039.00, '', 'A', 0, 0, 68, '2021-01-30 10:41:11'),
(78, 'Quote0073', 'sathishsam', '2021-01-30', '0000-00-00', 'Apt\nSt', '09994425270', 'karthick.s@spiderindia.com', 0, 0, 0, 2039.00, '', 'A', 0, 0, 68, '2021-01-30 10:42:31'),
(79, 'Quote0074', 'sathishsam', '2021-01-30', '0000-00-00', 'Apt\nSt', '09994425270', 'karthick.s@spiderindia.com', 0, 0, 0, 2039.00, '', 'A', 0, 0, 68, '2021-01-30 10:47:04'),
(80, 'Quote0075', 'sathishsam', '2021-01-30', '0000-00-00', 'Apt\nSt', '09994425270', 'karthick.s@spiderindia.com', 0, 0, 0, 2039.00, '', 'A', 0, 0, 68, '2021-01-30 10:49:31'),
(81, 'Quote0076', 'sathishsam', '2021-01-30', '0000-00-00', 'Apt\nSt', '09994425270', 'karthick.s@spiderindia.com', 0, 0, 0, 2039.00, '', 'A', 0, 0, 68, '2021-01-30 10:50:35'),
(82, 'Quote0077', 'sathishsam', '2021-01-30', '0000-00-00', 'Apt\nSt', '09994425270', 'karthick.s@spiderindia.com', 0, 0, 0, 2039.00, '', 'A', 0, 0, 68, '2021-01-30 10:50:54'),
(83, 'Quote0078', 'sathishsam', '2021-01-30', '0000-00-00', 'Apt\nSt', '09994425270', 'karthick.s@spiderindia.com', 0, 0, 0, 2039.00, '', 'A', 0, 0, 68, '2021-01-30 10:51:35'),
(84, 'Quote0079', 'sathishsam', '2021-01-30', '0000-00-00', 'Apt\nSt', '09994425270', 'karthick.s@spiderindia.com', 0, 0, 0, 2039.00, '', 'A', 0, 0, 68, '2021-01-30 10:52:55'),
(85, 'Quote0080', 'Ramya', '2021-01-30', '0000-00-00', 'Apt\nSt', '94646', 'ramya.m@spiderindia.com', 0, 0, 0, 299.00, '', 'A', 0, 0, 68, '2021-01-30 10:59:21'),
(86, 'Quote0081', 'Ramya', '2021-01-30', '0000-00-00', 'Saidapet', '7094822474', 'ramya.m@spiderindia.com', 0, 0, 0, 88.00, '', 'A', 0, 0, 68, '2021-01-30 11:24:00'),
(87, 'Quote0082', 'Naveen', '2021-02-02', '0000-00-00', 'asd', '', '', 0, 0, 0, 0.00, '', 'D', 0, 0, 68, '2021-02-02 17:36:06'),
(88, 'Quote0083', 'Karthick', '2021-02-02', '0000-00-00', 'asd', '9867545434', 'karthick.s@spiderindia.com', 0, 0, 0, 0.00, '', 'D', 0, 0, 68, '2021-02-02 17:42:35'),
(89, 'Quote0084', 'Karthick', '2021-02-02', '0000-00-00', 'asd', '9867545434', 'karthick.s@spiderindia.com', 0, 0, 0, 41.00, '', 'D', 0, 0, 68, '2021-02-02 17:44:08'),
(90, 'Quote0085', 'spider', '2021-03-08', '0000-00-00', 'chennai', '9994425270', 'developer@spiderindia.com', 0, 0, 0, 220.00, '', 'A', 0, 0, 70, '2021-03-08 11:58:30'),
(91, 'Quote0086', 'spider', '2021-03-08', '0000-00-00', 'chennai', '9994425270', 'developer@spiderindia.com', 0, 0, 0, 2110.00, '', 'A', 0, 0, 70, '2021-03-08 14:48:27'),
(92, 'Quote0087', 'spider', '2021-03-08', '0000-00-00', 'chennai', '9994425270', 'developer@spiderindia.com', 0, 0, 0, 64.00, '', 'A', 0, 0, 70, '2021-03-08 17:29:12'),
(93, 'Quote0088', 'mani', '2021-04-21', '0000-00-00', 'chennai', '8973056646', 'mani@gmail.com', 0, 0, 0, 52.00, '', 'A', 0, 0, 74, '2021-04-21 17:31:18'),
(94, 'Quote0089', 'ghh', '2021-05-10', '0000-00-00', 'fvcg', '885', 'fhff@gmail.com', 0, 0, 0, 899.00, '', 'A', 0, 0, 74, '2021-05-10 16:49:30'),
(95, 'Quote0090', 'ghh', '2021-05-10', '0000-00-00', 'fvcg', '885', 'fhff@gmail.com', 0, 0, 0, 568.00, '', 'A', 0, 0, 74, '2021-05-10 16:59:23'),
(96, 'Quote0091', 'veeramani.j@spiderindia.com', '2021-06-04', '0000-00-00', 'chennai', '8973059944', 'veeramani.j@spiderindia.com', 0, 0, 0, 6534.00, '', 'A', 0, 0, 116, '2021-06-04 16:17:59'),
(97, 'Quote0092', 'Murugaraj', '2023-03-18', '0000-00-00', 'erode', '9843063000', 'srisuriya3@gmail.com', 0, 0, 0, 18.00, '', 'A', 0, 0, 66, '2023-03-18 13:18:28');

-- --------------------------------------------------------

--
-- Table structure for table `quote_charges`
--

CREATE TABLE `quote_charges` (
  `id` bigint(255) NOT NULL,
  `quote_id` bigint(255) NOT NULL,
  `charge_name` varchar(20) NOT NULL,
  `charge_type` int(11) NOT NULL,
  `charge_amount` float NOT NULL
) ENGINE=MyISAM DEFAULT CHARSET=latin1;

-- --------------------------------------------------------

--
-- Table structure for table `quote_description`
--

CREATE TABLE `quote_description` (
  `id` bigint(255) NOT NULL,
  `quote_id` int(11) NOT NULL,
  `product_name` varchar(255) NOT NULL,
  `product_desc` varchar(255) NOT NULL,
  `quantity` int(11) NOT NULL,
  `unit_price` decimal(10,2) NOT NULL
) ENGINE=InnoDB DEFAULT CHARSET=latin1;

--
-- Dumping data for table `quote_description`
--

INSERT INTO `quote_description` (`id`, `quote_id`, `product_name`, `product_desc`, `quantity`, `unit_price`) VALUES
(1, 1, '_3__4^', '', 55, 2.00),
(2, 2, 'cups', '', 10, 5.00),
(3, 3, 'test', '', 2, 2.00),
(4, 4, 'test', '', 2, 2.00),
(5, 5, 'test', '', 2, 2.00),
(6, 6, 'test', '', 2, 2.00),
(7, 7, 'test', '', 2, 1.00),
(8, 8, 'test', '', 2, 1.00),
(9, 9, 'te', '', 2, 2.00),
(10, 10, 'te', '', 2, 2.00),
(11, 11, 'te', '', 2, 2.00),
(12, 12, 'te', '', 2, 2.00),
(13, 13, 'testnte', '', 2, 2.00),
(14, 14, 're', '', 2, 2.00),
(15, 15, 'te', '', 2, 2.00),
(16, 16, 'te', '', 2, 2.00),
(17, 17, 'te', '', 2, 2.00),
(18, 18, 'te', '', 2, 2.00),
(19, 19, 'te', '', 2, 2.00),
(20, 20, 'te', '', 2, 2.00),
(21, 21, 'te', '', 2, 2.00),
(22, 22, 'te', '', 2, 2.00),
(23, 23, 'te', '', 2, 2.00),
(24, 24, 'te', '', 2, 2.00),
(25, 25, 'te', '', 2, 2.00),
(26, 26, 'te', '', 2, 2.00),
(27, 27, 'te', '', 2, 2.00),
(28, 28, 'te', '', 2, 2.00),
(29, 29, 'te', '', 2, 2.00),
(30, 30, 'te', '', 2, 2.00),
(31, 31, 'te', '', 2, 2.00),
(32, 32, 'te', '', 2, 2.00),
(33, 33, 'te', '', 2, 2.00),
(34, 34, 'te', '', 2, 2.00),
(35, 35, 'te', '', 2, 2.00),
(36, 36, 'te', '', 2, 2.00),
(37, 37, 'te', '', 2, 2.00),
(38, 38, 'chilli porotta', '', 2, 200.00),
(39, 39, 'te', '', 2, 2.00),
(40, 40, 'Bonda', '', 2, 50.00),
(41, 41, 'te', '', 2, 2.00),
(42, 42, 'Star UPS', '', 3, 2000.00),
(43, 42, 'Ups1', '', 5, 30000.00),
(44, 43, 'te', '', 2, 2.00),
(45, 44, 'ups', '', 2, 720000.00),
(46, 46, 'aaa', '', 5, 25.00),
(47, 47, 'G', '', 2, 35000.00),
(48, 51, 'ggg', '', 0, 0.00),
(49, 52, 'seo', '', 2, 100.00),
(50, 52, 'website', '', 2, 500.00),
(51, 53, 'l', '', 2, 600000.00),
(52, 54, '1233', '', 2, 100.00),
(53, 55, 'idly', '', 20, 20.00),
(54, 56, 'vada', '', 5, 25.00),
(55, 57, 'Iphone', '', 3, 4.00),
(56, 57, 'Iphone11', '', 5, 20.00),
(57, 57, 'Iphone12', '', 2, 250000.00),
(58, 58, 'seo', '', 2, 20.00),
(59, 73, 'apple', '', 2, 33.00),
(60, 73, 'keyboard', '', 40, 40.00),
(61, 74, 'apple', '', 2, 33.00),
(62, 74, 'keyboard', '', 40, 40.00),
(63, 75, 'apple', '', 2, 33.00),
(64, 75, 'keyboard', '', 40, 40.00),
(65, 76, 'apple', '', 2, 33.00),
(66, 76, 'keyboard', '', 40, 40.00),
(67, 77, 'apple', '', 2, 33.00),
(68, 77, 'keyboard', '', 40, 40.00),
(69, 78, 'apple', '', 2, 33.00),
(70, 78, 'keyboard', '', 40, 40.00),
(71, 79, 'apple', '', 2, 33.00),
(72, 79, 'keyboard', '', 40, 40.00),
(73, 80, 'apple', '', 2, 33.00),
(74, 80, 'keyboard', '', 40, 40.00),
(75, 81, 'apple', '', 2, 33.00),
(76, 81, 'keyboard', '', 40, 40.00),
(77, 82, 'apple', '', 2, 33.00),
(78, 82, 'keyboard', '', 40, 40.00),
(79, 83, 'apple', '', 2, 33.00),
(80, 83, 'keyboard', '', 40, 40.00),
(81, 84, 'apple', '', 2, 33.00),
(82, 84, 'keyboard', '', 40, 40.00),
(83, 85, 'apple', '', 4, 50.00),
(84, 85, 'eCommerce', '', 4, 4.00),
(85, 86, 'Mouse', '', 3, 5.00),
(86, 86, 'keyboard', '', 5, 5.00),
(87, 89, 'Mouse', '', 1, 1.00),
(88, 90, 'idly', '', 5, 30.00),
(89, 91, 'Rts', '', 25, 69.00),
(90, 92, 'hii', '', 2, 10.00),
(91, 93, 'tesy', '', 1, 10.00),
(92, 94, 'vbgg', '', 89, 8.00),
(93, 94, 'xgvh', '', 2, 2.00),
(94, 95, 'tgff', '', 55, 8.00),
(95, 96, 'product', '', 66, 99.00),
(96, 97, 'Tarpaulin sheet', '', 5, 3.00);

-- --------------------------------------------------------

--
-- Table structure for table `tbl_assignment`
--

CREATE TABLE `tbl_assignment` (
  `id` int(11) NOT NULL,
  `sponsor` int(11) NOT NULL,
  `manager_id` bigint(20) NOT NULL,
  `user_id` int(11) NOT NULL,
  `category_id` varchar(255) NOT NULL,
  `country` int(11) NOT NULL,
  `state` int(11) NOT NULL,
  `city` text NOT NULL,
  `target` int(11) NOT NULL,
  `a_date` varchar(20) NOT NULL,
  `status` tinyint(4) NOT NULL COMMENT '1 = activate , 2 = deactivate'
) ENGINE=MyISAM DEFAULT CHARSET=latin1;

--
-- Dumping data for table `tbl_assignment`
--

INSERT INTO `tbl_assignment` (`id`, `sponsor`, `manager_id`, `user_id`, `category_id`, `country`, `state`, `city`, `target`, `a_date`, `status`) VALUES
(1, 1068, 132, 100, '7', 101, 35, '3657,3659,4280', 150, '2021-10-05', 1),
(2, 1114, 134, 135, '8', 231, 3924, '43239', 10000, '2021-09-29', 0),
(3, 1114, 134, 135, '8,9', 231, 3975, '46785', 10000, '2021-10-06', 1),
(4, 1114, 134, 136, '12', 101, 35, '3659', 100000, '2021-10-06', 1),
(5, 1001, 141, 143, '8,9', 231, 3953, '47634', 100000, '2021-10-06', 1),
(6, 1114, 134, 138, '8', 231, 3956, '48019', 100000, '2021-10-06', 0),
(7, 1114, 134, 139, '9', 231, 3956, '48019', 100000, '2021-10-06', 1),
(8, 1001, 141, 142, '17', 101, 35, '3659', 10000, '2020-12-31', 1),
(9, 1001, 141, 142, '14', 101, 35, '3659', 1000000, '2021-12-31', 0),
(10, 1001, 141, 143, '19', 101, 35, '3659,3683', 100000, '2021-12-31', 1),
(11, 1114, 134, 138, '13', 101, 35, '3659', 10000, '2021-12-31', 1),
(12, 1068, 132, 100, '7', 101, 35, '4362,4363,4365', 0, '2021-10-07', 1),
(13, 1068, 132, 100, '7', 101, 1, '4,3,2', 0, '2021-10-07', 1),
(161, 1114, 134, 138, '49', 155, 2590, '29916,29917,29918,29919,29920,29921,29922,29923,29924,29925,29926,29927,29928,29929,29930,29931,29932,29933,29934,29935,29936,29937,29938,29939,29940,29941,29942,29943,29944,29945,29946,29947,29948,29949,29950,29951,29952,29953,29954,29955,29956,29957,29958,29959,29960,29961,29962,29963,29964,29965,29966,29967,29968,29969,29970,29971,29972,29973,29974,29975,29976,29977,29978,29979,29980,29981,29982,29983,29984,29985,29986,29987,29988,29989,29990,29991,29992,29993,29994,29995,29996,29997,29998,29999,30000,30001,30002,30003,30004,30005', 0, '2021-11-08', 1),
(15, 1068, 132, 100, '7', 227, 3762, '41182', 0, '2021-10-07', 1),
(16, 1001, 141, 140, '44', 13, 268, '6573,6574,6575,6576,6577,6578', 0, '2021-10-07', 1),
(17, 1068, 132, 100, '7', 101, 35, '3659,3912', 0, '2021-10-08', 1),
(18, 1114, 134, 139, '10', 231, 3956, '48019', 0, '2021-10-08', 1),
(19, 1114, 134, 138, '46', 231, 3970, '46516', 0, '2021-10-08', 1),
(20, 1114, 134, 135, '45', 231, 3924, '43239', 0, '2021-10-08', 1),
(21, 1114, 134, 135, '47', 231, 3956, '48019', 0, '2021-10-12', 1),
(22, 1114, 134, 138, '46', 231, 3970, '46384', 0, '2021-10-12', 1),
(23, 1001, 141, 140, '44', 13, 245, '6555,6556,6557', 0, '2021-10-12', 1),
(24, 1001, 141, 140, '44', 13, 247, '6558', 0, '2021-10-12', 1),
(25, 1001, 141, 140, '44', 13, 248, '6559', 0, '2021-10-12', 1),
(26, 1001, 141, 140, '44', 13, 269, '6579,6580,6581,6582,6583,6584,6585,6586,6587,6588,6589,6590,6591,6592,6593,6594,6595,6596,6597,6598,6599,6600,6601,6602,6603,6605,6606,6614,6628,6678', 0, '2021-10-12', 1),
(27, 1001, 141, 140, '44', 13, 269, '6627', 0, '2021-10-12', 1),
(28, 1001, 141, 140, '44', 13, 269, '6609,6641,6677', 0, '2021-10-12', 1),
(29, 1114, 134, 138, '46', 231, 3970, '46334', 0, '2021-10-13', 1),
(30, 1114, 134, 135, '47', 231, 3956, '47855', 0, '2021-10-13', 1),
(31, 1114, 134, 135, '47', 231, 3956, '48357', 0, '2021-10-13', 1),
(32, 1114, 134, 135, '47', 231, 3956, '48081', 0, '2021-10-13', 1),
(33, 1114, 134, 135, '47', 231, 3956, '48358', 0, '2021-10-13', 1),
(34, 1114, 134, 135, '47', 231, 3956, '48130', 0, '2021-10-15', 1),
(35, 1114, 134, 135, '47', 231, 3956, '48125', 0, '2021-10-15', 1),
(36, 1114, 134, 135, '47', 231, 3956, '48071', 0, '2021-10-15', 1),
(37, 1114, 134, 138, '46', 231, 3970, '46280', 0, '2021-10-15', 1),
(38, 1001, 141, 143, '48', 101, 35, '3683', 0, '2021-10-15', 1),
(39, 1001, 141, 143, '48', 101, 35, '3683', 0, '2021-10-15', 1),
(40, 1114, 134, 135, '47', 231, 3956, '48072', 0, '2021-10-15', 1),
(41, 1114, 134, 135, '47', 231, 3956, '47879', 0, '2021-10-15', 1),
(42, 1114, 135, 135, '47', 231, 3956, '47964', 0, '2021-10-15', 1),
(43, 1114, 134, 135, '47', 231, 3956, '48359', 0, '2021-10-16', 1),
(44, 1114, 135, 135, '47', 231, 3956, '48003', 0, '2021-10-16', 1),
(45, 1114, 134, 135, '47', 231, 3956, '48360', 0, '2021-10-16', 1),
(46, 1114, 134, 135, '47', 231, 3956, '48361', 0, '2021-10-16', 1),
(47, 1114, 134, 135, '47', 231, 3956, '48362', 0, '2021-10-16', 1),
(48, 1114, 134, 135, '47', 231, 3956, '48363', 0, '2021-10-16', 1),
(49, 1114, 134, 135, '47', 231, 3956, '47958', 0, '2021-10-16', 1),
(50, 1114, 134, 135, '47', 231, 3956, '48364', 0, '2021-10-16', 1),
(51, 1114, 135, 135, '47', 231, 3956, '48089', 0, '2021-10-16', 1),
(52, 1114, 134, 138, '46', 231, 3970, '46488', 0, '2021-10-16', 1),
(53, 1114, 134, 135, '47', 231, 3956, '48365', 0, '2021-10-16', 1),
(54, 1114, 134, 135, '47', 231, 3956, '48366', 0, '2021-10-16', 1),
(55, 1114, 134, 135, '47', 231, 3956, '48367', 0, '2021-10-16', 1),
(56, 1114, 134, 135, '47', 231, 3956, '48368', 0, '2021-10-16', 1),
(57, 1114, 134, 135, '47', 231, 3956, '48369', 0, '2021-10-16', 1),
(58, 1114, 134, 135, '47', 231, 3956, '48123', 0, '2021-10-16', 1),
(59, 1114, 135, 138, '46', 231, 3970, '46348', 0, '2021-10-16', 1),
(60, 1001, 141, 143, '48', 101, 35, '3912', 0, '2021-10-18', 1),
(61, 1114, 134, 135, '47', 231, 3956, '47866', 0, '2021-10-18', 1),
(62, 1114, 134, 135, '47', 231, 3956, '48047', 0, '2021-10-18', 1),
(63, 1114, 135, 135, '47', 231, 3956, '48048', 0, '2021-10-18', 1),
(64, 1001, 141, 146, '31,40', 101, 35, '3659', 0, '2021-10-18', 1),
(65, 1114, 134, 135, '47', 231, 3956, '48049', 0, '2021-10-18', 1),
(66, 1114, 135, 135, '47', 231, 3956, '48050', 0, '2021-10-18', 1),
(67, 1114, 134, 138, '46', 231, 3970, '46359', 0, '2021-10-18', 1),
(68, 1114, 134, 135, '47', 231, 3956, '48051', 0, '2021-10-18', 1),
(69, 1114, 134, 135, '47', 231, 3956, '48370', 0, '2021-10-18', 1),
(70, 1114, 135, 135, '47', 231, 3956, '48056', 0, '2021-10-18', 1),
(71, 1114, 134, 135, '47', 231, 3956, '48058', 0, '2021-10-18', 1),
(72, 1114, 135, 135, '47', 231, 3956, '48060', 0, '2021-10-18', 1),
(73, 1114, 134, 135, '47', 231, 3956, '48075', 0, '2021-10-18', 1),
(74, 1114, 135, 135, '47', 231, 3956, '48076', 0, '2021-10-18', 1),
(75, 1114, 134, 135, '47', 231, 3956, '48061', 0, '2021-10-18', 1),
(76, 1114, 135, 135, '47', 231, 3956, '48062', 0, '2021-10-18', 1),
(77, 1114, 134, 135, '47', 231, 3956, '48371', 0, '2021-10-18', 1),
(78, 1114, 135, 135, '47', 231, 3956, '48064', 0, '2021-10-18', 1),
(79, 1114, 134, 135, '47', 231, 3956, '48065', 0, '2021-10-18', 1),
(80, 1114, 134, 135, '47', 231, 3956, '48372', 0, '2021-10-18', 1),
(81, 1114, 134, 139, '10', 231, 3956, '48357', 0, '2021-10-18', 1),
(82, 1114, 134, 135, '47', 231, 3956, '48373', 0, '2021-10-19', 1),
(83, 1114, 134, 135, '47', 231, 3956, '48374', 0, '2021-10-19', 1),
(84, 1114, 135, 135, '47', 231, 3956, '48073', 0, '2021-10-19', 1),
(85, 1114, 134, 135, '47', 231, 3956, '48375', 0, '2021-10-19', 1),
(86, 1114, 134, 135, '47', 231, 3956, '48070', 0, '2021-10-19', 1),
(87, 1114, 135, 135, '47', 231, 3956, '48069', 0, '2021-10-19', 1),
(88, 1114, 134, 135, '47', 231, 3956, '48079', 0, '2021-10-19', 1),
(89, 1114, 134, 138, '46', 231, 3970, '46276', 0, '2021-10-19', 1),
(90, 1114, 134, 135, '47', 231, 3956, '48082', 0, '2021-10-19', 1),
(91, 1114, 134, 135, '47', 231, 3956, '48376', 0, '2021-10-19', 1),
(92, 1114, 135, 135, '47', 231, 3956, '48095', 0, '2021-10-19', 1),
(93, 1114, 134, 135, '47', 231, 3956, '48377', 0, '2021-10-19', 1),
(94, 1114, 134, 135, '47', 231, 3956, '48378', 0, '2021-10-19', 1),
(95, 1114, 135, 135, '47', 231, 3956, '48097', 0, '2021-10-19', 1),
(96, 1114, 134, 135, '47', 231, 3956, '48379', 0, '2021-10-19', 1),
(97, 1114, 135, 135, '47', 231, 3956, '48100', 0, '2021-10-19', 1),
(98, 1114, 134, 135, '47', 231, 3956, '48101', 0, '2021-10-19', 1),
(99, 1114, 134, 135, '47', 231, 3956, '48380', 0, '2021-10-19', 1),
(100, 1114, 134, 135, '47', 231, 3956, '48103', 0, '2021-10-20', 1),
(101, 1114, 135, 135, '47', 231, 3956, '48104', 0, '2021-10-20', 1),
(102, 1114, 134, 135, '47', 231, 3956, '48381', 0, '2021-10-20', 1),
(103, 1114, 134, 135, '47', 231, 3956, '48382', 0, '2021-10-20', 1),
(104, 1114, 134, 135, '47', 231, 3956, '48383', 0, '2021-10-20', 1),
(105, 1114, 134, 135, '47', 231, 3956, '48384', 0, '2021-10-20', 1),
(106, 1114, 135, 135, '47', 231, 3956, '48014', 0, '2021-10-20', 1),
(107, 1114, 134, 135, '47', 231, 3956, '48016', 0, '2021-10-20', 1),
(108, 1114, 135, 135, '47', 231, 3956, '48018', 0, '2021-10-20', 1),
(109, 1114, 134, 135, '47', 231, 3956, '48021', 0, '2021-10-20', 1),
(110, 1114, 134, 135, '47', 231, 3956, '48023', 0, '2021-10-20', 1),
(111, 1114, 135, 135, '47', 231, 3956, '48029', 0, '2021-10-20', 1),
(112, 1114, 134, 138, '46', 231, 3970, '46329', 0, '2021-10-20', 1),
(113, 1114, 135, 135, '47', 231, 3956, '48030', 0, '2021-10-20', 1),
(114, 1114, 134, 135, '47', 231, 3956, '48031', 0, '2021-10-20', 1),
(115, 1114, 134, 135, '47', 231, 3956, '48385', 0, '2021-10-20', 1),
(116, 1114, 134, 135, '47', 231, 3956, '48386', 0, '2021-10-20', 1),
(117, 1068, 132, 100, '7', 101, 17, '1518,1519,1520,1521,1522,1523,1524,1525,1526,1527,1528,1529,1530,1531,1532,1533,1534,1535,1536,1537,1538,1539,1540,1541,1542,1543,1544,1545,1546,1547,1548,1549,1550,1551,1552,1553,1554,1555,1556,1557,1558,1559,1560,1561,1562,1563,1564,1565,1566,1567,1568,1569,1570,1571,1572,1573,1574,1575,1576,1577,1578,1579,1580,1581,1582,1583,1584,1585,1586,1587,1588,1589,1590,1591,1592,1593,1594,1595,1596,1597,1598,1599,1600,1601,1602,1603,1604,1605,1606,1607,1608,1609,1610,1611,1612,1613,1614,1615,1616,1617,1618,1619,1620,1621,1622,1623,1624,1625,1626,1627,1628,1629,1630,1631,1632,1633,1634,1635,1636,1637,1638,1639,1640,1641,1642,1643,1644,1645,1646,1647,1648,1649,1650,1651,1652,1653,1654,1655,1656,1657,1658,1659,1660,1661,1662,1663,1664,1665,1666,1667,1668,1669,1670,1671,1672,1673,1674,1675,1676,1677,1678,1679,1680,1681,1682,1683,1684,1685,1686,1687,1688,1689,1690,1691,1692,1693,1694,1695,1696,1697,1698,1699,1700,1701,1702,1703,1704,1705,1706,1707,1708,1709,1710,1711,1712,1713,1714,1715,1716,1717,1718,1719,1720,1721,1722,1723,1724,1725,1726,1727,1728,1729,1730,1731,1732,1733,1734,1735,1736,1737,1738,1739,1740,1741,1742,1743,1744,1745,1746,1747,1748,1749,1750,1751,1752,1753,1754,1755,1756,1757,1758,1759,1760,1761,1762,1763,1764,1765,1766,1767,1768,1769,1770,1771,1772,1773,1774,1775,1776,1777,1778,1779,1780,1781,1782,1783,1784,1785,1786,1787,1788,1789,1790,1791,1792,1793,1794,1795,1796,1797,1798,1799,1800,1801,1802,1803,1804,1805,1806,1807,1808,1809,1810,1811,1812,1813,1814,1815,1816,1817,1818,1819,1820,1821,1822,1823,1824,1825,1826,1827,1828,1829,1830,1831,1832,1833,1834,1835,1836,1837,1838,1839,1840,1841,1842', 0, '2021-10-20', 1),
(118, 1114, 135, 135, '47', 231, 3956, '48005', 0, '2021-10-20', 1),
(119, 1114, 134, 138, '46', 231, 3970, '46424', 0, '2021-10-20', 1),
(120, 1114, 135, 135, '47', 231, 3956, '48006', 0, '2021-10-20', 1),
(121, 1114, 134, 135, '47', 231, 3956, '48387', 0, '2021-10-20', 1),
(122, 1114, 134, 135, '49,50', 231, 3924, '42798,42799,42800,42801,42802,42803,42804,42805,42806,42807,42808,42809,42810,42811,42812,42813,42814,42815,42816,42817,42818,42819,42820,42821,42822,42823,42824,42825,42826,42827,42828,42829,42830,42831,42832,42833,42834,42835,42836,42837,42838,42839,42840,42841,42842,42843,42844,42845,42846,42847,42848,42849,42850,42851,42852,42853,42854,42855,42856,42857,42858,42859,42860,42861,42862,42863,42864,42865,42866,42867,42868,42869,42870,42871,42872,42873,42874,42875,42876,42877,42878,42879,42880,42881,42882,42883,42884,42885,42886,42887,42888,42889,42890,42891,42892,42893,42894,42895,42896,42897,42898,42899,42900,42901,42902,42903,42904,42905,42906,42907,42908,42909,42910,42911,42912,42913,42914,42915,42916,42917,42918,42919,42920,42921,42922,42923,42924,42925,42926,42927,42928,42929,42930,42931,42932,42933,42934,42935,42936,42937,42938,42939,42940,42941,42942,42943,42944,42945,42946,42947,42948,42949,42950,42951,42952,42953,42954,42955,42956,42957,42958,42959,42960,42961,42962,42963,42964,42965,42966,42967,42968,42969,42970,42971,42972,42973,42974,42975,42976,42977,42978,42979,42980,42981,42982,42983,42984,42985,42986,42987,42988,42989,42990,42991,42992,42993,42994,42995,42996,42997,42998,42999,43000,43001,43002,43003,43004,43005,43006,43007,43008,43009,43010,43011,43012,43013,43014,43015,43016,43017,43018,43019,43020,43021,43022,43023,43024,43025,43026,43027,43028,43029,43030,43031,43032,43033,43034,43035,43036,43037,43038,43039,43040,43041,43042,43043,43044,43045,43046,43047,43048,43049,43050,43051,43052,43053,43054,43055,43056,43057,43058,43059,43060,43061,43062,43063,43064,43065,43066,43067,43068,43069,43070,43071,43072,43073,43074,43075,43076,43077,43078,43079,43080,43081,43082,43083,43084,43085,43086,43087,43088,43089,43090,43091,43092,43093,43094,43095,43096,43097,43098,43099,43100,43101,43102,43103,43104,43105,43106,43107,43108,43109,43110,43111,43112,43113,43114,43115,43116,43117,43118,43119,43120,43121,43122,43123,43124,43125,43126,43127,43128,43129,43130,43131,43132,43133,43134,43135,43136,43137,43138,43139,43140,43141,43142,43143,43144,43145,43146,43147,43148,43149,43150,43151,43152,43153,43154,43155,43156,43157,43158,43159,43160,43161,43162,43163,43164,43165,43166,43167,43168,43169,43170,43171,43172,43173,43174,43175,43176,43177,43178,43179,43180,43181,43182,43183,43184,43185,43186,43187,43188,43189,43190,43191,43192,43193,43194,43195,43196,43197,43198,43199,43200,43201,43202,43203,43204,43205,43206,43207,43208,43209,43210,43211,43212,43213,43214,43215,43216,43217,43218,43219,43220,43221,43222,43223,43224,43225,43226,43227,43228,43229,43230,43231,43232,43233,43234,43235,43236,43237,43238,43239,43240,43241,43242,43243,43244,43245,43246,43247,43248,43249,43250,43251,43252,43253,43254,43255,43256,43257,43258,43259,43260,43261,43262,43263,43264,43265,43266,43267,43268,43269,43270,43271,43272,43273,43274,43275,43276,43277,43278,43279,43280,43281,43282,43283,43284,43285,43286,43287,43288,43289,43290,43291,43292,43293,43294,43295,43296,43297,43298,43299,43300,43301,43302,43303,43304,43305,43306,43307,43308,43309,43310,43311,43312,43313,43314,43315,43316,43317,43318,43319,43320,43321,43322,43323,43324,43325,43326,43327,43328,43329,43330,43331,43332,43333,43334,43335,43336,43337,43338,43339,43340,43341,43342,43343,43344,43345,43346,43347,43348,43349,43350,43351,43352,43353,43354,43355,43356,43357,43358,43359,43360,43361,43362,43363,43364,43365,43366,43367,43368,43369,43370,43371,43372,43373,43374,43375,43376,43377,43378,43379,43380,43381,43382', 0, '2021-10-20', 1),
(123, 1114, 134, 138, '49,50', 231, 3943, '44902,44903,44904,44905,44906,44907,44908,44909,44910,44911,44912,44913,44914,44915,44916,44917,44918,44919,44920,44921,44922,44923,44924,44925,44926,44927,44928,44929,44930,44931,44932,44933,44934,44935,44936,44937,44938,44939,44940,44941,44942,44943,44944,44945,44946,44947,44948,44949,44950,44951,44952,44953,44954,44955,44956,44957,44958,44959,44960,44961,44962,44963,44964,44965,44966,44967,44968,44969,44970,44971,44972,44973,44974,44975,44976,44977,44978,44979,44980,44981,44982,44983,44984,44985,44986,44987,44988,44989,44990,44991,44992,44993,44994,44995,44996,44997,44998,44999,45000,45001,45002,45003,45004,45005,45006,45007,45008,45009,45010,45011,45012,45013,45014,45015,45016,45017,45018,45019,45020,45021,45022,45023,45024,45025,45026,45027,45028,45029,45030,45031,45032,45033,45034,45035,45036,45037,45038,45039,45040,45041,45042,45043,45044,45045,45046,45047,45048,45049,45050,45051,45052,45053,45054,45055,45056,45057,45058,45059,45060,45061,45062,45063,45064,45065,45066,45067,45068,45069,45070,45071,45072,45073', 0, '2021-10-20', 1),
(124, 1114, 134, 139, '8', 231, 3941, '44708,44709,44710,44711,44712,44713,44714,44715,44716,44717,44718,44719,44720,44721,44722,44723,44724,44725,44726,44727,44728,44729,44730,44731,44732,44733,44734,44735,44736,44737,44738,44739,44740,44741,44742,44743,44744,44745,44746,44747,44748', 0, '2021-10-20', 1),
(125, 1068, 132, 91, '7,51', 101, 35, '3551,3552,3553,3554,3555,3556,3557,3558,3559,3560,3561,3562,3563,3564,3565,3566,3567,3568,3569,3570,3571,3572,3573,3574,3575,3576,3577,3578,3579,3580,3581,3582,3583,3584,3585,3586,3587,3588,3589,3590,3591,3592,3593,3594,3595,3596,3597,3598,3599,3600,3601,3602,3603,3604,3605,3606,3607,3608,3609,3610,3611,3612,3613,3614,3615,3616,3617,3618,3619,3620,3621,3622,3623,3624,3625,3626,3627,3628,3629,3630,3631,3632,3633,3634,3635,3636,3637,3638,3639,3640,3641,3642,3643,3644,3645,3646,3647,3648,3649,3650,3651,3652,3653,3654,3655,3656,3657,3658,3659,3660,3661,3662,3663,3664,3665,3666,3667,3668,3669,3670,3671,3672,3673,3674,3675,3676,3677,3678,3679,3680,3681,3682,3683,3684,3685,3686,3687,3688,3689,3690,3691,3692,3693,3694,3695,3696,3697,3698,3699,3700,3701,3702,3703,3704,3705,3706,3707,3708,3709,3710,3711,3712,3713,3714,3715,3716,3717,3718,3719,3720,3721,3722,3723,3724,3725,3726,3727,3728,3729,3730,3731,3732,3733,3734,3735,3736,3737,3738,3739,3740,3741,3742,3743,3744,3745,3746,3747,3748,3749,3750,3751,3752,3753,3754,3755,3756,3757,3758,3759,3760,3761,3762,3763,3764,3765,3766,3767,3768,3769,3770,3771,3772,3773,3774,3775,3776,3777,3778,3779,3780,3781,3782,3783,3784,3785,3786,3787,3788,3789,3790,3791,3792,3793,3794,3795,3796,3797,3798,3799,3800,3801,3802,3803,3804,3805,3806,3807,3808,3809,3810,3811,3812,3813,3814,3815,3816,3817,3818,3819,3820,3821,3822,3823,3824,3825,3826,3827,3828,3829,3830,3831,3832,3833,3834,3835,3836,3837,3838,3839,3840,3841,3842,3843,3844,3845,3846,3847,3848,3849,3850,3851,3852,3853,3854,3855,3856,3857,3858,3859,3860,3861,3862,3863,3864,3865,3866,3867,3868,3869,3870,3871,3872,3873,3874,3875,3876,3877,3878,3879,3880,3881,3882,3883,3884,3885,3886,3887,3888,3889,3890,3891,3892,3893,3894,3895,3896,3897,3898,3899,3900,3901,3902,3903,3904,3905,3906,3907,3908,3909,3910,3911,3912,3913,3914,3915,3916,3917,3918,3919,3920,3921,3922,3923,3924,3925,3926,3927,3928,3929,3930,3931,3932,3933,3934,3935,3936,3937,3938,3939,3940,3941,3942,3943,3944,3945,3946,3947,3948,3949,3950,3951,3952,3953,3954,3955,3956,3957,3958,3959,3960,3961,3962,3963,3964,3965,3966,3967,3968,3969,3970,3971,3972,3973,3974,3975,3976,3977,3978,3979,3980,3981,3982,3983,3984,3985,3986,3987,3988,3989,3990,3991,3992,3993,3994,3995,3996,3997,3998,3999,4000,4001,4002,4003,4004,4005,4006,4007,4008,4009,4010,4011,4012,4013,4014,4015,4016,4017,4018,4019,4020,4021,4022,4023,4024,4025,4026,4027,4028,4029,4030,4031,4032,4033,4034,4035,4036,4037,4038,4039,4040,4041,4042,4043,4044,4045,4046,4047,4048,4049,4050,4051,4052,4053,4054,4055,4056,4057,4058,4059,4060,4061,4062,4063,4064,4065,4066,4067,4068,4069,4070,4071,4072,4073,4074,4075,4076,4077,4078,4079,4080,4081,4082,4083,4084,4085,4086,4087,4088,4089,4090,4091,4092,4093,4094,4095,4096,4097,4098,4099,4100,4101,4102,4103,4104,4105,4106,4107,4108,4109,4110,4111,4112,4113,4114,4115,4116,4117,4118,4119,4120,4121,4122,4123,4124,4125,4126,4127,4128,4129,4130,4131,4132,4133,4134,4135,4136,4137,4138,4139,4140,4141,4142,4143,4144,4145,4146,4147,4148,4149,4150,4151,4152,4153,4154,4155,4156,4157,4158,4159,4160,4161,4162,4163,4164,4165,4166,4167,4168,4169,4170,4171,4172,4173,4174,4175,4176,4177,4178,4179,4180,4181,4182,4183,4184,4185,4186,4187,4188,4189,4190,4191,4192,4193,4194,4195,4196,4197,4198,4199,4200,4201,4202,4203,4204,4205,4206,4207,4208,4209,4210,4211,4212,4213,4214,4215,4216,4217,4218,4219,4220,4221,4222,4223,4224,4225,4226,4227,4228,4229,4230,4231,4232,4233,4234,4235,4236,4237,4238,4239,4240,4241,4242,4243,4244,4245,4246,4247,4248,4249,4250,4251,4252,4253,4254,4255,4256,4257,4258,4259,4260,4261,4262,4263,4264,4265,4266,4267,4268,4269,4270,4271,4272,4273,4274,4275,4276,4277,4278,4279,4280,4281,4282,4283,4284,4285,4286,4287,4288,4289,4290,4291,4292,4293,4294,4295,4296,4297,4298,4299,4300,4301,4302,4303,4304,4305,4306,4307,4308,4309,4310,4311,4312,4313,4314,4315,4316,4317,4318,4319,4320,4321,4322,4323,4324,4325,4326,4327,4328,4329,4330,4331,4332,4333,4334,4335,4336,4337,4338,4339,4340,4341,4342,4343,4344,4345,4346,4347,4348,4349,4350,4351,4352,4353,4354,4355,4356,4357,4358,4359,4360,4361,4362,4363,4364,4365,4366,4367,4368,4369,4370,4371,4372,4373,4374,4375,4376,4377,4378,4379,4380,4381,4382,4383,4384,4385,4386,4387,4388,4389,4390,4391,4392,4393,4394,4395,4396,4397,4398,4399,4400,4401,4402,4403,4404,4405,4406,4407,4408,4409,4410,4411,4412,4413,4414,4415,4416,4417,4418,4419,4420,4421,4422,4423,4424,4425,4426,4427,4428,4429,4430,4431,4432,4433,4434,4435,4436,4437,4438,4439,4440,4441', 0, '2021-10-20', 1),
(126, 1068, 132, 100, '52', 231, 3932, '44063,44064,44065,44066,44067,44068,44069,44070,44071,44072,44073,44074,44075,44076,44077,44078,44079,44080,44081,44082,44083,44084,44085,44086,44087,44088,44089,44090,44091,44092,44093,44094,44095,44096,44097,44098,44099,44100,44101,44102', 0, '2021-10-20', 1),
(127, 1068, 101, 69, '53', 13, 273, '6696,6697,6698,6699,6700,6701,6702,6703,6704,6705,6706,6707,6708,6709,6710,6711,6712,6713,6714,6715,6716,6717,6718,6719,6720,6721,6722,6723,6724,6725,6726,6727,6728,6729,6730,6731,6732,6733,6734,6735,6736,6737,6738,6739,6740,6741,6742,6743,6744,6745,6746,6747,6748,6749,6750,6751,6752,6753,6754,6755,6756,6757,6758,6759,6760,6761,6762,6763,6764,6765,6766,6767,6768,6769,6770,6771,6772,6773,6774,6775,6776,6777,6778,6779,6780,6781,6782,6783,6784,6785,6786,6787,6788,6789,6790,6791,6792,6793,6794,6795,6796,6797,6798,6799,6800,6801,6802,6803,6804,6805,6806,6807,6808,6809,6810,6811,6812,6813,6814,6815,6816,6817,6818,6819,6820,6821,6822,6823,6824,6825,6826,6827,6828,6829,6830,6831', 0, '2021-10-20', 1),
(128, 1114, 134, 135, '47', 231, 3956, '48009', 0, '2021-10-20', 1),
(129, 1001, 141, 143, '25', 101, 35, '3659', 0, '2021-10-21', 1),
(130, 1001, 141, 140, '44', 13, 245, '6555,6556,6557', 0, '2021-10-22', 1),
(131, 1001, 141, 140, '44', 13, 269, '6579,6580,6581,6582,6583,6584,6585,6586,6587,6588,6589,6590,6591,6592,6593,6594,6595,6596,6597,6598,6599,6600,6601,6602,6603,6604,6605,6606,6607,6608,6609,6610,6611,6612,6613,6614,6615,6616,6617,6618,6619,6620,6621,6622,6623,6624,6625,6626,6627,6628,6629,6630,6631,6632,6633,6634,6635,6636,6637,6638,6639,6640,6641,6642,6643,6644,6645,6646,6647,6648,6649,6650,6651,6652,6653,6654,6655,6656,6657,6658,6659,6660,6661,6662,6663,6664,6665,6666,6667,6668,6669,6670,6671,6672,6673,6674,6675,6676,6677,6678,6679,6680,6681,6682,6683', 0, '2021-10-22', 1),
(132, 1001, 141, 140, '44', 13, 273, '6696,6697,6698,6699,6700,6701,6702,6703,6704,6705,6706,6707,6708,6709,6710,6711,6712,6713,6714,6715,6716,6717,6718,6719,6720,6721,6722,6723,6724,6725,6726,6727,6728,6729,6730,6731,6732,6733,6734,6735,6736,6737,6738,6739,6740,6741,6742,6743,6744,6745,6746,6747,6748,6749,6750,6751,6752,6753,6754,6755,6756,6757,6758,6759,6760,6761,6762,6763,6764,6765,6766,6767,6768,6769,6770,6771,6772,6773,6774,6775,6776,6777,6778,6779,6780,6781,6782,6783,6784,6785,6786,6787,6788,6789,6790,6791,6792,6793,6794,6795,6796,6797,6798,6799,6800,6801,6802,6803,6804,6805,6806,6807,6808,6809,6810,6811,6812,6813,6814,6815,6816,6817,6818,6819,6820,6821,6822,6823,6824,6825,6826,6827,6828,6829,6830,6831', 0, '2021-10-22', 1),
(133, 1001, 141, 140, '44', 13, 248, '6559', 0, '2021-10-22', 1),
(134, 1001, 141, 140, '44', 13, 249, '6560', 0, '2021-10-22', 1),
(135, 1001, 141, 140, '44', 13, 271, '6684,6685,6686,6687,6688,6689,6690,6691,6692,6693,6694', 0, '2021-10-22', 1),
(136, 1001, 141, 142, '18', 101, 35, '3551,3552,3553,3554,3555,3556,3557,3558,3559,3560,3561,3562,3563,3564,3565,3566,3567,3568,3569,3570,3571,3572,3573,3574,3575,3576,3577,3578,3579,3580,3581,3582,3583,3584,3585,3586,3587,3588,3589,3590,3591,3592,3593,3594,3595,3596,3597,3598,3599,3600,3601,3602,3603,3604,3605,3606,3607,3608,3609,3610,3611,3612,3613,3614,3615,3616,3617,3618,3619,3620,3621,3622,3623,3624,3625,3626,3627,3628,3629,3630,3631,3632,3633,3634,3635,3636,3637,3638,3639,3640,3641,3642,3643,3644,3645,3646,3647,3648,3649,3650,3651,3652,3653,3654,3655,3656,3657,3658,3659,3660,3661,3662,3663,3664,3665,3666,3667,3668,3669,3670,3671,3672,3673,3674,3675,3676,3677,3678,3679,3680,3681,3682,3683,3684,3685,3686,3687,3688,3689,3690,3691,3692,3693,3694,3695,3696,3697,3698,3699,3700,3701,3702,3703,3704,3705,3706,3707,3708,3709,3710,3711,3712,3713,3714,3715,3716,3717,3718,3719,3720,3721,3722,3723,3724,3725,3726,3727,3728,3729,3730,3731,3732,3733,3734,3735,3736,3737,3738,3739,3740,3741,3742,3743,3744,3745,3746,3747,3748,3749,3750,3751,3752,3753,3754,3755,3756,3757,3758,3759,3760,3761,3762,3763,3764,3765,3766,3767,3768,3769,3770,3771,3772,3773,3774,3775,3776,3777,3778,3779,3780,3781,3782,3783,3784,3785,3786,3787,3788,3789,3790,3791,3792,3793,3794,3795,3796,3797,3798,3799,3800,3801,3802,3803,3804,3805,3806,3807,3808,3809,3810,3811,3812,3813,3814,3815,3816,3817,3818,3819,3820,3821,3822,3823,3824,3825,3826,3827,3828,3829,3830,3831,3832,3833,3834,3835,3836,3837,3838,3839,3840,3841,3842,3843,3844,3845,3846,3847,3848,3849,3850,3851,3852,3853,3854,3855,3856,3857,3858,3859,3860,3861,3862,3863,3864,3865,3866,3867,3868,3869,3870,3871,3872,3873,3874,3875,3876,3877,3878,3879,3880,3881,3882,3883,3884,3885,3886,3887,3888,3889,3890,3891,3892,3893,3894,3895,3896,3897,3898,3899,3900,3901,3902,3903,3904,3905,3906,3907,3908,3909,3910,3911,3912,3913,3914,3915,3916,3917,3918,3919,3920,3921,3922,3923,3924,3925,3926,3927,3928,3929,3930,3931,3932,3933,3934,3935,3936,3937,3938,3939,3940,3941,3942,3943,3944,3945,3946,3947,3948,3949,3950,3951,3952,3953,3954,3955,3956,3957,3958,3959,3960,3961,3962,3963,3964,3965,3966,3967,3968,3969,3970,3971,3972,3973,3974,3975,3976,3977,3978,3979,3980,3981,3982,3983,3984,3985,3986,3987,3988,3989,3990,3991,3992,3993,3994,3995,3996,3997,3998,3999,4000,4001,4002,4003,4004,4005,4006,4007,4008,4009,4010,4011,4012,4013,4014,4015,4016,4017,4018,4019,4020,4021,4022,4023,4024,4025,4026,4027,4028,4029,4030,4031,4032,4033,4034,4035,4036,4037,4038,4039,4040,4041,4042,4043,4044,4045,4046,4047,4048,4049,4050,4051,4052,4053,4054,4055,4056,4057,4058,4059,4060,4061,4062,4063,4064,4065,4066,4067,4068,4069,4070,4071,4072,4073,4074,4075,4076,4077,4078,4079,4080,4081,4082,4083,4084,4085,4086,4087,4088,4089,4090,4091,4092,4093,4094,4095,4096,4097,4098,4099,4100,4101,4102,4103,4104,4105,4106,4107,4108,4109,4110,4111,4112,4113,4114,4115,4116,4117,4118,4119,4120,4121,4122,4123,4124,4125,4126,4127,4128,4129,4130,4131,4132,4133,4134,4135,4136,4137,4138,4139,4140,4141,4142,4143,4144,4145,4146,4147,4148,4149,4150,4151,4152,4153,4154,4155,4156,4157,4158,4159,4160,4161,4162,4163,4164,4165,4166,4167,4168,4169,4170,4171,4172,4173,4174,4175,4176,4177,4178,4179,4180,4181,4182,4183,4184,4185,4186,4187,4188,4189,4190,4191,4192,4193,4194,4195,4196,4197,4198,4199,4200,4201,4202,4203,4204,4205,4206,4207,4208,4209,4210,4211,4212,4213,4214,4215,4216,4217,4218,4219,4220,4221,4222,4223,4224,4225,4226,4227,4228,4229,4230,4231,4232,4233,4234,4235,4236,4237,4238,4239,4240,4241,4242,4243,4244,4245,4246,4247,4248,4249,4250,4251,4252,4253,4254,4255,4256,4257,4258,4259,4260,4261,4262,4263,4264,4265,4266,4267,4268,4269,4270,4271,4272,4273,4274,4275,4276,4277,4278,4279,4280,4281,4282,4283,4284,4285,4286,4287,4288,4289,4290,4291,4292,4293,4294,4295,4296,4297,4298,4299,4300,4301,4302,4303,4304,4305,4306,4307,4308,4309,4310,4311,4312,4313,4314,4315,4316,4317,4318,4319,4320,4321,4322,4323,4324,4325,4326,4327,4328,4329,4330,4331,4332,4333,4334,4335,4336,4337,4338,4339,4340,4341,4342,4343,4344,4345,4346,4347,4348,4349,4350,4351,4352,4353,4354,4355,4356,4357,4358,4359,4360,4361,4362,4363,4364,4365,4366,4367,4368,4369,4370,4371,4372,4373,4374,4375,4376,4377,4378,4379,4380,4381,4382,4383,4384,4385,4386,4387,4388,4389,4390,4391,4392,4393,4394,4395,4396,4397,4398,4399,4400,4401,4402,4403,4404,4405,4406,4407,4408,4409,4410,4411,4412,4413,4414,4415,4416,4417,4418,4419,4420,4421,4422,4423,4424,4425,4426,4427,4428,4429,4430,4431,4432,4433,4434,4435,4436,4437,4438,4439,4440,4441', 0, '2021-10-25', 1),
(137, 1114, 134, 139, '8', 231, 3952, '47577,47578,47579,47580,47581,47582,47583,47584,47585,47586,47587,47588,47589,47590,47591,47592,47593,47594,47595,47596,47597,47598,47599,47600,47601,47602,47603,47604,47605,47606,47607,47608,47609,47610,47611,47612,47613,47614,47615,47616,47617,47618,47619,47620,47621,47622,47623,47624,47625,47626,47627,47628,47629,47630,47631,47632', 0, '2021-10-27', 1),
(138, 1001, 141, 146, '31', 101, 35, '3683', 0, '2021-10-28', 1),
(139, 1114, 134, 139, '8', 127, 2237, '26497', 0, '2021-11-01', 1),
(140, 1114, 134, 138, '49', 155, 2585, '29855', 0, '2021-11-02', 1),
(141, 1001, 141, 146, '31', 101, 35, '3912', 0, '2021-11-02', 1),
(142, 1114, 134, 138, '50', 155, 2586, '29856', 0, '2021-11-02', 1),
(143, 1114, 134, 138, '49', 155, 2587, '29857,29858,29859,29860,29861,29862,29863,29864,29865,29866,29867,29868,29869,29870,29871,29872,29873,29874', 0, '2021-11-03', 1),
(144, 1114, 134, 138, '49', 155, 2588, '29875,29876,29877,29878,29879,29880', 0, '2021-11-05', 1),
(145, 1001, 141, 146, '31', 101, 35, '4401', 0, '2021-11-05', 1),
(146, 1001, 141, 140, '44', 155, 2585, '29855', 0, '2021-11-05', 1),
(147, 1001, 141, 140, '44', 155, 2586, '29856', 0, '2021-11-05', 1),
(148, 1001, 141, 140, '44', 155, 2587, '29857,29858,29859,29860,29861,29862,29863,29864,29865,29866,29867,29868,29869,29870,29871,29872,29873,29874', 0, '2021-11-05', 1),
(149, 1001, 141, 140, '44', 155, 2588, '29875,29876,29877,29878,29879,29880', 0, '2021-11-05', 1),
(150, 1001, 141, 140, '44', 155, 2589, '29881,29882,29883,29884,29885,29886,29887,29888,29889,29890,29891,29892,29893,29894,29895,29896,29897,29898,29899,29900,29901,29902,29903,29904,29905,29906,29907,29908,29909,29910,29911,29912,29913,29914,29915', 0, '2021-11-05', 1),
(151, 1001, 141, 140, '44', 155, 2590, '29916,29917,29918,29919,29920,29921,29922,29923,29924,29925,29926,29927,29928,29929,29930,29931,29932,29933,29934,29935,29936,29937,29938,29939,29940,29941,29942,29943,29944,29945,29946,29947,29948,29949,29950,29951,29952,29953,29954,29955,29956,29957,29958,29959,29960,29961,29962,29963,29964,29965,29966,29967,29968,29969,29970,29971,29972,29973,29974,29975,29976,29977,29978,29979,29980,29981,29982,29983,29984,29985,29986,29987,29988,29989,29990,29991,29992,29993,29994,29995,29996,29997,29998,29999,30000,30001,30002,30003,30004,30005', 0, '2021-11-05', 1),
(152, 1001, 141, 140, '44', 155, 2591, '30006,30007,30008,30009,30010,30011,30012,30013,30014,30015,30016,30017,30018,30019,30020,30021,30022,30023,30024,30025,30026,30027,30028,30029,30030', 0, '2021-11-05', 1),
(153, 1001, 141, 140, '44', 155, 2592, '30031,30032,30033,30034,30035,30036,30037,30038,30039,30040,30041,30042,30043,30044,30045,30046,30047,30048,30049,30050,30051,30052,30053,30054,30055,30056,30057,30058,30059,30060,30061,30062,30063,30064,30065,30066,30067,30068,30069,30070,30071,30072,30073,30074,30075,30076,30077,30078,30079,30080,30081,30082,30083,30084', 0, '2021-11-05', 1),
(154, 1001, 141, 140, '44', 155, 2593, '30085,30086,30087,30088,30089,30090,30091,30092,30093,30094,30095,30096,30097,30098,30099,30100,30101,30102,30103,30104,30105,30106,30107,30108,30109,30110,30111,30112,30113,30114,30115,30116,30117,30118,30119,30120,30121,30122,30123,30124,30125,30126,30127,30128,30129,30130,30131,30132,30133,30134,30135,30136,30137,30138,30139,30140,30141,30142,30143,30144,30145,30146,30147,30148,30149,30150,30151,30152,30153,30154,30155,30156,30157,30158,30159,30160,30161,30162,30163,30164,30165,30166,30167,30168,30169,30170,30171,30172,30173,30174', 0, '2021-11-05', 1),
(155, 1001, 141, 140, '44', 155, 2594, '30175,30176,30177,30178,30179,30180,30181,30182,30183,30184,30185,30186,30187,30188,30189,30190,30191,30192,30193,30194,30195,30196,30197,30198,30199,30200,30201,30202,30203,30204,30205,30206,30207,30208,30209,30210,30211,30212,30213,30214,30215,30216,30217,30218,30219,30220,30221,30222,30223,30224,30225,30226,30227,30228,30229,30230,30231,30232,30233,30234,30235,30236,30237,30238,30239,30240,30241,30242,30243,30244,30245,30246,30247,30248,30249,30250,30251,30252,30253,30254,30255,30256,30257,30258,30259,30260,30261', 0, '2021-11-05', 1),
(156, 1001, 141, 140, '44', 155, 2595, '30262,30263,30264,30265,30266,30267,30268,30269,30270,30271,30272,30273,30274,30275,30276,30277,30278,30279,30280,30281,30282,30283,30284,30285,30286,30287,30288,30289,30290,30291,30292,30293,30294,30295,30296,30297,30298', 0, '2021-11-05', 1),
(157, 1001, 141, 140, '44', 155, 2597, '30299,30300,30301,30302,30303,30304,30305,30306,30307,30308,30309,30310,30311,30312,30313,30314,30315,30316,30317,30318,30319,30320,30321,30322,30323,30324,30325,30326,30327,30328,30329,30330,30331,30332,30333,30334,30335,30336,30337,30338,30339,30340', 0, '2021-11-05', 1),
(158, 1001, 141, 140, '44', 155, 2597, '30299,30300,30301,30302,30303,30304,30305,30306,30307,30308,30309,30310,30311,30312,30313,30314,30315,30316,30317,30318,30319,30320,30321,30322,30323,30324,30325,30326,30327,30328,30329,30330,30331,30332,30333,30334,30335,30336,30337,30338,30339,30340', 0, '2021-11-05', 1),
(159, 1001, 141, 140, '44', 155, 2599, '30360,30361,30362,30363,30364,30365,30366,30367,30368,30369,30370,30371,30372,30373,30374,30375,30376,30377,30378,30379,30380,30381,30382,30383,30384,30385,30386,30387,30388,30389,30390,30391,30392,30393,30394,30395,30396,30397,30398,30399,30400,30401,30402,30403,30404,30405,30406,30407,30408,30409,30410,30411,30412,30413,30414,30415,30416,30417,30418,30419,30420,30421,30422,30423,30424,30425,30426,30427,30428,30429,30430,30431,30432,30433,30434,30435,30436,30437,30438,30439,30440,30441,30442,30443,30444,30445,30446,30447,30448,30449,30450,30451', 0, '2021-11-05', 1),
(160, 1114, 135, 138, '49', 155, 2589, '29881,29882,29883,29884,29885,29886,29887,29888,29889,29890,29891,29892,29893,29894,29895,29896,29897,29898,29899,29900,29901,29902,29903,29904,29905,29906,29907,29908,29909,29910,29911,29912,29913,29914,29915', 0, '2021-11-06', 1),
(162, 1001, 141, 146, '31', 101, 35, '4328', 0, '2021-11-08', 1),
(163, 1001, 141, 146, '31', 101, 35, '3551,3552,3553,3554,3555,3556,3557,3558,3559,3560,3561,3562,3563,3564,3565,3566,3567,3568,3569,3570,3571,3572,3573,3574,3575,3576,3577,3578,3579,3580,3581,3582,3583,3584,3585,3586,3587,3588,3589,3590,3591,3592,3593,3594,3595,3596,3597,3598,3599,3600,3601,3602,3603,3604,3605,3606,3607,3608,3609,3610,3611,3612,3613,3614,3615,3616,3617,3618,3619,3620,3621,3622,3623,3624,3625,3626,3627,3628,3629,3630,3631,3632,3633,3634,3635,3636,3637,3638,3639,3640,3641,3642,3643,3644,3645,3646,3647,3648,3649,3650,3651,3652,3653,3654,3655,3656,3657,3658,3659,3660,3661,3662,3663,3664,3665,3666,3667,3668,3669,3670,3671,3672,3673,3674,3675,3676,3677,3678,3679,3680,3681,3682,3683,3684,3685,3686,3687,3688,3689,3690,3691,3692,3693,3694,3695,3696,3697,3698,3699,3700,3701,3702,3703,3704,3705,3706,3707,3708,3709,3710,3711,3712,3713,3714,3715,3716,3717,3718,3719,3720,3721,3722,3723,3724,3725,3726,3727,3728,3729,3730,3731,3732,3733,3734,3735,3736,3737,3738,3739,3740,3741,3742,3743,3744,3745,3746,3747,3748,3749,3750,3751,3752,3753,3754,3755,3756,3757,3758,3759,3760,3761,3762,3763,3764,3765,3766,3767,3768,3769,3770,3771,3772,3773,3774,3775,3776,3777,3778,3779,3780,3781,3782,3783,3784,3785,3786,3787,3788,3789,3790,3791,3792,3793,3794,3795,3796,3797,3798,3799,3800,3801,3802,3803,3804,3805,3806,3807,3808,3809,3810,3811,3812,3813,3814,3815,3816,3817,3818,3819,3820,3821,3822,3823,3824,3825,3826,3827,3828,3829,3830,3831,3832,3833,3834,3835,3836,3837,3838,3839,3840,3841,3842,3843,3844,3845,3846,3847,3848,3849,3850,3851,3852,3853,3854,3855,3856,3857,3858,3859,3860,3861,3862,3863,3864,3865,3866,3867,3868,3869,3870,3871,3872,3873,3874,3875,3876,3877,3878,3879,3880,3881,3882,3883,3884,3885,3886,3887,3888,3889,3890,3891,3892,3893,3894,3895,3896,3897,3898,3899,3900,3901,3902,3903,3904,3905,3906,3907,3908,3909,3910,3911,3912,3913,3914,3915,3916,3917,3918,3919,3920,3921,3922,3923,3924,3925,3926,3927,3928,3929,3930,3931,3932,3933,3934,3935,3936,3937,3938,3939,3940,3941,3942,3943,3944,3945,3946,3947,3948,3949,3950,3951,3952,3953,3954,3955,3956,3957,3958,3959,3960,3961,3962,3963,3964,3965,3966,3967,3968,3969,3970,3971,3972,3973,3974,3975,3976,3977,3978,3979,3980,3981,3982,3983,3984,3985,3986,3987,3988,3989,3990,3991,3992,3993,3994,3995,3996,3997,3998,3999,4000,4001,4002,4003,4004,4005,4006,4007,4008,4009,4010,4011,4012,4013,4014,4015,4016,4017,4018,4019,4020,4021,4022,4023,4024,4025,4026,4027,4028,4029,4030,4031,4032,4033,4034,4035,4036,4037,4038,4039,4040,4041,4042,4043,4044,4045,4046,4047,4048,4049,4050,4051,4052,4053,4054,4055,4056,4057,4058,4059,4060,4061,4062,4063,4064,4065,4066,4067,4068,4069,4070,4071,4072,4073,4074,4075,4076,4077,4078,4079,4080,4081,4082,4083,4084,4085,4086,4087,4088,4089,4090,4091,4092,4093,4094,4095,4096,4097,4098,4099,4100,4101,4102,4103,4104,4105,4106,4107,4108,4109,4110,4111,4112,4113,4114,4115,4116,4117,4118,4119,4120,4121,4122,4123,4124,4125,4126,4127,4128,4129,4130,4131,4132,4133,4134,4135,4136,4137,4138,4139,4140,4141,4142,4143,4144,4145,4146,4147,4148,4149,4150,4151,4152,4153,4154,4155,4156,4157,4158,4159,4160,4161,4162,4163,4164,4165,4166,4167,4168,4169,4170,4171,4172,4173,4174,4175,4176,4177,4178,4179,4180,4181,4182,4183,4184,4185,4186,4187,4188,4189,4190,4191,4192,4193,4194,4195,4196,4197,4198,4199,4200,4201,4202,4203,4204,4205,4206,4207,4208,4209,4210,4211,4212,4213,4214,4215,4216,4217,4218,4219,4220,4221,4222,4223,4224,4225,4226,4227,4228,4229,4230,4231,4232,4233,4234,4235,4236,4237,4238,4239,4240,4241,4242,4243,4244,4245,4246,4247,4248,4249,4250,4251,4252,4253,4254,4255,4256,4257,4258,4259,4260,4261,4262,4263,4264,4265,4266,4267,4268,4269,4270,4271,4272,4273,4274,4275,4276,4277,4278,4279,4280,4281,4282,4283,4284,4285,4286,4287,4288,4289,4290,4291,4292,4293,4294,4295,4296,4297,4298,4299,4300,4301,4302,4303,4304,4305,4306,4307,4308,4309,4310,4311,4312,4313,4314,4315,4316,4317,4318,4319,4320,4321,4322,4323,4324,4325,4326,4327,4328,4329,4330,4331,4332,4333,4334,4335,4336,4337,4338,4339,4340,4341,4342,4343,4344,4345,4346,4347,4348,4349,4350,4351,4352,4353,4354,4355,4356,4357,4358,4359,4360,4361,4362,4363,4364,4365,4366,4367,4368,4369,4370,4371,4372,4373,4374,4375,4376,4377,4378,4379,4380,4381,4382,4383,4384,4385,4386,4387,4388,4389,4390,4391,4392,4393,4394,4395,4396,4397,4398,4399,4400,4401,4402,4403,4404,4405,4406,4407,4408,4409,4410,4411,4412,4413,4414,4415,4416,4417,4418,4419,4420,4421,4422,4423,4424,4425,4426,4427,4428,4429,4430,4431,4432,4433,4434,4435,4436,4437,4438,4439,4440,4441', 0, '2021-11-09', 1),
(164, 1114, 134, 139, '9', 127, 2237, '26497', 0, '2021-11-09', 1),
(165, 1114, 134, 139, '49', 127, 2237, '26497', 0, '2021-11-10', 1),
(166, 1114, 134, 139, '54', 127, 2237, '26497', 0, '2021-11-13', 1),
(167, 1001, 141, 146, '55', 127, 2237, '26497', 0, '2021-11-16', 1),
(168, 1114, 134, 138, '49', 155, 2591, '30006,30007,30008,30009,30010,30011,30012,30013,30014,30015,30016,30017,30018,30019,30020,30021,30022,30023,30024,30025,30026,30027,30028,30029,30030', 0, '2021-11-17', 1),
(169, 1001, 141, 146, '55', 127, 2237, '26483,26484,26485,26486,26487,26488,26489,26490,26491,26492,26493,26494,26495,26496,26497,26498,26499,26500,26501,26502,26503,26504,26505,26506,26507,26508,26509,26510,26511,26512,26513,26514,26515,26516,26517,26518', 0, '2021-11-18', 1),
(170, 1114, 134, 139, '54', 127, 2237, '26483,26484,26485,26486,26487,26488,26489,26490,26491,26492,26493,26494,26495,26496,26497,26498,26499,26500,26501,26502,26503,26504,26505,26506,26507,26508,26509,26510,26511,26512,26513,26514,26515,26516,26517,26518', 0, '2021-11-18', 1),
(171, 1114, 134, 138, '49', 155, 2592, '30031,30032,30033,30034,30035,30036,30037,30038,30039,30040,30041,30042,30043,30044,30045,30046,30047,30048,30049,30050,30051,30052,30053,30054,30055,30056,30057,30058,30059,30060,30061,30062,30063,30064,30065,30066,30067,30068,30069,30070,30071,30072,30073,30074,30075,30076,30077,30078,30079,30080,30081,30082,30083,30084', 0, '2021-11-19', 1),
(172, 1001, 141, 146, '55', 155, 2585, '29855', 0, '2021-11-19', 1),
(173, 1114, 134, 139, '54', 155, 2585, '29855', 0, '2021-11-19', 1),
(174, 1001, 141, 146, '55', 155, 2586, '29856', 0, '2021-11-20', 1),
(175, 1114, 134, 139, '54', 155, 2586, '29856', 0, '2021-11-20', 1),
(176, 1114, 134, 139, '54', 155, 2587, '29857,29858,29859,29860,29861,29862,29863,29864,29865,29866,29867,29868,29869,29870,29871,29872,29873,29874', 0, '2021-11-20', 1),
(177, 1001, 141, 146, '55', 155, 2587, '29857,29858,29859,29860,29861,29862,29863,29864,29865,29866,29867,29868,29869,29870,29871,29872,29873,29874', 0, '2021-11-21', 1),
(178, 1114, 134, 139, '54', 155, 2587, '29857,29858,29859,29860,29861,29862,29863,29864,29865,29866,29867,29868,29869,29870,29871,29872,29873,29874', 0, '2021-11-22', 1),
(179, 1114, 134, 139, '54', 155, 2588, '29875,29876,29877,29878,29879,29880', 0, '2021-11-22', 1),
(180, 1114, 134, 139, '54', 155, 2589, '29881,29882,29883,29884,29885,29886,29887,29888,29889,29890,29891,29892,29893,29894,29895,29896,29897,29898,29899,29900,29901,29902,29903,29904,29905,29906,29907,29908,29909,29910,29911,29912,29913,29914,29915', 0, '2021-11-22', 1),
(181, 1114, 134, 138, '49', 155, 2593, '30085,30086,30087,30088,30089,30090,30091,30092,30093,30094,30095,30096,30097,30098,30099,30100,30101,30102,30103,30104,30105,30106,30107,30108,30109,30110,30111,30112,30113,30114,30115,30116,30117,30118,30119,30120,30121,30122,30123,30124,30125,30126,30127,30128,30129,30130,30131,30132,30133,30134,30135,30136,30137,30138,30139,30140,30141,30142,30143,30144,30145,30146,30147,30148,30149,30150,30151,30152,30153,30154,30155,30156,30157,30158,30159,30160,30161,30162,30163,30164,30165,30166,30167,30168,30169,30170,30171,30172,30173,30174', 0, '2021-11-23', 1),
(182, 1114, 134, 139, '54', 155, 2590, '29916,29917,29918,29919,29920,29921,29922,29923,29924,29925,29926,29927,29928,29929,29930,29931,29932,29933,29934,29935,29936,29937,29938,29939,29940,29941,29942,29943,29944,29945,29946,29947,29948,29949,29950,29951,29952,29953,29954,29955,29956,29957,29958,29959,29960,29961,29962,29963,29964,29965,29966,29967,29968,29969,29970,29971,29972,29973,29974,29975,29976,29977,29978,29979,29980,29981,29982,29983,29984,29985,29986,29987,29988,29989,29990,29991,29992,29993,29994,29995,29996,29997,29998,29999,30000,30001,30002,30003,30004,30005', 0, '2021-11-23', 1),
(183, 1114, 134, 139, '54', 155, 2591, '30006,30007,30008,30009,30010,30011,30012,30013,30014,30015,30016,30017,30018,30019,30020,30021,30022,30023,30024,30025,30026,30027,30028,30029,30030', 0, '2021-11-25', 1),
(184, 1114, 135, 135, '8', 155, 2585, '29855', 0, '2021-11-25', 1),
(185, 1114, 134, 139, '54', 155, 2592, '30031,30032,30033,30034,30035,30036,30037,30038,30039,30040,30041,30042,30043,30044,30045,30046,30047,30048,30049,30050,30051,30052,30053,30054,30055,30056,30057,30058,30059,30060,30061,30062,30063,30064,30065,30066,30067,30068,30069,30070,30071,30072,30073,30074,30075,30076,30077,30078,30079,30080,30081,30082,30083,30084', 0, '2021-11-26', 1),
(186, 1114, 134, 135, '8', 155, 2586, '29856', 0, '2021-11-26', 1),
(187, 1114, 134, 135, '8', 155, 2587, '29857,29858,29859,29860,29861,29862,29863,29864,29865,29866,29867,29868,29869,29870,29871,29872,29873,29874', 0, '2021-11-26', 1),
(188, 1001, 141, 146, '55', 155, 2588, '29875,29876,29877,29878,29879,29880', 0, '2021-11-26', 1),
(189, 1114, 134, 139, '54', 155, 2593, '30085,30086,30087,30088,30089,30090,30091,30092,30093,30094,30095,30096,30097,30098,30099,30100,30101,30102,30103,30104,30105,30106,30107,30108,30109,30110,30111,30112,30113,30114,30115,30116,30117,30118,30119,30120,30121,30122,30123,30124,30125,30126,30127,30128,30129,30130,30131,30132,30133,30134,30135,30136,30137,30138,30139,30140,30141,30142,30143,30144,30145,30146,30147,30148,30149,30150,30151,30152,30153,30154,30155,30156,30157,30158,30159,30160,30161,30162,30163,30164,30165,30166,30167,30168,30169,30170,30171,30172,30173,30174', 0, '2021-11-26', 1),
(190, 1114, 134, 135, '8', 155, 2588, '29875,29876,29877,29878,29879,29880', 0, '2021-11-29', 1),
(191, 1001, 141, 146, '55', 155, 2589, '29881,29882,29883,29884,29885,29886,29887,29888,29889,29890,29891,29892,29893,29894,29895,29896,29897,29898,29899,29900,29901,29902,29903,29904,29905,29906,29907,29908,29909,29910,29911,29912,29913,29914,29915', 0, '2021-11-29', 1),
(192, 1114, 134, 135, '8', 155, 2589, '29881,29882,29883,29884,29885,29886,29887,29888,29889,29890,29891,29892,29893,29894,29895,29896,29897,29898,29899,29900,29901,29902,29903,29904,29905,29906,29907,29908,29909,29910,29911,29912,29913,29914,29915', 0, '2021-11-29', 1),
(193, 1114, 134, 135, '8', 155, 2590, '29916,29917,29918,29919,29920,29921,29922,29923,29924,29925,29926,29927,29928,29929,29930,29931,29932,29933,29934,29935,29936,29937,29938,29939,29940,29941,29942,29943,29944,29945,29946,29947,29948,29949,29950,29951,29952,29953,29954,29955,29956,29957,29958,29959,29960,29961,29962,29963,29964,29965,29966,29967,29968,29969,29970,29971,29972,29973,29974,29975,29976,29977,29978,29979,29980,29981,29982,29983,29984,29985,29986,29987,29988,29989,29990,29991,29992,29993,29994,29995,29996,29997,29998,29999,30000,30001,30002,30003,30004,30005', 0, '2021-11-30', 1),
(194, 1114, 134, 139, '54', 155, 2594, '30175,30176,30177,30178,30179,30180,30181,30182,30183,30184,30185,30186,30187,30188,30189,30190,30191,30192,30193,30194,30195,30196,30197,30198,30199,30200,30201,30202,30203,30204,30205,30206,30207,30208,30209,30210,30211,30212,30213,30214,30215,30216,30217,30218,30219,30220,30221,30222,30223,30224,30225,30226,30227,30228,30229,30230,30231,30232,30233,30234,30235,30236,30237,30238,30239,30240,30241,30242,30243,30244,30245,30246,30247,30248,30249,30250,30251,30252,30253,30254,30255,30256,30257,30258,30259,30260,30261', 0, '2021-12-01', 1),
(195, 1001, 141, 146, '55', 155, 2590, '29916,29917,29918,29919,29920,29921,29922,29923,29924,29925,29926,29927,29928,29929,29930,29931,29932,29933,29934,29935,29936,29937,29938,29939,29940,29941,29942,29943,29944,29945,29946,29947,29948,29949,29950,29951,29952,29953,29954,29955,29956,29957,29958,29959,29960,29961,29962,29963,29964,29965,29966,29967,29968,29969,29970,29971,29972,29973,29974,29975,29976,29977,29978,29979,29980,29981,29982,29983,29984,29985,29986,29987,29988,29989,29990,29991,29992,29993,29994,29995,29996,29997,29998,29999,30000,30001,30002,30003,30004,30005', 0, '2021-12-02', 1),
(196, 1114, 134, 139, '54', 155, 2595, '30262,30263,30264,30265,30266,30267,30268,30269,30270,30271,30272,30273,30274,30275,30276,30277,30278,30279,30280,30281,30282,30283,30284,30285,30286,30287,30288,30289,30290,30291,30292,30293,30294,30295,30296,30297,30298', 0, '2021-12-03', 1),
(197, 1114, 134, 135, '8', 155, 2591, '30006,30007,30008,30009,30010,30011,30012,30013,30014,30015,30016,30017,30018,30019,30020,30021,30022,30023,30024,30025,30026,30027,30028,30029,30030', 0, '2021-12-04', 1),
(600, 1001, 141, 148, '75', 101, 35, '3659', 0, '2022-04-21', 1),
(601, 1001, 141, 143, '76', 101, 17, '1518,1519,1520,1521,1522,1523,1524,1525,1526,1527,1528,1529,1530,1531,1532,1533,1534,1535,1536,1537,1538,1539,1540,1541,1542,1543,1544,1545,1546,1547,1548,1549,1550,1551,1552,1553,1554,1555,1556,1557,1558,1559,1560,1561,1562,1563,1564,1565,1566,1567,1568,1569,1570,1571,1572,1573,1574,1575,1576,1577,1578,1579,1580,1581,1582,1583,1584,1585,1586,1587,1588,1589,1590,1591,1592,1593,1594,1595,1596,1597,1598,1599,1600,1601,1602,1603,1604,1605,1606,1607,1608,1609,1610,1611,1612,1613,1614,1615,1616,1617,1618,1619,1620,1621,1622,1623,1624,1625,1626,1627,1628,1629,1630,1631,1632,1633,1634,1635,1636,1637,1638,1639,1640,1641,1642,1643,1644,1645,1646,1647,1648,1649,1650,1651,1652,1653,1654,1655,1656,1657,1658,1659,1660,1661,1662,1663,1664,1665,1666,1667,1668,1669,1670,1671,1672,1673,1674,1675,1676,1677,1678,1679,1680,1681,1682,1683,1684,1685,1686,1687,1688,1689,1690,1691,1692,1693,1694,1695,1696,1697,1698,1699,1700,1701,1702,1703,1704,1705,1706,1707,1708,1709,1710,1711,1712,1713,1714,1715,1716,1717,1718,1719,1720,1721,1722,1723,1724,1725,1726,1727,1728,1729,1730,1731,1732,1733,1734,1735,1736,1737,1738,1739,1740,1741,1742,1743,1744,1745,1746,1747,1748,1749,1750,1751,1752,1753,1754,1755,1756,1757,1758,1759,1760,1761,1762,1763,1764,1765,1766,1767,1768,1769,1770,1771,1772,1773,1774,1775,1776,1777,1778,1779,1780,1781,1782,1783,1784,1785,1786,1787,1788,1789,1790,1791,1792,1793,1794,1795,1796,1797,1798,1799,1800,1801,1802,1803,1804,1805,1806,1807,1808,1809,1810,1811,1812,1813,1814,1815,1816,1817,1818,1819,1820,1821,1822,1823,1824,1825,1826,1827,1828,1829,1830,1831,1832,1833,1834,1835,1836,1837,1838,1839,1840,1841,1842,48496', 0, '2022-04-25', 1),
(199, 1001, 141, 143, '25', 101, 35, '3683', 0, '2021-12-04', 1),
(200, 1114, 134, 138, '49', 155, 2594, '30175,30176,30177,30178,30179,30180,30181,30182,30183,30184,30185,30186,30187,30188,30189,30190,30191,30192,30193,30194,30195,30196,30197,30198,30199,30200,30201,30202,30203,30204,30205,30206,30207,30208,30209,30210,30211,30212,30213,30214,30215,30216,30217,30218,30219,30220,30221,30222,30223,30224,30225,30226,30227,30228,30229,30230,30231,30232,30233,30234,30235,30236,30237,30238,30239,30240,30241,30242,30243,30244,30245,30246,30247,30248,30249,30250,30251,30252,30253,30254,30255,30256,30257,30258,30259,30260,30261', 0, '2021-12-06', 1),
(201, 1114, 134, 135, '8', 155, 2592, '30031,30032,30033,30034,30035,30036,30037,30038,30039,30040,30041,30042,30043,30044,30045,30046,30047,30048,30049,30050,30051,30052,30053,30054,30055,30056,30057,30058,30059,30060,30061,30062,30063,30064,30065,30066,30067,30068,30069,30070,30071,30072,30073,30074,30075,30076,30077,30078,30079,30080,30081,30082,30083,30084', 0, '2021-12-06', 1),
(202, 1001, 141, 146, '56', 132, 2307, '26917,26918,26919,26920,26921,26922,26923,26924,26925,26926,26927,26928,26929,26930,26931,26932,26933,26934,26935,26936,26937,26938,26939,26940,26941', 0, '2021-12-06', 1),
(203, 1114, 134, 139, '54', 155, 2597, '30299,30300,30301,30302,30303,30304,30305,30306,30307,30308,30309,30310,30311,30312,30313,30314,30315,30316,30317,30318,30319,30320,30321,30322,30323,30324,30325,30326,30327,30328,30329,30330,30331,30332,30333,30334,30335,30336,30337,30338,30339,30340', 0, '2021-12-07', 1),
(204, 1114, 134, 135, '8', 155, 2593, '30085,30086,30087,30088,30089,30090,30091,30092,30093,30094,30095,30096,30097,30098,30099,30100,30101,30102,30103,30104,30105,30106,30107,30108,30109,30110,30111,30112,30113,30114,30115,30116,30117,30118,30119,30120,30121,30122,30123,30124,30125,30126,30127,30128,30129,30130,30131,30132,30133,30134,30135,30136,30137,30138,30139,30140,30141,30142,30143,30144,30145,30146,30147,30148,30149,30150,30151,30152,30153,30154,30155,30156,30157,30158,30159,30160,30161,30162,30163,30164,30165,30166,30167,30168,30169,30170,30171,30172,30173,30174', 0, '2021-12-08', 1);
INSERT INTO `tbl_assignment` (`id`, `sponsor`, `manager_id`, `user_id`, `category_id`, `country`, `state`, `city`, `target`, `a_date`, `status`) VALUES
(205, 1114, 134, 139, '54', 155, 2598, '30341,30342,30343,30344,30345,30346,30347,30348,30349,30350,30351,30352,30353,30354,30355,30356,30357,30358,30359', 0, '2021-12-09', 1),
(206, 1001, 141, 146, '56', 132, 2308, '26942,26943,26944,26945,26946,26947,26948,26949,26950,26951', 0, '2021-12-09', 1),
(207, 1114, 134, 139, '54', 155, 2599, '30360,30361,30362,30363,30364,30365,30366,30367,30368,30369,30370,30371,30372,30373,30374,30375,30376,30377,30378,30379,30380,30381,30382,30383,30384,30385,30386,30387,30388,30389,30390,30391,30392,30393,30394,30395,30396,30397,30398,30399,30400,30401,30402,30403,30404,30405,30406,30407,30408,30409,30410,30411,30412,30413,30414,30415,30416,30417,30418,30419,30420,30421,30422,30423,30424,30425,30426,30427,30428,30429,30430,30431,30432,30433,30434,30435,30436,30437,30438,30439,30440,30441,30442,30443,30444,30445,30446,30447,30448,30449,30450,30451', 0, '2021-12-09', 1),
(208, 1001, 141, 146, '56', 132, 2309, '26952,26953,26954,26955,26956,26957,26958,26959,26960,26961', 0, '2021-12-14', 1),
(209, 1114, 134, 139, '54', 154, 2580, '29851', 0, '2021-12-14', 1),
(210, 1001, 141, 146, '56', 132, 2311, '26962', 0, '2021-12-15', 1),
(211, 1114, 134, 138, '49', 155, 2595, '30262,30263,30264,30265,30266,30267,30268,30269,30270,30271,30272,30273,30274,30275,30276,30277,30278,30279,30280,30281,30282,30283,30284,30285,30286,30287,30288,30289,30290,30291,30292,30293,30294,30295,30296,30297,30298', 0, '2021-12-15', 1),
(212, 1001, 141, 143, '21', 101, 35, '3683', 0, '2021-12-15', 1),
(213, 1001, 141, 146, '56', 132, 2312, '26963,26964,26965,26966,26967,26968,26969,26970,26971,26972,26973,26974,26975,26976', 0, '2021-12-15', 1),
(214, 1114, 134, 135, '8', 155, 2594, '30175,30176,30177,30178,30179,30180,30181,30182,30183,30184,30185,30186,30187,30188,30189,30190,30191,30192,30193,30194,30195,30196,30197,30198,30199,30200,30201,30202,30203,30204,30205,30206,30207,30208,30209,30210,30211,30212,30213,30214,30215,30216,30217,30218,30219,30220,30221,30222,30223,30224,30225,30226,30227,30228,30229,30230,30231,30232,30233,30234,30235,30236,30237,30238,30239,30240,30241,30242,30243,30244,30245,30246,30247,30248,30249,30250,30251,30252,30253,30254,30255,30256,30257,30258,30259,30260,30261', 0, '2021-12-15', 1),
(215, 1114, 134, 139, '54', 154, 2581, '29852,29853', 0, '2021-12-16', 1),
(217, 1114, 134, 138, '49', 155, 2597, '30299,30300,30301,30302,30303,30304,30305,30306,30307,30308,30309,30310,30311,30312,30313,30314,30315,30316,30317,30318,30319,30320,30321,30322,30323,30324,30325,30326,30327,30328,30329,30330,30331,30332,30333,30334,30335,30336,30337,30338,30339,30340', 0, '2021-12-17', 1),
(218, 1001, 141, 146, '56', 132, 2315, '26977,26978,26979,26980,26981,26982,26983,26984,26985,26986,26987,26988', 0, '2021-12-17', 1),
(219, 1114, 134, 139, '57', 101, 35, '3659', 0, '2021-12-17', 1),
(220, 1001, 141, 143, '59', 101, 35, '3683', 0, '2021-12-18', 1),
(221, 1001, 141, 146, '56', 132, 2316, '26989,26990,26991', 0, '2021-12-21', 1),
(222, 1114, 134, 135, '8', 155, 2595, '30262,30263,30264,30265,30266,30267,30268,30269,30270,30271,30272,30273,30274,30275,30276,30277,30278,30279,30280,30281,30282,30283,30284,30285,30286,30287,30288,30289,30290,30291,30292,30293,30294,30295,30296,30297,30298', 0, '2021-12-21', 1),
(223, 1114, 134, 139, '60', 101, 35, '3659', 0, '2021-12-21', 1),
(224, 1001, 141, 146, '56', 132, 2317, '26992,26993,26994,26995,26996,26997,26998,26999,27000,27001,27002,27003,27004,27005,27006,27007,27008,27009,27010,27011,27012', 0, '2021-12-22', 1),
(225, 1001, 141, 143, '25', 101, 35, '3686', 0, '2021-12-22', 1),
(226, 1001, 141, 143, '59', 101, 35, '3686', 0, '2021-12-22', 1),
(227, 1114, 134, 138, '49', 155, 2598, '30341,30342,30343,30344,30345,30346,30347,30348,30349,30350,30351,30352,30353,30354,30355,30356,30357,30358,30359', 0, '2021-12-23', 1),
(228, 1114, 134, 138, '49', 155, 2599, '30360,30361,30362,30363,30364,30365,30366,30367,30368,30369,30370,30371,30372,30373,30374,30375,30376,30377,30378,30379,30380,30381,30382,30383,30384,30385,30386,30387,30388,30389,30390,30391,30392,30393,30394,30395,30396,30397,30398,30399,30400,30401,30402,30403,30404,30405,30406,30407,30408,30409,30410,30411,30412,30413,30414,30415,30416,30417,30418,30419,30420,30421,30422,30423,30424,30425,30426,30427,30428,30429,30430,30431,30432,30433,30434,30435,30436,30437,30438,30439,30440,30441,30442,30443,30444,30445,30446,30447,30448,30449,30450,30451', 0, '2021-12-23', 1),
(229, 1001, 141, 143, '21', 101, 35, '3686', 0, '2021-12-24', 1),
(230, 1001, 141, 146, '56', 132, 2318, '27013,27014', 0, '2021-12-24', 1),
(231, 1001, 141, 146, '56', 132, 2320, '27015,27016,27017,27018,27019,27020,27021,27022,27023,27024,27025,27026,27027,27028,27029', 0, '2021-12-24', 1),
(232, 1001, 141, 143, '25', 101, 35, '3912', 0, '2021-12-27', 1),
(233, 1114, 134, 135, '8', 155, 2597, '30299,30300,30301,30302,30303,30304,30305,30306,30307,30308,30309,30310,30311,30312,30313,30314,30315,30316,30317,30318,30319,30320,30321,30322,30323,30324,30325,30326,30327,30328,30329,30330,30331,30332,30333,30334,30335,30336,30337,30338,30339,30340', 0, '2021-12-27', 1),
(234, 1114, 134, 139, '57', 101, 35, '3683', 0, '2021-12-27', 1),
(235, 1114, 134, 139, '54', 155, 2596, '48388,48389,48390,48391,48392,48393,48394,48395,48396,48397,48398,48399,48400,48401,48402,48403,48404,48405,48406,48407,48408,48409,48410,48411,48412,48413,48414,48415,48416,48417,48418,48419,48420,48421,48422,48423,48424,48425,48426,48427,48428,48429,48430,48431,48432,48433,48434,48435,48436', 0, '2021-12-28', 1),
(236, 1114, 135, 146, '56', 132, 2321, '27030,27031,27032,27033,27034,27035,27036,27037,27038,27039,27040', 0, '2021-12-28', 1),
(237, 1001, 141, 146, '56', 132, 2321, '27030,27031,27032,27033,27034,27035,27036,27037,27038,27039,27040', 0, '2021-12-29', 1),
(238, 1114, 134, 135, '8', 155, 2598, '30341,30342,30343,30344,30345,30346,30347,30348,30349,30350,30351,30352,30353,30354,30355,30356,30357,30358,30359', 0, '2021-12-29', 1),
(239, 1114, 134, 135, '8', 155, 2596, '48388,48389,48390,48391,48392,48393,48394,48395,48396,48397,48398,48399,48400,48401,48402,48403,48404,48405,48406,48407,48408,48409,48410,48411,48412,48413,48414,48415,48416,48417,48418,48419,48420,48421,48422,48423,48424,48425,48426,48427,48428,48429,48430,48431,48432,48433,48434,48435,48436', 0, '2021-12-30', 1),
(241, 1001, 141, 148, '28,32', 101, 35, '3551,3552,3553,3554,3555,3556,3557,3558,3559,3560,3561,3562,3563,3564,3565,3566,3567,3568,3569,3570,3571,3572,3573,3574,3575,3576,3577,3578,3579,3580,3581,3582,3583,3584,3585,3586,3587,3588,3589,3590,3591,3592,3593,3594,3595,3596,3597,3598,3599,3600,3601,3602,3603,3604,3605,3606,3607,3608,3609,3610,3611,3612,3613,3614,3615,3616,3617,3618,3619,3620,3621,3622,3623,3624,3625,3626,3627,3628,3629,3630,3631,3632,3633,3634,3635,3636,3637,3638,3639,3640,3641,3642,3643,3644,3645,3646,3647,3648,3649,3650,3651,3652,3653,3654,3655,3656,3657,3658,3659,3660,3661,3662,3663,3664,3665,3666,3667,3668,3669,3670,3671,3672,3673,3674,3675,3676,3677,3678,3679,3680,3681,3682,3683,3684,3685,3686,3687,3688,3689,3690,3691,3692,3693,3694,3695,3696,3697,3698,3699,3700,3701,3702,3703,3704,3705,3706,3707,3708,3709,3710,3711,3712,3713,3714,3715,3716,3717,3718,3719,3720,3721,3722,3723,3724,3725,3726,3727,3728,3729,3730,3731,3732,3733,3734,3735,3736,3737,3738,3739,3740,3741,3742,3743,3744,3745,3746,3747,3748,3749,3750,3751,3752,3753,3754,3755,3756,3757,3758,3759,3760,3761,3762,3763,3764,3765,3766,3767,3768,3769,3770,3771,3772,3773,3774,3775,3776,3777,3778,3779,3780,3781,3782,3783,3784,3785,3786,3787,3788,3789,3790,3791,3792,3793,3794,3795,3796,3797,3798,3799,3800,3801,3802,3803,3804,3805,3806,3807,3808,3809,3810,3811,3812,3813,3814,3815,3816,3817,3818,3819,3820,3821,3822,3823,3824,3825,3826,3827,3828,3829,3830,3831,3832,3833,3834,3835,3836,3837,3838,3839,3840,3841,3842,3843,3844,3845,3846,3847,3848,3849,3850,3851,3852,3853,3854,3855,3856,3857,3858,3859,3860,3861,3862,3863,3864,3865,3866,3867,3868,3869,3870,3871,3872,3873,3874,3875,3876,3877,3878,3879,3880,3881,3882,3883,3884,3885,3886,3887,3888,3889,3890,3891,3892,3893,3894,3895,3896,3897,3898,3899,3900,3901,3902,3903,3904,3905,3906,3907,3908,3909,3910,3911,3912,3913,3914,3915,3916,3917,3918,3919,3920,3921,3922,3923,3924,3925,3926,3927,3928,3929,3930,3931,3932,3933,3934,3935,3936,3937,3938,3939,3940,3941,3942,3943,3944,3945,3946,3947,3948,3949,3950,3951,3952,3953,3954,3955,3956,3957,3958,3959,3960,3961,3962,3963,3964,3965,3966,3967,3968,3969,3970,3971,3972,3973,3974,3975,3976,3977,3978,3979,3980,3981,3982,3983,3984,3985,3986,3987,3988,3989,3990,3991,3992,3993,3994,3995,3996,3997,3998,3999,4000,4001,4002,4003,4004,4005,4006,4007,4008,4009,4010,4011,4012,4013,4014,4015,4016,4017,4018,4019,4020,4021,4022,4023,4024,4025,4026,4027,4028,4029,4030,4031,4032,4033,4034,4035,4036,4037,4038,4039,4040,4041,4042,4043,4044,4045,4046,4047,4048,4049,4050,4051,4052,4053,4054,4055,4056,4057,4058,4059,4060,4061,4062,4063,4064,4065,4066,4067,4068,4069,4070,4071,4072,4073,4074,4075,4076,4077,4078,4079,4080,4081,4082,4083,4084,4085,4086,4087,4088,4089,4090,4091,4092,4093,4094,4095,4096,4097,4098,4099,4100,4101,4102,4103,4104,4105,4106,4107,4108,4109,4110,4111,4112,4113,4114,4115,4116,4117,4118,4119,4120,4121,4122,4123,4124,4125,4126,4127,4128,4129,4130,4131,4132,4133,4134,4135,4136,4137,4138,4139,4140,4141,4142,4143,4144,4145,4146,4147,4148,4149,4150,4151,4152,4153,4154,4155,4156,4157,4158,4159,4160,4161,4162,4163,4164,4165,4166,4167,4168,4169,4170,4171,4172,4173,4174,4175,4176,4177,4178,4179,4180,4181,4182,4183,4184,4185,4186,4187,4188,4189,4190,4191,4192,4193,4194,4195,4196,4197,4198,4199,4200,4201,4202,4203,4204,4205,4206,4207,4208,4209,4210,4211,4212,4213,4214,4215,4216,4217,4218,4219,4220,4221,4222,4223,4224,4225,4226,4227,4228,4229,4230,4231,4232,4233,4234,4235,4236,4237,4238,4239,4240,4241,4242,4243,4244,4245,4246,4247,4248,4249,4250,4251,4252,4253,4254,4255,4256,4257,4258,4259,4260,4261,4262,4263,4264,4265,4266,4267,4268,4269,4270,4271,4272,4273,4274,4275,4276,4277,4278,4279,4280,4281,4282,4283,4284,4285,4286,4287,4288,4289,4290,4291,4292,4293,4294,4295,4296,4297,4298,4299,4300,4301,4302,4303,4304,4305,4306,4307,4308,4309,4310,4311,4312,4313,4314,4315,4316,4317,4318,4319,4320,4321,4322,4323,4324,4325,4326,4327,4328,4329,4330,4331,4332,4333,4334,4335,4336,4337,4338,4339,4340,4341,4342,4343,4344,4345,4346,4347,4348,4349,4350,4351,4352,4353,4354,4355,4356,4357,4358,4359,4360,4361,4362,4363,4364,4365,4366,4367,4368,4369,4370,4371,4372,4373,4374,4375,4376,4377,4378,4379,4380,4381,4382,4383,4384,4385,4386,4387,4388,4389,4390,4391,4392,4393,4394,4395,4396,4397,4398,4399,4400,4401,4402,4403,4404,4405,4406,4407,4408,4409,4410,4411,4412,4413,4414,4415,4416,4417,4418,4419,4420,4421,4422,4423,4424,4425,4426,4427,4428,4429,4430,4431,4432,4433,4434,4435,4436,4437,4438,4439,4440,4441', 0, '2021-12-30', 1),
(242, 1114, 134, 139, '60', 101, 35, '3683', 0, '2021-12-31', 1),
(243, 1001, 141, 146, '56', 132, 2322, '27041,27042,27043,27044,27045,27046,27047,27048,27049,27050,27051,27052,27053,27054,27055,27056,27057,27058,27059,27060,27061,27062,27063,27064,27065,27066,27067,27068,27069,27070,27071,27072,27073,27074,27075,27076,27077,27078,27079,27080,27081,27082', 0, '2021-12-31', 1),
(244, 1001, 141, 143, '21', 101, 35, '3912', 0, '2021-12-31', 1),
(245, 1001, 141, 143, '59', 101, 35, '3912', 0, '2022-01-03', 1),
(248, 1114, 134, 138, '49', 154, 2581, '29852,29853', 0, '2022-01-03', 1),
(250, 1114, 134, 138, '62', 155, 2585, '29855', 0, '2022-01-03', 1),
(251, 1114, 134, 138, '62', 155, 2586, '29856', 0, '2022-01-04', 1),
(252, 1001, 141, 148, '28', 101, 35, '3912', 0, '2022-01-04', 1),
(253, 1114, 134, 138, '62', 155, 2587, '29857,29858,29859,29860,29861,29862,29863,29864,29865,29866,29867,29868,29869,29870,29871,29872,29873,29874', 0, '2022-01-04', 1),
(254, 1001, 141, 148, '28', 101, 35, '3683', 0, '2022-01-04', 1),
(255, 1001, 141, 148, '28', 101, 35, '4280', 0, '2022-01-05', 1),
(316, 1001, 141, 143, '25', 101, 35, '4280', 0, '2022-01-14', 1),
(257, 1114, 134, 139, '57', 101, 35, '3912', 0, '2022-01-05', 1),
(258, 1001, 141, 143, '25', 101, 35, '3714', 0, '2022-01-05', 1),
(259, 1001, 141, 148, '28', 101, 35, '3714', 0, '2022-01-06', 1),
(260, 1001, 141, 148, '28', 101, 35, '4147', 0, '2022-01-06', 1),
(261, 1001, 141, 148, '28', 101, 35, '3657', 0, '2022-01-06', 1),
(262, 1114, 134, 138, '62', 155, 2588, '29875,29876,29877,29878,29879,29880', 0, '2022-01-06', 1),
(263, 1001, 141, 148, '28', 101, 35, '4341', 0, '2022-01-06', 1),
(264, 1114, 134, 139, '60', 101, 35, '3912', 0, '2022-01-06', 1),
(265, 1001, 141, 148, '28', 101, 35, '3702', 0, '2022-01-06', 1),
(266, 1001, 141, 148, '28', 101, 35, '4331', 0, '2022-01-07', 1),
(267, 1001, 141, 148, '28', 101, 35, '4324', 0, '2022-01-07', 1),
(268, 1001, 141, 148, '28', 101, 35, '3994', 0, '2022-01-07', 1),
(269, 1001, 141, 148, '28', 101, 35, '4401', 0, '2022-01-07', 1),
(270, 1001, 141, 148, '28', 101, 35, '4263', 0, '2022-01-08', 1),
(271, 1001, 141, 148, '28', 101, 35, '4423', 0, '2022-01-08', 1),
(272, 1001, 141, 148, '28', 101, 35, '3703', 0, '2022-01-08', 1),
(273, 1001, 141, 148, '28', 101, 35, '3811', 0, '2022-01-08', 1),
(274, 1001, 141, 148, '28', 101, 35, '3769', 0, '2022-01-08', 1),
(275, 1001, 141, 148, '28', 101, 35, '3783', 0, '2022-01-10', 1),
(276, 1114, 134, 139, '57', 101, 35, '4280', 0, '2022-01-10', 1),
(277, 1001, 141, 148, '28', 101, 35, '3796', 0, '2022-01-10', 1),
(278, 1001, 141, 146, '56', 132, 2323, '27083,27084', 0, '2022-01-10', 1),
(279, 1001, 141, 148, '28', 101, 35, '3874', 0, '2022-01-10', 1),
(292, 1001, 141, 148, '28', 101, 35, '3686', 0, '2022-01-11', 1),
(281, 1001, 141, 148, '28', 101, 35, '4001', 0, '2022-01-10', 1),
(282, 1114, 134, 139, '60', 101, 35, '4280', 0, '2022-01-10', 1),
(283, 1001, 141, 148, '28', 101, 35, '4040', 0, '2022-01-10', 1),
(284, 1001, 141, 148, '28', 101, 35, '4112', 0, '2022-01-10', 1),
(285, 1001, 141, 148, '28', 101, 35, '4228', 0, '2022-01-10', 1),
(286, 1001, 141, 146, '56', 132, 2324, '27085,27086,27087,27088,27089,27090,27091,27092', 0, '2022-01-11', 1),
(287, 1001, 141, 148, '28', 101, 35, '4325', 0, '2022-01-11', 1),
(288, 1001, 141, 148, '28', 101, 35, '4256', 0, '2022-01-11', 1),
(289, 1001, 141, 148, '28', 101, 35, '4332', 0, '2022-01-11', 1),
(290, 1001, 141, 148, '28', 101, 35, '4298', 0, '2022-01-11', 1),
(291, 1001, 141, 148, '28', 101, 35, '3609', 0, '2022-01-11', 1),
(293, 1114, 134, 138, '62', 155, 2589, '29881,29882,29883,29884,29885,29886,29887,29888,29889,29890,29891,29892,29893,29894,29895,29896,29897,29898,29899,29900,29901,29902,29903,29904,29905,29906,29907,29908,29909,29910,29911,29912,29913,29914,29915', 0, '2022-01-11', 1),
(294, 1114, 134, 139, '57', 101, 35, '3686', 0, '2022-01-11', 1),
(295, 1001, 141, 148, '28', 101, 35, '3950', 0, '2022-01-11', 1),
(299, 1001, 141, 146, '56', 132, 2310, '48437,48438,48439,48440', 0, '2022-01-12', 1),
(297, 1001, 141, 148, '28', 101, 35, '4183', 0, '2022-01-12', 1),
(298, 1001, 141, 143, '59', 101, 35, '3714', 0, '2022-01-12', 1),
(300, 1001, 141, 148, '28', 101, 35, '4171', 0, '2022-01-12', 1),
(301, 1001, 141, 146, '56', 132, 2314, '48441,48442,48443,48444', 0, '2022-01-12', 1),
(302, 1001, 141, 148, '63', 101, 35, '3659', 0, '2022-01-12', 1),
(303, 1001, 141, 146, '56', 132, 2314, '48445,48446,48447,48448', 0, '2022-01-12', 1),
(304, 1114, 134, 139, '61', 101, 35, '3686', 0, '2022-01-12', 1),
(305, 1001, 141, 146, '56', 132, 2314, '48449,48450,48451,48452', 0, '2022-01-13', 1),
(306, 1114, 134, 139, '57', 101, 35, '3714', 0, '2022-01-13', 1),
(307, 1001, 141, 146, '56', 132, 2314, '48453,48454,48455,48456,48457,48458,48459,48460,48461,48462,48463', 0, '2022-01-13', 1),
(308, 1001, 141, 143, '21', 101, 35, '3714', 0, '2022-01-13', 1),
(309, 1001, 141, 146, '56', 132, 2314, '48464,48465,48466,48467,48468,48469,48470,48471,48472,48473,48474,48475,48476,48477,48478', 0, '2022-01-13', 1),
(310, 1114, 134, 139, '60', 101, 35, '3714', 0, '2022-01-13', 1),
(311, 1114, 134, 139, '57', 101, 35, '4147', 0, '2022-01-13', 1),
(312, 1114, 134, 139, '60', 101, 35, '4145', 0, '2022-01-13', 1),
(317, 1001, 141, 143, '59', 101, 35, '4280', 0, '2022-01-14', 1),
(318, 1001, 141, 143, '21', 101, 35, '4280', 0, '2022-01-14', 1),
(319, 1001, 141, 143, '25', 101, 35, '4147', 0, '2022-01-16', 1),
(320, 1001, 141, 143, '59', 101, 35, '4147', 0, '2022-01-16', 1),
(321, 1001, 141, 143, '21', 101, 35, '4147', 0, '2022-01-16', 1),
(322, 1001, 141, 148, '63', 101, 35, '3912', 0, '2022-01-17', 1),
(323, 1001, 141, 148, '63', 101, 35, '3683', 0, '2022-01-17', 1),
(324, 1001, 141, 148, '63', 101, 35, '4280', 0, '2022-01-17', 1),
(325, 1001, 141, 148, '63', 101, 35, '3714', 0, '2022-01-17', 1),
(326, 1001, 141, 148, '63', 101, 35, '4147', 0, '2022-01-17', 1),
(327, 1001, 141, 146, '64', 101, 35, '3659', 0, '2022-01-17', 1),
(328, 1001, 141, 148, '63', 101, 35, '3657', 0, '2022-01-17', 1),
(329, 1001, 141, 148, '63', 101, 35, '3702', 0, '2022-01-17', 1),
(330, 1001, 141, 148, '63', 101, 35, '4341', 0, '2022-01-17', 1),
(331, 1001, 141, 148, '63', 101, 35, '4331', 0, '2022-01-17', 1),
(332, 1001, 141, 148, '63', 101, 35, '4324', 0, '2022-01-17', 1),
(333, 1001, 141, 148, '63', 101, 35, '4401', 0, '2022-01-17', 1),
(334, 1001, 141, 148, '63', 101, 35, '4263', 0, '2022-01-17', 1),
(335, 1001, 141, 148, '63', 101, 35, '4423', 0, '2022-01-17', 1),
(336, 1001, 141, 148, '63', 101, 35, '3703', 0, '2022-01-17', 1),
(337, 1001, 141, 148, '63', 101, 35, '3811', 0, '2022-01-17', 1),
(338, 1001, 141, 148, '63', 101, 35, '3769', 0, '2022-01-17', 1),
(339, 1001, 141, 148, '63', 101, 35, '3783', 0, '2022-01-17', 1),
(340, 1001, 141, 148, '63', 101, 35, '3796', 0, '2022-01-17', 1),
(342, 1001, 141, 148, '63', 101, 35, '3994', 0, '2022-01-17', 1),
(343, 1001, 141, 148, '63', 101, 35, '4001', 0, '2022-01-17', 1),
(344, 1001, 141, 148, '63', 101, 35, '4040', 0, '2022-01-17', 1),
(345, 1114, 134, 138, '62', 155, 2590, '29916,29917,29918,29919,29920,29921,29922,29923,29924,29925,29926,29927,29928,29929,29930,29931,29932,29933,29934,29935,29936,29937,29938,29939,29940,29941,29942,29943,29944,29945,29946,29947,29948,29949,29950,29951,29952,29953,29954,29955,29956,29957,29958,29959,29960,29961,29962,29963,29964,29965,29966,29967,29968,29969,29970,29971,29972,29973,29974,29975,29976,29977,29978,29979,29980,29981,29982,29983,29984,29985,29986,29987,29988,29989,29990,29991,29992,29993,29994,29995,29996,29997,29998,29999,30000,30001,30002,30003,30004,30005', 0, '2022-01-18', 1),
(346, 1001, 141, 143, '25', 101, 35, '3657', 0, '2022-01-18', 1),
(347, 1001, 141, 143, '59', 101, 35, '3657', 0, '2022-01-18', 1),
(348, 1001, 141, 143, '21', 101, 35, '3657', 0, '2022-01-18', 1),
(349, 1001, 141, 148, '63', 101, 35, '4112', 0, '2022-01-18', 1),
(350, 1001, 141, 148, '63', 101, 35, '4332', 0, '2022-01-18', 1),
(351, 1001, 141, 148, '65', 101, 35, '3659', 0, '2022-01-18', 1),
(352, 1114, 134, 139, '57', 101, 35, '3657', 0, '2022-01-18', 1),
(353, 1114, 134, 139, '60', 101, 35, '3657', 0, '2022-01-18', 1),
(354, 1001, 141, 143, '25', 101, 35, '3702', 0, '2022-01-18', 1),
(355, 1001, 141, 143, '59', 101, 35, '3702', 0, '2022-01-18', 1),
(356, 1001, 141, 143, '21', 101, 35, '3702', 0, '2022-01-18', 1),
(357, 1001, 141, 143, '25', 101, 35, '4341', 0, '2022-01-19', 1),
(358, 1001, 141, 143, '59', 101, 35, '4341', 0, '2022-01-19', 1),
(359, 1001, 141, 143, '21', 101, 35, '4341', 0, '2022-01-19', 1),
(360, 1001, 141, 148, '65', 101, 35, '4401', 0, '2022-01-19', 1),
(361, 1114, 134, 139, '57', 101, 35, '3702', 0, '2022-01-19', 1),
(362, 1114, 134, 139, '60', 101, 35, '3702', 0, '2022-01-19', 1),
(363, 1001, 141, 148, '65', 101, 35, '3683', 0, '2022-01-19', 1),
(364, 1001, 141, 143, '25', 101, 35, '4331', 0, '2022-01-19', 1),
(365, 1001, 141, 143, '59', 101, 35, '4331', 0, '2022-01-19', 1),
(366, 1001, 141, 143, '21', 101, 35, '4331', 0, '2022-01-19', 1),
(367, 1114, 134, 139, '57', 101, 35, '4341', 0, '2022-01-20', 1),
(368, 1114, 134, 139, '60', 101, 35, '4341', 0, '2022-01-20', 1),
(369, 1001, 141, 148, '65', 101, 35, '3714', 0, '2022-01-20', 1),
(370, 1001, 141, 148, '65', 101, 35, '4147', 0, '2022-01-20', 1),
(371, 1001, 141, 148, '65', 101, 35, '3912', 0, '2022-01-20', 1),
(372, 1001, 141, 148, '65', 101, 35, '4269', 0, '2022-01-20', 1),
(373, 1001, 141, 148, '65', 101, 35, '4280', 0, '2022-01-20', 1),
(374, 1001, 141, 148, '65', 101, 35, '4341', 0, '2022-01-20', 1),
(375, 1001, 141, 148, '65', 101, 35, '4324', 0, '2022-01-20', 1),
(376, 1001, 141, 143, '25', 101, 35, '4324', 0, '2022-01-20', 1),
(377, 1001, 141, 143, '59', 101, 35, '4324', 0, '2022-01-20', 1),
(378, 1001, 141, 143, '21', 101, 35, '4324', 0, '2022-01-20', 1),
(379, 1001, 141, 148, '65', 101, 35, '4263', 0, '2022-01-20', 1),
(380, 1001, 141, 148, '65', 101, 35, '4423', 0, '2022-01-20', 1),
(381, 1114, 134, 139, '57', 101, 35, '4331', 0, '2022-01-20', 1),
(382, 1114, 134, 139, '60', 101, 35, '4331', 0, '2022-01-20', 1),
(384, 1001, 141, 148, '65', 101, 35, '3702', 0, '2022-01-21', 1),
(385, 1001, 141, 148, '65', 101, 35, '3703', 0, '2022-01-21', 1),
(386, 1001, 141, 148, '65', 101, 35, '3811', 0, '2022-01-21', 1),
(387, 1001, 141, 148, '65', 101, 35, '3769', 0, '2022-01-21', 1),
(388, 1001, 141, 148, '65', 101, 35, '3783', 0, '2022-01-21', 1),
(389, 1001, 141, 148, '65', 101, 35, '3796', 0, '2022-01-21', 1),
(390, 1001, 141, 148, '65', 101, 35, '3874', 0, '2022-01-21', 1),
(391, 1001, 141, 148, '65', 101, 35, '3994', 0, '2022-01-21', 1),
(392, 1001, 141, 143, '25', 101, 35, '4401', 0, '2022-01-21', 1),
(393, 1001, 141, 143, '59', 101, 35, '4401', 0, '2022-01-21', 1),
(394, 1001, 141, 143, '21', 101, 35, '4401', 0, '2022-01-21', 1),
(395, 1114, 134, 139, '57', 101, 35, '4324', 0, '2022-01-21', 1),
(396, 1114, 134, 139, '60', 101, 35, '4324', 0, '2022-01-21', 1),
(397, 1001, 141, 148, '65', 101, 35, '4001', 0, '2022-01-21', 1),
(398, 1001, 141, 148, '65', 101, 35, '4040', 0, '2022-01-21', 1),
(399, 1001, 141, 146, '64', 101, 35, '3686', 0, '2022-01-21', 1),
(400, 1001, 141, 148, '65', 101, 35, '4112', 0, '2022-01-21', 1),
(401, 1001, 141, 148, '65', 101, 35, '4332', 0, '2022-01-21', 1),
(403, 1001, 141, 148, '65', 101, 35, '4256', 0, '2022-01-21', 1),
(404, 1001, 141, 148, '65', 101, 35, '4325', 0, '2022-01-21', 1),
(405, 1001, 148, 148, '65', 101, 35, '4328', 0, '2022-01-21', 1),
(406, 1001, 141, 148, '65', 101, 35, '4331', 0, '2022-01-22', 1),
(407, 1001, 141, 146, '64', 101, 35, '3609', 0, '2022-01-22', 1),
(410, 1001, 141, 148, '65', 101, 35, '4171', 0, '2022-01-22', 1),
(411, 1114, 134, 139, '57', 101, 35, '4263', 0, '2022-01-22', 1),
(412, 1114, 134, 139, '60', 101, 35, '4263', 0, '2022-01-22', 1),
(413, 1001, 141, 143, '25', 101, 35, '3609', 0, '2022-01-24', 1),
(414, 1001, 141, 143, '59', 101, 35, '3609', 0, '2022-01-24', 1),
(415, 1001, 141, 143, '21', 101, 35, '3609', 0, '2022-01-24', 1),
(416, 1001, 141, 148, '65', 101, 35, '4174', 0, '2022-01-24', 1),
(417, 1001, 141, 148, '65', 101, 17, '1518,1519,1520,1521,1522,1523,1524,1525,1526,1527,1528,1529,1530,1531,1532,1533,1534,1535,1536,1537,1538,1539,1540,1541,1542,1543,1544,1545,1546,1547,1548,1549,1550,1551,1552,1553,1554,1555,1556,1557,1558,1559,1560,1561,1562,1563,1564,1565,1566,1567,1568,1569,1570,1571,1572,1573,1574,1575,1576,1577,1578,1579,1580,1581,1582,1583,1584,1585,1586,1587,1588,1589,1590,1591,1592,1593,1594,1595,1596,1597,1598,1599,1600,1601,1602,1603,1604,1605,1606,1607,1608,1609,1610,1611,1612,1613,1614,1615,1616,1617,1618,1619,1620,1621,1622,1623,1624,1625,1626,1627,1628,1629,1630,1631,1632,1633,1634,1635,1636,1637,1638,1639,1640,1641,1642,1643,1644,1645,1646,1647,1648,1649,1650,1651,1652,1653,1654,1655,1656,1657,1658,1659,1660,1661,1662,1663,1664,1665,1666,1667,1668,1669,1670,1671,1672,1673,1674,1675,1676,1677,1678,1679,1680,1681,1682,1683,1684,1685,1686,1687,1688,1689,1690,1691,1692,1693,1694,1695,1696,1697,1698,1699,1700,1701,1702,1703,1704,1705,1706,1707,1708,1709,1710,1711,1712,1713,1714,1715,1716,1717,1718,1719,1720,1721,1722,1723,1724,1725,1726,1727,1728,1729,1730,1731,1732,1733,1734,1735,1736,1737,1738,1739,1740,1741,1742,1743,1744,1745,1746,1747,1748,1749,1750,1751,1752,1753,1754,1755,1756,1757,1758,1759,1760,1761,1762,1763,1764,1765,1766,1767,1768,1769,1770,1771,1772,1773,1774,1775,1776,1777,1778,1779,1780,1781,1782,1783,1784,1785,1786,1787,1788,1789,1790,1791,1792,1793,1794,1795,1796,1797,1798,1799,1800,1801,1802,1803,1804,1805,1806,1807,1808,1809,1810,1811,1812,1813,1814,1815,1816,1817,1818,1819,1820,1821,1822,1823,1824,1825,1826,1827,1828,1829,1830,1831,1832,1833,1834,1835,1836,1837,1838,1839,1840,1841,1842', 0, '2022-01-24', 1),
(420, 1114, 134, 139, '57', 101, 35, '3609', 0, '2022-01-25', 1),
(419, 1001, 141, 146, '64', 101, 35, '3551,3552,3553,3554,3555,3556,3557,3558,3559,3560,3561,3562,3563,3564,3565,3566,3567,3568,3569,3570,3571,3572,3573,3574,3575,3576,3577,3578,3579,3580,3581,3582,3583,3584,3585,3586,3587,3588,3589,3590,3591,3592,3593,3594,3595,3596,3597,3598,3599,3600,3601,3602,3603,3604,3605,3606,3607,3608,3609,3610,3611,3612,3613,3614,3615,3616,3617,3618,3619,3620,3621,3622,3623,3624,3625,3626,3627,3628,3629,3630,3631,3632,3633,3634,3635,3636,3637,3638,3639,3640,3641,3642,3643,3644,3645,3646,3647,3648,3649,3650,3651,3652,3653,3654,3655,3656,3657,3658,3659,3660,3661,3662,3663,3664,3665,3666,3667,3668,3669,3670,3671,3672,3673,3674,3675,3676,3677,3678,3679,3680,3681,3682,3683,3684,3685,3686,3687,3688,3689,3690,3691,3692,3693,3694,3695,3696,3697,3698,3699,3700,3701,3702,3703,3704,3705,3706,3707,3708,3709,3710,3711,3712,3713,3714,3715,3716,3717,3718,3719,3720,3721,3722,3723,3724,3725,3726,3727,3728,3729,3730,3731,3732,3733,3734,3735,3736,3737,3738,3739,3740,3741,3742,3743,3744,3745,3746,3747,3748,3749,3750,3751,3752,3753,3754,3755,3756,3757,3758,3759,3760,3761,3762,3763,3764,3765,3766,3767,3768,3769,3770,3771,3772,3773,3774,3775,3776,3777,3778,3779,3780,3781,3782,3783,3784,3785,3786,3787,3788,3789,3790,3791,3792,3793,3794,3795,3796,3797,3798,3799,3800,3801,3802,3803,3804,3805,3806,3807,3808,3809,3810,3811,3812,3813,3814,3815,3816,3817,3818,3819,3820,3821,3822,3823,3824,3825,3826,3827,3828,3829,3830,3831,3832,3833,3834,3835,3836,3837,3838,3839,3840,3841,3842,3843,3844,3845,3846,3847,3848,3849,3850,3851,3852,3853,3854,3855,3856,3857,3858,3859,3860,3861,3862,3863,3864,3865,3866,3867,3868,3869,3870,3871,3872,3873,3874,3875,3876,3877,3878,3879,3880,3881,3882,3883,3884,3885,3886,3887,3888,3889,3890,3891,3892,3893,3894,3895,3896,3897,3898,3899,3900,3901,3902,3903,3904,3905,3906,3907,3908,3909,3910,3911,3912,3913,3914,3915,3916,3917,3918,3919,3920,3921,3922,3923,3924,3925,3926,3927,3928,3929,3930,3931,3932,3933,3934,3935,3936,3937,3938,3939,3940,3941,3942,3943,3944,3945,3946,3947,3948,3949,3950,3951,3952,3953,3954,3955,3956,3957,3958,3959,3960,3961,3962,3963,3964,3965,3966,3967,3968,3969,3970,3971,3972,3973,3974,3975,3976,3977,3978,3979,3980,3981,3982,3983,3984,3985,3986,3987,3988,3989,3990,3991,3992,3993,3994,3995,3996,3997,3998,3999,4000,4001,4002,4003,4004,4005,4006,4007,4008,4009,4010,4011,4012,4013,4014,4015,4016,4017,4018,4019,4020,4021,4022,4023,4024,4025,4026,4027,4028,4029,4030,4031,4032,4033,4034,4035,4036,4037,4038,4039,4040,4041,4042,4043,4044,4045,4046,4047,4048,4049,4050,4051,4052,4053,4054,4055,4056,4057,4058,4059,4060,4061,4062,4063,4064,4065,4066,4067,4068,4069,4070,4071,4072,4073,4074,4075,4076,4077,4078,4079,4080,4081,4082,4083,4084,4085,4086,4087,4088,4089,4090,4091,4092,4093,4094,4095,4096,4097,4098,4099,4100,4101,4102,4103,4104,4105,4106,4107,4108,4109,4110,4111,4112,4113,4114,4115,4116,4117,4118,4119,4120,4121,4122,4123,4124,4125,4126,4127,4128,4129,4130,4131,4132,4133,4134,4135,4136,4137,4138,4139,4140,4141,4142,4143,4144,4145,4146,4147,4148,4149,4150,4151,4152,4153,4154,4155,4156,4157,4158,4159,4160,4161,4162,4163,4164,4165,4166,4167,4168,4169,4170,4171,4172,4173,4174,4175,4176,4177,4178,4179,4180,4181,4182,4183,4184,4185,4186,4187,4188,4189,4190,4191,4192,4193,4194,4195,4196,4197,4198,4199,4200,4201,4202,4203,4204,4205,4206,4207,4208,4209,4210,4211,4212,4213,4214,4215,4216,4217,4218,4219,4220,4221,4222,4223,4224,4225,4226,4227,4228,4229,4230,4231,4232,4233,4234,4235,4236,4237,4238,4239,4240,4241,4242,4243,4244,4245,4246,4247,4248,4249,4250,4251,4252,4253,4254,4255,4256,4257,4258,4259,4260,4261,4262,4263,4264,4265,4266,4267,4268,4269,4270,4271,4272,4273,4274,4275,4276,4277,4278,4279,4280,4281,4282,4283,4284,4285,4286,4287,4288,4289,4290,4291,4292,4293,4294,4295,4296,4297,4298,4299,4300,4301,4302,4303,4304,4305,4306,4307,4308,4309,4310,4311,4312,4313,4314,4315,4316,4317,4318,4319,4320,4321,4322,4323,4324,4325,4326,4327,4328,4329,4330,4331,4332,4333,4334,4335,4336,4337,4338,4339,4340,4341,4342,4343,4344,4345,4346,4347,4348,4349,4350,4351,4352,4353,4354,4355,4356,4357,4358,4359,4360,4361,4362,4363,4364,4365,4366,4367,4368,4369,4370,4371,4372,4373,4374,4375,4376,4377,4378,4379,4380,4381,4382,4383,4384,4385,4386,4387,4388,4389,4390,4391,4392,4393,4394,4395,4396,4397,4398,4399,4400,4401,4402,4403,4404,4405,4406,4407,4408,4409,4410,4411,4412,4413,4414,4415,4416,4417,4418,4419,4420,4421,4422,4423,4424,4425,4426,4427,4428,4429,4430,4431,4432,4433,4434,4435,4436,4437,4438,4439,4440,4441', 0, '2022-01-24', 1),
(421, 1114, 134, 139, '60', 101, 35, '3609', 0, '2022-01-25', 1),
(422, 1001, 141, 143, '25', 101, 35, '3703', 0, '2022-01-27', 1),
(423, 1001, 141, 143, '59', 101, 35, '3703', 0, '2022-01-27', 1),
(424, 1001, 141, 143, '21', 101, 35, '3703', 0, '2022-01-27', 1),
(425, 1114, 134, 139, '57', 101, 35, '3703', 0, '2022-01-27', 1),
(426, 1114, 134, 139, '60', 101, 35, '3703', 0, '2022-01-27', 1),
(427, 1001, 141, 143, '25', 101, 35, '3769', 0, '2022-01-28', 1),
(428, 1001, 141, 143, '59', 101, 35, '3769', 0, '2022-01-28', 1),
(429, 1001, 141, 143, '21', 101, 35, '3769', 0, '2022-01-28', 1),
(430, 1114, 134, 139, '57', 101, 35, '3769', 0, '2022-01-28', 1),
(431, 1114, 134, 139, '60', 101, 35, '3769', 0, '2022-01-28', 1),
(432, 1001, 141, 143, '25', 101, 35, '3783', 0, '2022-01-28', 1),
(433, 1001, 141, 143, '59', 101, 35, '3783', 0, '2022-01-28', 1),
(434, 1001, 141, 143, '21', 101, 35, '3783', 0, '2022-01-28', 1),
(435, 1114, 134, 139, '57', 101, 35, '3783', 0, '2022-01-29', 1),
(436, 1114, 134, 139, '60', 101, 35, '3783', 0, '2022-01-29', 1),
(437, 1001, 141, 143, '25', 101, 35, '3811', 0, '2022-01-31', 1),
(438, 1001, 141, 143, '59', 101, 35, '3811', 0, '2022-01-31', 1),
(439, 1001, 141, 143, '21', 101, 35, '3811', 0, '2022-01-31', 1),
(440, 1114, 134, 139, '57', 101, 35, '3811', 0, '2022-01-31', 1),
(441, 1114, 134, 139, '60', 101, 35, '3811', 0, '2022-01-31', 1),
(442, 1001, 141, 143, '25', 101, 35, '3874', 0, '2022-01-31', 1),
(443, 1001, 141, 143, '59', 101, 35, '3874', 0, '2022-01-31', 1),
(444, 1001, 141, 143, '21', 101, 35, '3874', 0, '2022-01-31', 1),
(445, 1001, 141, 143, '25', 101, 35, '3950', 0, '2022-01-31', 1),
(446, 1001, 141, 143, '59', 101, 35, '3950', 0, '2022-01-31', 1),
(447, 1001, 141, 143, '21', 101, 35, '3950', 0, '2022-01-31', 1),
(448, 1001, 141, 143, '25', 101, 35, '3994', 0, '2022-01-31', 1),
(449, 1001, 141, 143, '59', 101, 35, '3994', 0, '2022-01-31', 1),
(450, 1001, 141, 143, '21', 101, 35, '3994', 0, '2022-01-31', 1),
(451, 1114, 134, 139, '57', 101, 35, '3874', 0, '2022-01-31', 1),
(452, 1114, 134, 139, '60', 101, 35, '3874', 0, '2022-01-31', 1),
(453, 1114, 134, 139, '57', 101, 35, '3950', 0, '2022-02-01', 1),
(454, 1114, 134, 139, '61', 101, 35, '3950', 0, '2022-02-01', 1),
(460, 1001, 141, 143, '25', 101, 35, '4001', 0, '2022-02-02', 1),
(461, 1001, 141, 143, '59', 101, 35, '4001', 0, '2022-02-02', 1),
(462, 1001, 141, 143, '21', 101, 35, '4001', 0, '2022-02-02', 1),
(458, 1114, 134, 139, '57', 101, 35, '3994', 0, '2022-02-01', 1),
(459, 1114, 134, 139, '60', 101, 35, '3994', 0, '2022-02-01', 1),
(466, 1001, 141, 143, '25', 101, 35, '3796', 0, '2022-02-02', 1),
(464, 1114, 134, 139, '57', 101, 35, '3796', 0, '2022-02-02', 1),
(465, 1114, 134, 139, '60', 101, 35, '3796', 0, '2022-02-02', 1),
(467, 1001, 141, 143, '59', 101, 35, '3796', 0, '2022-02-02', 1),
(468, 1001, 141, 143, '21', 101, 35, '3796', 0, '2022-02-02', 1),
(469, 1001, 141, 142, '18', 101, 35, '48479', 0, '2022-02-02', 1),
(470, 1001, 141, 143, '25', 101, 35, '4112', 0, '2022-02-03', 1),
(471, 1001, 141, 143, '59', 101, 35, '4112', 0, '2022-02-03', 1),
(472, 1001, 141, 143, '21', 101, 35, '4112', 0, '2022-02-03', 1),
(474, 1001, 141, 142, '18', 101, 35, '48480', 0, '2022-02-03', 1),
(475, 1114, 134, 139, '57', 101, 35, '4001', 0, '2022-02-03', 1),
(476, 1114, 134, 139, '60', 101, 35, '4001', 0, '2022-02-03', 1),
(477, 1001, 141, 142, '18', 101, 35, '48481', 0, '2022-02-03', 1),
(478, 1001, 141, 143, '25', 101, 35, '4171', 0, '2022-02-03', 1),
(479, 1001, 141, 143, '59', 101, 35, '4171', 0, '2022-02-03', 1),
(480, 1001, 141, 143, '21', 101, 35, '4171', 0, '2022-02-03', 1),
(481, 1114, 134, 138, '62', 155, 2591, '30006,30007,30008,30009,30010,30011,30012,30013,30014,30015,30016,30017,30018,30019,30020,30021,30022,30023,30024,30025,30026,30027,30028,30029,30030', 0, '2022-02-04', 1),
(482, 1114, 134, 139, '57', 101, 35, '4112', 0, '2022-02-04', 1),
(483, 1114, 134, 139, '60', 101, 35, '4112', 0, '2022-02-04', 1),
(485, 1001, 141, 142, '18', 101, 35, '3847', 0, '2022-02-05', 1),
(487, 1001, 141, 142, '18', 101, 35, '48484', 0, '2022-02-05', 1),
(488, 1001, 141, 142, '18', 101, 35, '48485', 0, '2022-02-05', 1),
(489, 1001, 141, 146, '66', 101, 35, '3551,3552,3553,3554,3555,3556,3557,3558,3559,3560,3561,3562,3563,3564,3565,3566,3567,3568,3569,3570,3571,3572,3573,3574,3575,3576,3577,3578,3579,3580,3581,3582,3583,3584,3585,3586,3587,3588,3589,3590,3591,3592,3593,3594,3595,3596,3597,3598,3599,3600,3601,3602,3603,3604,3605,3606,3607,3608,3609,3610,3611,3612,3613,3614,3615,3616,3617,3618,3619,3620,3621,3622,3623,3624,3625,3626,3627,3628,3629,3630,3631,3632,3633,3634,3635,3636,3637,3638,3639,3640,3641,3642,3643,3644,3645,3646,3647,3648,3649,3650,3651,3652,3653,3654,3655,3656,3657,3658,3659,3660,3661,3662,3663,3664,3665,3666,3667,3668,3669,3670,3671,3672,3673,3674,3675,3676,3677,3678,3679,3680,3681,3682,3683,3684,3685,3686,3687,3688,3689,3690,3691,3692,3693,3694,3695,3696,3697,3698,3699,3700,3701,3702,3703,3704,3705,3706,3707,3708,3709,3710,3711,3712,3713,3714,3715,3716,3717,3718,3719,3720,3721,3722,3723,3724,3725,3726,3727,3728,3729,3730,3731,3732,3733,3734,3735,3736,3737,3738,3739,3740,3741,3742,3743,3744,3745,3746,3747,3748,3749,3750,3751,3752,3753,3754,3755,3756,3757,3758,3759,3760,3761,3762,3763,3764,3765,3766,3767,3768,3769,3770,3771,3772,3773,3774,3775,3776,3777,3778,3779,3780,3781,3782,3783,3784,3785,3786,3787,3788,3789,3790,3791,3792,3793,3794,3795,3796,3797,3798,3799,3800,3801,3802,3803,3804,3805,3806,3807,3808,3809,3810,3811,3812,3813,3814,3815,3816,3817,3818,3819,3820,3821,3822,3823,3824,3825,3826,3827,3828,3829,3830,3831,3832,3833,3834,3835,3836,3837,3838,3839,3840,3841,3842,3843,3844,3845,3846,3847,3848,3849,3850,3851,3852,3853,3854,3855,3856,3857,3858,3859,3860,3861,3862,3863,3864,3865,3866,3867,3868,3869,3870,3871,3872,3873,3874,3875,3876,3877,3878,3879,3880,3881,3882,3883,3884,3885,3886,3887,3888,3889,3890,3891,3892,3893,3894,3895,3896,3897,3898,3899,3900,3901,3902,3903,3904,3905,3906,3907,3908,3909,3910,3911,3912,3913,3914,3915,3916,3917,3918,3919,3920,3921,3922,3923,3924,3925,3926,3927,3928,3929,3930,3931,3932,3933,3934,3935,3936,3937,3938,3939,3940,3941,3942,3943,3944,3945,3946,3947,3948,3949,3950,3951,3952,3953,3954,3955,3956,3957,3958,3959,3960,3961,3962,3963,3964,3965,3966,3967,3968,3969,3970,3971,3972,3973,3974,3975,3976,3977,3978,3979,3980,3981,3982,3983,3984,3985,3986,3987,3988,3989,3990,3991,3992,3993,3994,3995,3996,3997,3998,3999,4000,4001,4002,4003,4004,4005,4006,4007,4008,4009,4010,4011,4012,4013,4014,4015,4016,4017,4018,4019,4020,4021,4022,4023,4024,4025,4026,4027,4028,4029,4030,4031,4032,4033,4034,4035,4036,4037,4038,4039,4040,4041,4042,4043,4044,4045,4046,4047,4048,4049,4050,4051,4052,4053,4054,4055,4056,4057,4058,4059,4060,4061,4062,4063,4064,4065,4066,4067,4068,4069,4070,4071,4072,4073,4074,4075,4076,4077,4078,4079,4080,4081,4082,4083,4084,4085,4086,4087,4088,4089,4090,4091,4092,4093,4094,4095,4096,4097,4098,4099,4100,4101,4102,4103,4104,4105,4106,4107,4108,4109,4110,4111,4112,4113,4114,4115,4116,4117,4118,4119,4120,4121,4122,4123,4124,4125,4126,4127,4128,4129,4130,4131,4132,4133,4134,4135,4136,4137,4138,4139,4140,4141,4142,4143,4144,4145,4146,4147,4148,4149,4150,4151,4152,4153,4154,4155,4156,4157,4158,4159,4160,4161,4162,4163,4164,4165,4166,4167,4168,4169,4170,4171,4172,4173,4174,4175,4176,4177,4178,4179,4180,4181,4182,4183,4184,4185,4186,4187,4188,4189,4190,4191,4192,4193,4194,4195,4196,4197,4198,4199,4200,4201,4202,4203,4204,4205,4206,4207,4208,4209,4210,4211,4212,4213,4214,4215,4216,4217,4218,4219,4220,4221,4222,4223,4224,4225,4226,4227,4228,4229,4230,4231,4232,4233,4234,4235,4236,4237,4238,4239,4240,4241,4242,4243,4244,4245,4246,4247,4248,4249,4250,4251,4252,4253,4254,4255,4256,4257,4258,4259,4260,4261,4262,4263,4264,4265,4266,4267,4268,4269,4270,4271,4272,4273,4274,4275,4276,4277,4278,4279,4280,4281,4282,4283,4284,4285,4286,4287,4288,4289,4290,4291,4292,4293,4294,4295,4296,4297,4298,4299,4300,4301,4302,4303,4304,4305,4306,4307,4308,4309,4310,4311,4312,4313,4314,4315,4316,4317,4318,4319,4320,4321,4322,4323,4324,4325,4326,4327,4328,4329,4330,4331,4332,4333,4334,4335,4336,4337,4338,4339,4340,4341,4342,4343,4344,4345,4346,4347,4348,4349,4350,4351,4352,4353,4354,4355,4356,4357,4358,4359,4360,4361,4362,4363,4364,4365,4366,4367,4368,4369,4370,4371,4372,4373,4374,4375,4376,4377,4378,4379,4380,4381,4382,4383,4384,4385,4386,4387,4388,4389,4390,4391,4392,4393,4394,4395,4396,4397,4398,4399,4400,4401,4402,4403,4404,4405,4406,4407,4408,4409,4410,4411,4412,4413,4414,4415,4416,4417,4418,4419,4420,4421,4422,4423,4424,4425,4426,4427,4428,4429,4430,4431,4432,4433,4434,4435,4436,4437,4438,4439,4440,4441,48479,48480,48481,48482,48483,48484,48485', 0, '2022-02-05', 1),
(490, 1114, 134, 139, '57', 101, 35, '4171', 0, '2022-02-05', 1),
(491, 1114, 134, 139, '60', 101, 35, '4171', 0, '2022-02-05', 1),
(492, 1001, 141, 143, '25', 101, 35, '4174', 0, '2022-02-05', 1),
(493, 1001, 141, 143, '59', 101, 35, '4174', 0, '2022-02-05', 1),
(494, 1001, 141, 143, '21', 101, 35, '4174', 0, '2022-02-05', 1),
(495, 1001, 141, 143, '25', 101, 35, '4183', 0, '2022-02-06', 1),
(496, 1001, 141, 143, '59', 101, 35, '4183', 0, '2022-02-06', 1),
(497, 1001, 141, 143, '21', 101, 35, '4183', 0, '2022-02-06', 1),
(498, 1001, 141, 142, '18', 101, 35, '48486', 0, '2022-02-07', 1),
(499, 1001, 141, 142, '18', 101, 35, '48487', 0, '2022-02-07', 1),
(500, 1001, 141, 142, '18', 101, 35, '48488', 0, '2022-02-07', 1),
(501, 1001, 141, 143, '25', 101, 35, '4228', 0, '2022-02-07', 1),
(502, 1001, 141, 143, '59', 101, 35, '4228', 0, '2022-02-07', 1),
(503, 1001, 141, 143, '21', 101, 35, '4228', 0, '2022-02-07', 1),
(504, 1114, 134, 139, '57', 101, 35, '4174', 0, '2022-02-07', 1),
(505, 1114, 134, 139, '60', 101, 35, '4174', 0, '2022-02-07', 1),
(506, 1001, 141, 143, '25', 101, 35, '4256', 0, '2022-02-08', 1),
(507, 1001, 141, 143, '59', 101, 35, '4256', 0, '2022-02-08', 1),
(508, 1001, 141, 143, '21', 101, 35, '4256', 0, '2022-02-08', 1),
(509, 1001, 141, 142, '18', 101, 35, '48489', 0, '2022-02-08', 1),
(510, 1001, 141, 143, '25', 101, 35, '3774', 0, '2022-02-08', 1),
(511, 1001, 141, 143, '59', 101, 35, '3774', 0, '2022-02-08', 1),
(512, 1001, 141, 143, '21', 101, 35, '3774', 0, '2022-02-08', 1),
(513, 1001, 141, 142, '18', 101, 35, '48490', 0, '2022-02-08', 1),
(514, 1001, 141, 142, '18', 101, 35, '48491', 0, '2022-02-08', 1),
(515, 1114, 134, 139, '57', 101, 35, '4183', 0, '2022-02-08', 1),
(516, 1114, 134, 139, '60', 101, 35, '4183', 0, '2022-02-08', 1),
(517, 1001, 141, 143, '25', 101, 35, '4263', 0, '2022-02-09', 1),
(518, 1001, 141, 143, '59', 101, 35, '4263', 0, '2022-02-09', 1),
(519, 1001, 141, 143, '21', 101, 35, '4263', 0, '2022-02-09', 1),
(520, 1114, 134, 138, '62', 155, 2592, '30031,30032,30033,30034,30035,30036,30037,30038,30039,30040,30041,30042,30043,30044,30045,30046,30047,30048,30049,30050,30051,30052,30053,30054,30055,30056,30057,30058,30059,30060,30061,30062,30063,30064,30065,30066,30067,30068,30069,30070,30071,30072,30073,30074,30075,30076,30077,30078,30079,30080,30081,30082,30083,30084', 0, '2022-02-09', 1),
(521, 1001, 141, 143, '25', 101, 35, '48492', 0, '2022-02-09', 1),
(522, 1001, 141, 143, '59', 101, 35, '48492', 0, '2022-02-09', 1),
(523, 1001, 141, 143, '21', 101, 35, '48492', 0, '2022-02-09', 1),
(524, 1001, 141, 143, '25', 101, 35, '4437', 0, '2022-02-09', 1),
(525, 1001, 141, 143, '59', 101, 35, '4437', 0, '2022-02-09', 1),
(527, 1001, 141, 143, '21', 101, 35, '48492', 0, '2022-02-09', 1),
(528, 1001, 141, 143, '25', 101, 35, '48493', 0, '2022-02-09', 1),
(529, 1001, 141, 143, '59', 101, 35, '48493', 0, '2022-02-09', 1),
(530, 1001, 141, 143, '21', 101, 35, '48493', 0, '2022-02-09', 1),
(531, 1001, 141, 143, '25', 101, 35, '48494', 0, '2022-02-09', 1),
(532, 1001, 141, 143, '59', 101, 35, '48494', 0, '2022-02-09', 1),
(533, 1001, 141, 143, '21', 101, 35, '48494', 0, '2022-02-09', 1),
(534, 1114, 134, 139, '57', 101, 35, '4228', 0, '2022-02-09', 1),
(535, 1114, 134, 139, '60', 101, 35, '4228', 0, '2022-02-09', 1),
(536, 1001, 141, 143, '25', 101, 35, '4269', 0, '2022-02-10', 1),
(537, 1001, 141, 143, '59', 101, 35, '4269', 0, '2022-02-10', 1),
(538, 1001, 141, 143, '21', 101, 35, '4269', 0, '2022-02-10', 1),
(539, 1001, 141, 142, '18', 101, 35, '3912', 0, '2022-02-10', 1),
(540, 1001, 141, 143, '25', 101, 35, '3940', 0, '2022-02-10', 1),
(547, 1001, 141, 143, '59', 101, 35, '3940', 0, '2022-02-11', 1),
(548, 1001, 141, 143, '21', 101, 35, '3940', 0, '2022-02-11', 1),
(544, 1001, 141, 143, '25', 101, 35, '4298', 0, '2022-02-10', 1),
(545, 1001, 141, 143, '59', 101, 35, '4298', 0, '2022-02-10', 1),
(546, 1001, 141, 143, '21', 101, 35, '4298', 0, '2022-02-10', 1),
(549, 1001, 141, 143, '25', 101, 35, '4325', 0, '2022-02-11', 1),
(550, 1001, 141, 143, '59', 101, 35, '4325', 0, '2022-02-11', 1),
(551, 1001, 141, 143, '21', 101, 35, '4325', 0, '2022-02-11', 1),
(552, 1001, 141, 143, '25', 101, 35, '4328', 0, '2022-02-12', 1),
(553, 1001, 141, 143, '59', 101, 35, '4328', 0, '2022-02-12', 1),
(554, 1001, 141, 143, '21', 101, 35, '4328', 0, '2022-02-12', 1),
(555, 1001, 141, 143, '25', 101, 35, '4332', 0, '2022-02-12', 1),
(556, 1001, 141, 143, '59', 101, 35, '4332', 0, '2022-02-12', 1),
(557, 1001, 141, 143, '21', 101, 35, '4332', 0, '2022-02-12', 1),
(558, 1001, 141, 143, '25', 101, 35, '4040', 0, '2022-02-12', 1),
(559, 1001, 141, 143, '59', 101, 35, '4040', 0, '2022-02-12', 1),
(560, 1001, 141, 143, '21', 101, 35, '4040', 0, '2022-02-12', 1),
(561, 1001, 141, 143, '25', 101, 35, '4423', 0, '2022-02-12', 1),
(562, 1001, 141, 143, '59', 101, 35, '4423', 0, '2022-02-12', 1),
(563, 1001, 141, 143, '21', 101, 35, '4423', 0, '2022-02-12', 1),
(564, 1001, 141, 143, '25', 101, 35, '4433', 0, '2022-02-12', 1),
(565, 1001, 141, 143, '59', 101, 35, '4433', 0, '2022-02-12', 1),
(566, 1001, 141, 143, '21', 101, 35, '4433', 0, '2022-02-12', 1),
(567, 1114, 134, 139, '57', 101, 35, '4256', 0, '2022-02-14', 1),
(568, 1114, 134, 139, '60', 101, 35, '4256', 0, '2022-02-14', 1),
(569, 1114, 134, 139, '57', 101, 35, '4269', 0, '2022-02-14', 1),
(570, 1114, 134, 139, '60', 101, 35, '4269', 0, '2022-02-14', 1),
(573, 1114, 134, 139, '57', 101, 35, '4325', 0, '2022-02-15', 1),
(574, 1114, 134, 139, '60', 101, 35, '4325', 0, '2022-02-15', 1),
(575, 1114, 134, 139, '57', 101, 35, '4332', 0, '2022-02-15', 1),
(576, 1114, 134, 139, '60', 101, 35, '4332', 0, '2022-02-15', 1),
(577, 1001, 141, 142, '18', 101, 35, '4280', 0, '2022-02-16', 1),
(578, 1001, 141, 148, '20', 101, 35, '3551,3552,3553,3554,3555,3556,3557,3558,3559,3560,3561,3562,3563,3564,3565,3566,3567,3568,3569,3570,3571,3572,3573,3574,3575,3576,3577,3578,3579,3580,3581,3582,3583,3584,3585,3586,3587,3588,3589,3590,3591,3592,3593,3594,3595,3596,3597,3598,3599,3600,3601,3602,3603,3604,3605,3606,3607,3608,3609,3610,3611,3612,3613,3614,3615,3616,3617,3618,3619,3620,3621,3622,3623,3624,3625,3626,3627,3628,3629,3630,3631,3632,3633,3634,3635,3636,3637,3638,3639,3640,3641,3642,3643,3644,3645,3646,3647,3648,3649,3650,3651,3652,3653,3654,3655,3656,3657,3658,3659,3660,3661,3662,3663,3664,3665,3666,3667,3668,3669,3670,3671,3672,3673,3674,3675,3676,3677,3678,3679,3680,3681,3682,3683,3684,3685,3686,3687,3688,3689,3690,3691,3692,3693,3694,3695,3696,3697,3698,3699,3700,3701,3702,3703,3704,3705,3706,3707,3708,3709,3710,3711,3712,3713,3714,3715,3716,3717,3718,3719,3720,3721,3722,3723,3724,3725,3726,3727,3728,3729,3730,3731,3732,3733,3734,3735,3736,3737,3738,3739,3740,3741,3742,3743,3744,3745,3746,3747,3748,3749,3750,3751,3752,3753,3754,3755,3756,3757,3758,3759,3760,3761,3762,3763,3764,3765,3766,3767,3768,3769,3770,3771,3772,3773,3774,3775,3776,3777,3778,3779,3780,3781,3782,3783,3784,3785,3786,3787,3788,3789,3790,3791,3792,3793,3794,3795,3796,3797,3798,3799,3800,3801,3802,3803,3804,3805,3806,3807,3808,3809,3810,3811,3812,3813,3814,3815,3816,3817,3818,3819,3820,3821,3822,3823,3824,3825,3826,3827,3828,3829,3830,3831,3832,3833,3834,3835,3836,3837,3838,3839,3840,3841,3842,3843,3844,3845,3846,3847,3848,3849,3850,3851,3852,3853,3854,3855,3856,3857,3858,3859,3860,3861,3862,3863,3864,3865,3866,3867,3868,3869,3870,3871,3872,3873,3874,3875,3876,3877,3878,3879,3880,3881,3882,3883,3884,3885,3886,3887,3888,3889,3890,3891,3892,3893,3894,3895,3896,3897,3898,3899,3900,3901,3902,3903,3904,3905,3906,3907,3908,3909,3910,3911,3912,3913,3914,3915,3916,3917,3918,3919,3920,3921,3922,3923,3924,3925,3926,3927,3928,3929,3930,3931,3932,3933,3934,3935,3936,3937,3938,3939,3940,3941,3942,3943,3944,3945,3946,3947,3948,3949,3950,3951,3952,3953,3954,3955,3956,3957,3958,3959,3960,3961,3962,3963,3964,3965,3966,3967,3968,3969,3970,3971,3972,3973,3974,3975,3976,3977,3978,3979,3980,3981,3982,3983,3984,3985,3986,3987,3988,3989,3990,3991,3992,3993,3994,3995,3996,3997,3998,3999,4000,4001,4002,4003,4004,4005,4006,4007,4008,4009,4010,4011,4012,4013,4014,4015,4016,4017,4018,4019,4020,4021,4022,4023,4024,4025,4026,4027,4028,4029,4030,4031,4032,4033,4034,4035,4036,4037,4038,4039,4040,4041,4042,4043,4044,4045,4046,4047,4048,4049,4050,4051,4052,4053,4054,4055,4056,4057,4058,4059,4060,4061,4062,4063,4064,4065,4066,4067,4068,4069,4070,4071,4072,4073,4074,4075,4076,4077,4078,4079,4080,4081,4082,4083,4084,4085,4086,4087,4088,4089,4090,4091,4092,4093,4094,4095,4096,4097,4098,4099,4100,4101,4102,4103,4104,4105,4106,4107,4108,4109,4110,4111,4112,4113,4114,4115,4116,4117,4118,4119,4120,4121,4122,4123,4124,4125,4126,4127,4128,4129,4130,4131,4132,4133,4134,4135,4136,4137,4138,4139,4140,4141,4142,4143,4144,4145,4146,4147,4148,4149,4150,4151,4152,4153,4154,4155,4156,4157,4158,4159,4160,4161,4162,4163,4164,4165,4166,4167,4168,4169,4170,4171,4172,4173,4174,4175,4176,4177,4178,4179,4180,4181,4182,4183,4184,4185,4186,4187,4188,4189,4190,4191,4192,4193,4194,4195,4196,4197,4198,4199,4200,4201,4202,4203,4204,4205,4206,4207,4208,4209,4210,4211,4212,4213,4214,4215,4216,4217,4218,4219,4220,4221,4222,4223,4224,4225,4226,4227,4228,4229,4230,4231,4232,4233,4234,4235,4236,4237,4238,4239,4240,4241,4242,4243,4244,4245,4246,4247,4248,4249,4250,4251,4252,4253,4254,4255,4256,4257,4258,4259,4260,4261,4262,4263,4264,4265,4266,4267,4268,4269,4270,4271,4272,4273,4274,4275,4276,4277,4278,4279,4280,4281,4282,4283,4284,4285,4286,4287,4288,4289,4290,4291,4292,4293,4294,4295,4296,4297,4298,4299,4300,4301,4302,4303,4304,4305,4306,4307,4308,4309,4310,4311,4312,4313,4314,4315,4316,4317,4318,4319,4320,4321,4322,4323,4324,4325,4326,4327,4328,4329,4330,4331,4332,4333,4334,4335,4336,4337,4338,4339,4340,4341,4342,4343,4344,4345,4346,4347,4348,4349,4350,4351,4352,4353,4354,4355,4356,4357,4358,4359,4360,4361,4362,4363,4364,4365,4366,4367,4368,4369,4370,4371,4372,4373,4374,4375,4376,4377,4378,4379,4380,4381,4382,4383,4384,4385,4386,4387,4388,4389,4390,4391,4392,4393,4394,4395,4396,4397,4398,4399,4400,4401,4402,4403,4404,4405,4406,4407,4408,4409,4410,4411,4412,4413,4414,4415,4416,4417,4418,4419,4420,4421,4422,4423,4424,4425,4426,4427,4428,4429,4430,4431,4432,4433,4434,4435,4436,4437,4438,4439,4440,4441,48479,48480,48481,48482,48483,48484,48485,48486,48487,48488,48489,48490,48491,48492,48493,48494', 0, '2022-02-16', 1),
(579, 1114, 134, 139, '57', 101, 35, '4401', 0, '2022-02-17', 1),
(580, 1114, 134, 139, '60', 101, 35, '4401', 0, '2022-02-17', 1);
INSERT INTO `tbl_assignment` (`id`, `sponsor`, `manager_id`, `user_id`, `category_id`, `country`, `state`, `city`, `target`, `a_date`, `status`) VALUES
(581, 1001, 141, 143, '67', 101, 35, '3551,3552,3553,3554,3555,3556,3557,3558,3559,3560,3561,3562,3563,3564,3565,3566,3567,3568,3569,3570,3571,3572,3573,3574,3575,3576,3577,3578,3579,3580,3581,3582,3583,3584,3585,3586,3587,3588,3589,3590,3591,3592,3593,3594,3595,3596,3597,3598,3599,3600,3601,3602,3603,3604,3605,3606,3607,3608,3609,3610,3611,3612,3613,3614,3615,3616,3617,3618,3619,3620,3621,3622,3623,3624,3625,3626,3627,3628,3629,3630,3631,3632,3633,3634,3635,3636,3637,3638,3639,3640,3641,3642,3643,3644,3645,3646,3647,3648,3649,3650,3651,3652,3653,3654,3655,3656,3657,3658,3659,3660,3661,3662,3663,3664,3665,3666,3667,3668,3669,3670,3671,3672,3673,3674,3675,3676,3677,3678,3679,3680,3681,3682,3683,3684,3685,3686,3687,3688,3689,3690,3691,3692,3693,3694,3695,3696,3697,3698,3699,3700,3701,3702,3703,3704,3705,3706,3707,3708,3709,3710,3711,3712,3713,3714,3715,3716,3717,3718,3719,3720,3721,3722,3723,3724,3725,3726,3727,3728,3729,3730,3731,3732,3733,3734,3735,3736,3737,3738,3739,3740,3741,3742,3743,3744,3745,3746,3747,3748,3749,3750,3751,3752,3753,3754,3755,3756,3757,3758,3759,3760,3761,3762,3763,3764,3765,3766,3767,3768,3769,3770,3771,3772,3773,3774,3775,3776,3777,3778,3779,3780,3781,3782,3783,3784,3785,3786,3787,3788,3789,3790,3791,3792,3793,3794,3795,3796,3797,3798,3799,3800,3801,3802,3803,3804,3805,3806,3807,3808,3809,3810,3811,3812,3813,3814,3815,3816,3817,3818,3819,3820,3821,3822,3823,3824,3825,3826,3827,3828,3829,3830,3831,3832,3833,3834,3835,3836,3837,3838,3839,3840,3841,3842,3843,3844,3845,3846,3847,3848,3849,3850,3851,3852,3853,3854,3855,3856,3857,3858,3859,3860,3861,3862,3863,3864,3865,3866,3867,3868,3869,3870,3871,3872,3873,3874,3875,3876,3877,3878,3879,3880,3881,3882,3883,3884,3885,3886,3887,3888,3889,3890,3891,3892,3893,3894,3895,3896,3897,3898,3899,3900,3901,3902,3903,3904,3905,3906,3907,3908,3909,3910,3911,3912,3913,3914,3915,3916,3917,3918,3919,3920,3921,3922,3923,3924,3925,3926,3927,3928,3929,3930,3931,3932,3933,3934,3935,3936,3937,3938,3939,3940,3941,3942,3943,3944,3945,3946,3947,3948,3949,3950,3951,3952,3953,3954,3955,3956,3957,3958,3959,3960,3961,3962,3963,3964,3965,3966,3967,3968,3969,3970,3971,3972,3973,3974,3975,3976,3977,3978,3979,3980,3981,3982,3983,3984,3985,3986,3987,3988,3989,3990,3991,3992,3993,3994,3995,3996,3997,3998,3999,4000,4001,4002,4003,4004,4005,4006,4007,4008,4009,4010,4011,4012,4013,4014,4015,4016,4017,4018,4019,4020,4021,4022,4023,4024,4025,4026,4027,4028,4029,4030,4031,4032,4033,4034,4035,4036,4037,4038,4039,4040,4041,4042,4043,4044,4045,4046,4047,4048,4049,4050,4051,4052,4053,4054,4055,4056,4057,4058,4059,4060,4061,4062,4063,4064,4065,4066,4067,4068,4069,4070,4071,4072,4073,4074,4075,4076,4077,4078,4079,4080,4081,4082,4083,4084,4085,4086,4087,4088,4089,4090,4091,4092,4093,4094,4095,4096,4097,4098,4099,4100,4101,4102,4103,4104,4105,4106,4107,4108,4109,4110,4111,4112,4113,4114,4115,4116,4117,4118,4119,4120,4121,4122,4123,4124,4125,4126,4127,4128,4129,4130,4131,4132,4133,4134,4135,4136,4137,4138,4139,4140,4141,4142,4143,4144,4145,4146,4147,4148,4149,4150,4151,4152,4153,4154,4155,4156,4157,4158,4159,4160,4161,4162,4163,4164,4165,4166,4167,4168,4169,4170,4171,4172,4173,4174,4175,4176,4177,4178,4179,4180,4181,4182,4183,4184,4185,4186,4187,4188,4189,4190,4191,4192,4193,4194,4195,4196,4197,4198,4199,4200,4201,4202,4203,4204,4205,4206,4207,4208,4209,4210,4211,4212,4213,4214,4215,4216,4217,4218,4219,4220,4221,4222,4223,4224,4225,4226,4227,4228,4229,4230,4231,4232,4233,4234,4235,4236,4237,4238,4239,4240,4241,4242,4243,4244,4245,4246,4247,4248,4249,4250,4251,4252,4253,4254,4255,4256,4257,4258,4259,4260,4261,4262,4263,4264,4265,4266,4267,4268,4269,4270,4271,4272,4273,4274,4275,4276,4277,4278,4279,4280,4281,4282,4283,4284,4285,4286,4287,4288,4289,4290,4291,4292,4293,4294,4295,4296,4297,4298,4299,4300,4301,4302,4303,4304,4305,4306,4307,4308,4309,4310,4311,4312,4313,4314,4315,4316,4317,4318,4319,4320,4321,4322,4323,4324,4325,4326,4327,4328,4329,4330,4331,4332,4333,4334,4335,4336,4337,4338,4339,4340,4341,4342,4343,4344,4345,4346,4347,4348,4349,4350,4351,4352,4353,4354,4355,4356,4357,4358,4359,4360,4361,4362,4363,4364,4365,4366,4367,4368,4369,4370,4371,4372,4373,4374,4375,4376,4377,4378,4379,4380,4381,4382,4383,4384,4385,4386,4387,4388,4389,4390,4391,4392,4393,4394,4395,4396,4397,4398,4399,4400,4401,4402,4403,4404,4405,4406,4407,4408,4409,4410,4411,4412,4413,4414,4415,4416,4417,4418,4419,4420,4421,4422,4423,4424,4425,4426,4427,4428,4429,4430,4431,4432,4433,4434,4435,4436,4437,4438,4439,4440,4441,48479,48480,48481,48482,48483,48484,48485,48486,48487,48488,48489,48490,48491,48492,48493,48494', 0, '2022-02-17', 1),
(582, 1114, 134, 139, '57', 101, 35, '4423', 0, '2022-02-18', 1),
(583, 1114, 134, 139, '60', 101, 35, '4423', 0, '2022-02-18', 1),
(584, 1114, 134, 138, '62', 155, 2593, '30085,30086,30087,30088,30089,30090,30091,30092,30093,30094,30095,30096,30097,30098,30099,30100,30101,30102,30103,30104,30105,30106,30107,30108,30109,30110,30111,30112,30113,30114,30115,30116,30117,30118,30119,30120,30121,30122,30123,30124,30125,30126,30127,30128,30129,30130,30131,30132,30133,30134,30135,30136,30137,30138,30139,30140,30141,30142,30143,30144,30145,30146,30147,30148,30149,30150,30151,30152,30153,30154,30155,30156,30157,30158,30159,30160,30161,30162,30163,30164,30165,30166,30167,30168,30169,30170,30171,30172,30173,30174', 0, '2022-02-21', 1),
(585, 1114, 134, 139, '57', 101, 35, '4433', 0, '2022-02-21', 1),
(586, 1114, 134, 139, '60', 101, 35, '4433', 0, '2022-02-21', 1),
(587, 1001, 141, 148, '20', 101, 35, '48495', 0, '2022-02-25', 1),
(588, 1001, 141, 148, '20', 101, 17, '1518,1519,1520,1521,1522,1523,1524,1525,1526,1527,1528,1529,1530,1531,1532,1533,1534,1535,1536,1537,1538,1539,1540,1541,1542,1543,1544,1545,1546,1547,1548,1549,1550,1551,1552,1553,1554,1555,1556,1557,1558,1559,1560,1561,1562,1563,1564,1565,1566,1567,1568,1569,1570,1571,1572,1573,1574,1575,1576,1577,1578,1579,1580,1581,1582,1583,1584,1585,1586,1587,1588,1589,1590,1591,1592,1593,1594,1595,1596,1597,1598,1599,1600,1601,1602,1603,1604,1605,1606,1607,1608,1609,1610,1611,1612,1613,1614,1615,1616,1617,1618,1619,1620,1621,1622,1623,1624,1625,1626,1627,1628,1629,1630,1631,1632,1633,1634,1635,1636,1637,1638,1639,1640,1641,1642,1643,1644,1645,1646,1647,1648,1649,1650,1651,1652,1653,1654,1655,1656,1657,1658,1659,1660,1661,1662,1663,1664,1665,1666,1667,1668,1669,1670,1671,1672,1673,1674,1675,1676,1677,1678,1679,1680,1681,1682,1683,1684,1685,1686,1687,1688,1689,1690,1691,1692,1693,1694,1695,1696,1697,1698,1699,1700,1701,1702,1703,1704,1705,1706,1707,1708,1709,1710,1711,1712,1713,1714,1715,1716,1717,1718,1719,1720,1721,1722,1723,1724,1725,1726,1727,1728,1729,1730,1731,1732,1733,1734,1735,1736,1737,1738,1739,1740,1741,1742,1743,1744,1745,1746,1747,1748,1749,1750,1751,1752,1753,1754,1755,1756,1757,1758,1759,1760,1761,1762,1763,1764,1765,1766,1767,1768,1769,1770,1771,1772,1773,1774,1775,1776,1777,1778,1779,1780,1781,1782,1783,1784,1785,1786,1787,1788,1789,1790,1791,1792,1793,1794,1795,1796,1797,1798,1799,1800,1801,1802,1803,1804,1805,1806,1807,1808,1809,1810,1811,1812,1813,1814,1815,1816,1817,1818,1819,1820,1821,1822,1823,1824,1825,1826,1827,1828,1829,1830,1831,1832,1833,1834,1835,1836,1837,1838,1839,1840,1841,1842', 0, '2022-03-01', 1),
(589, 1001, 141, 148, '20', 101, 19, '1843,1844,1845,1846,1847,1848,1849,1850,1851,1852,1853,1854,1855,1856,1857,1858,1859,1860,1861,1862,1863,1864,1865,1866,1867,1868,1869,1870,1871,1872,1873,1874,1875,1876,1877,1878,1879,1880,1881,1882,1883,1884,1885,1886,1887,1888,1889,1890,1891,1892,1893,1894,1895,1896,1897,1898,1899,1900,1901,1902,1903,1904,1905,1906,1907,1908,1909,1910,1911,1912,1913,1914,1915,1916,1917,1918,1919,1920,1921,1922,1923,1924,1925,1926,1927,1928,1929,1930,1931,1932,1933,1934,1935,1936,1937,1938,1939,1940,1941,1942,1943,1944,1945,1946,1947,1948,1949,1950,1951,1952,1953,1954,1955,1956,1957,1958,1959,1960,1961,1962,1963,1964,1965,1966,1967,1968,1969,1970,1971,1972,1973,1974,1975,1976,1977,1978,1979,1980,1981,1982,1983,1984,1985,1986,1987,1988,1989,1990,1991,1992,1993,1994,1995,1996,1997,1998,1999,2000,2001,2002,2003,2004,2005,2006,2007,2008,2009,2010,2011,2012,2013,2014,2015,2016,2017,2018,2019,2020,2021,2022,2023,2024,2025,2026,2027,2028,2029,2030,2031,2032,2033,2034,2035,2036,2037,2038,2039,2040,2041,2042,2043,2044,2045,2046,2047,2048,2049,2050,2051,2052,2053,2054,2055,2056,2057,2058,2059,2060,2061,2062,2063,2064', 0, '2022-03-05', 1),
(590, 1001, 141, 148, '21,59', 101, 17, '1518,1519,1520,1521,1522,1523,1524,1525,1526,1527,1528,1529,1530,1531,1532,1533,1534,1535,1536,1537,1538,1539,1540,1541,1542,1543,1544,1545,1546,1547,1548,1549,1550,1551,1552,1553,1554,1555,1556,1557,1558,1559,1560,1561,1562,1563,1564,1565,1566,1567,1568,1569,1570,1571,1572,1573,1574,1575,1576,1577,1578,1579,1580,1581,1582,1583,1584,1585,1586,1587,1588,1589,1590,1591,1592,1593,1594,1595,1596,1597,1598,1599,1600,1601,1602,1603,1604,1605,1606,1607,1608,1609,1610,1611,1612,1613,1614,1615,1616,1617,1618,1619,1620,1621,1622,1623,1624,1625,1626,1627,1628,1629,1630,1631,1632,1633,1634,1635,1636,1637,1638,1639,1640,1641,1642,1643,1644,1645,1646,1647,1648,1649,1650,1651,1652,1653,1654,1655,1656,1657,1658,1659,1660,1661,1662,1663,1664,1665,1666,1667,1668,1669,1670,1671,1672,1673,1674,1675,1676,1677,1678,1679,1680,1681,1682,1683,1684,1685,1686,1687,1688,1689,1690,1691,1692,1693,1694,1695,1696,1697,1698,1699,1700,1701,1702,1703,1704,1705,1706,1707,1708,1709,1710,1711,1712,1713,1714,1715,1716,1717,1718,1719,1720,1721,1722,1723,1724,1725,1726,1727,1728,1729,1730,1731,1732,1733,1734,1735,1736,1737,1738,1739,1740,1741,1742,1743,1744,1745,1746,1747,1748,1749,1750,1751,1752,1753,1754,1755,1756,1757,1758,1759,1760,1761,1762,1763,1764,1765,1766,1767,1768,1769,1770,1771,1772,1773,1774,1775,1776,1777,1778,1779,1780,1781,1782,1783,1784,1785,1786,1787,1788,1789,1790,1791,1792,1793,1794,1795,1796,1797,1798,1799,1800,1801,1802,1803,1804,1805,1806,1807,1808,1809,1810,1811,1812,1813,1814,1815,1816,1817,1818,1819,1820,1821,1822,1823,1824,1825,1826,1827,1828,1829,1830,1831,1832,1833,1834,1835,1836,1837,1838,1839,1840,1841,1842', 0, '2022-03-07', 1),
(591, 1001, 141, 143, '68', 101, 35, '3551,3552,3553,3554,3555,3556,3557,3558,3559,3560,3561,3562,3563,3564,3565,3566,3567,3568,3569,3570,3571,3572,3573,3574,3575,3576,3577,3578,3579,3580,3581,3582,3583,3584,3585,3586,3587,3588,3589,3590,3591,3592,3593,3594,3595,3596,3597,3598,3599,3600,3601,3602,3603,3604,3605,3606,3607,3608,3609,3610,3611,3612,3613,3614,3615,3616,3617,3618,3619,3620,3621,3622,3623,3624,3625,3626,3627,3628,3629,3630,3631,3632,3633,3634,3635,3636,3637,3638,3639,3640,3641,3642,3643,3644,3645,3646,3647,3648,3649,3650,3651,3652,3653,3654,3655,3656,3657,3658,3659,3660,3661,3662,3663,3664,3665,3666,3667,3668,3669,3670,3671,3672,3673,3674,3675,3676,3677,3678,3679,3680,3681,3682,3683,3684,3685,3686,3687,3688,3689,3690,3691,3692,3693,3694,3695,3696,3697,3698,3699,3700,3701,3702,3703,3704,3705,3706,3707,3708,3709,3710,3711,3712,3713,3714,3715,3716,3717,3718,3719,3720,3721,3722,3723,3724,3725,3726,3727,3728,3729,3730,3731,3732,3733,3734,3735,3736,3737,3738,3739,3740,3741,3742,3743,3744,3745,3746,3747,3748,3749,3750,3751,3752,3753,3754,3755,3756,3757,3758,3759,3760,3761,3762,3763,3764,3765,3766,3767,3768,3769,3770,3771,3772,3773,3774,3775,3776,3777,3778,3779,3780,3781,3782,3783,3784,3785,3786,3787,3788,3789,3790,3791,3792,3793,3794,3795,3796,3797,3798,3799,3800,3801,3802,3803,3804,3805,3806,3807,3808,3809,3810,3811,3812,3813,3814,3815,3816,3817,3818,3819,3820,3821,3822,3823,3824,3825,3826,3827,3828,3829,3830,3831,3832,3833,3834,3835,3836,3837,3838,3839,3840,3841,3842,3843,3844,3845,3846,3847,3848,3849,3850,3851,3852,3853,3854,3855,3856,3857,3858,3859,3860,3861,3862,3863,3864,3865,3866,3867,3868,3869,3870,3871,3872,3873,3874,3875,3876,3877,3878,3879,3880,3881,3882,3883,3884,3885,3886,3887,3888,3889,3890,3891,3892,3893,3894,3895,3896,3897,3898,3899,3900,3901,3902,3903,3904,3905,3906,3907,3908,3909,3910,3911,3912,3913,3914,3915,3916,3917,3918,3919,3920,3921,3922,3923,3924,3925,3926,3927,3928,3929,3930,3931,3932,3933,3934,3935,3936,3937,3938,3939,3940,3941,3942,3943,3944,3945,3946,3947,3948,3949,3950,3951,3952,3953,3954,3955,3956,3957,3958,3959,3960,3961,3962,3963,3964,3965,3966,3967,3968,3969,3970,3971,3972,3973,3974,3975,3976,3977,3978,3979,3980,3981,3982,3983,3984,3985,3986,3987,3988,3989,3990,3991,3992,3993,3994,3995,3996,3997,3998,3999,4000,4001,4002,4003,4004,4005,4006,4007,4008,4009,4010,4011,4012,4013,4014,4015,4016,4017,4018,4019,4020,4021,4022,4023,4024,4025,4026,4027,4028,4029,4030,4031,4032,4033,4034,4035,4036,4037,4038,4039,4040,4041,4042,4043,4044,4045,4046,4047,4048,4049,4050,4051,4052,4053,4054,4055,4056,4057,4058,4059,4060,4061,4062,4063,4064,4065,4066,4067,4068,4069,4070,4071,4072,4073,4074,4075,4076,4077,4078,4079,4080,4081,4082,4083,4084,4085,4086,4087,4088,4089,4090,4091,4092,4093,4094,4095,4096,4097,4098,4099,4100,4101,4102,4103,4104,4105,4106,4107,4108,4109,4110,4111,4112,4113,4114,4115,4116,4117,4118,4119,4120,4121,4122,4123,4124,4125,4126,4127,4128,4129,4130,4131,4132,4133,4134,4135,4136,4137,4138,4139,4140,4141,4142,4143,4144,4145,4146,4147,4148,4149,4150,4151,4152,4153,4154,4155,4156,4157,4158,4159,4160,4161,4162,4163,4164,4165,4166,4167,4168,4169,4170,4171,4172,4173,4174,4175,4176,4177,4178,4179,4180,4181,4182,4183,4184,4185,4186,4187,4188,4189,4190,4191,4192,4193,4194,4195,4196,4197,4198,4199,4200,4201,4202,4203,4204,4205,4206,4207,4208,4209,4210,4211,4212,4213,4214,4215,4216,4217,4218,4219,4220,4221,4222,4223,4224,4225,4226,4227,4228,4229,4230,4231,4232,4233,4234,4235,4236,4237,4238,4239,4240,4241,4242,4243,4244,4245,4246,4247,4248,4249,4250,4251,4252,4253,4254,4255,4256,4257,4258,4259,4260,4261,4262,4263,4264,4265,4266,4267,4268,4269,4270,4271,4272,4273,4274,4275,4276,4277,4278,4279,4280,4281,4282,4283,4284,4285,4286,4287,4288,4289,4290,4291,4292,4293,4294,4295,4296,4297,4298,4299,4300,4301,4302,4303,4304,4305,4306,4307,4308,4309,4310,4311,4312,4313,4314,4315,4316,4317,4318,4319,4320,4321,4322,4323,4324,4325,4326,4327,4328,4329,4330,4331,4332,4333,4334,4335,4336,4337,4338,4339,4340,4341,4342,4343,4344,4345,4346,4347,4348,4349,4350,4351,4352,4353,4354,4355,4356,4357,4358,4359,4360,4361,4362,4363,4364,4365,4366,4367,4368,4369,4370,4371,4372,4373,4374,4375,4376,4377,4378,4379,4380,4381,4382,4383,4384,4385,4386,4387,4388,4389,4390,4391,4392,4393,4394,4395,4396,4397,4398,4399,4400,4401,4402,4403,4404,4405,4406,4407,4408,4409,4410,4411,4412,4413,4414,4415,4416,4417,4418,4419,4420,4421,4422,4423,4424,4425,4426,4427,4428,4429,4430,4431,4432,4433,4434,4435,4436,4437,4438,4439,4440,4441,48479,48480,48481,48482,48483,48484,48485,48486,48487,48488,48489,48490,48491,48492,48493,48494,48495', 0, '2022-03-08', 1),
(592, 1001, 141, 146, '69', 101, 17, '1518,1519,1520,1521,1522,1523,1524,1525,1526,1527,1528,1529,1530,1531,1532,1533,1534,1535,1536,1537,1538,1539,1540,1541,1542,1543,1544,1545,1546,1547,1548,1549,1550,1551,1552,1553,1554,1555,1556,1557,1558,1559,1560,1561,1562,1563,1564,1565,1566,1567,1568,1569,1570,1571,1572,1573,1574,1575,1576,1577,1578,1579,1580,1581,1582,1583,1584,1585,1586,1587,1588,1589,1590,1591,1592,1593,1594,1595,1596,1597,1598,1599,1600,1601,1602,1603,1604,1605,1606,1607,1608,1609,1610,1611,1612,1613,1614,1615,1616,1617,1618,1619,1620,1621,1622,1623,1624,1625,1626,1627,1628,1629,1630,1631,1632,1633,1634,1635,1636,1637,1638,1639,1640,1641,1642,1643,1644,1645,1646,1647,1648,1649,1650,1651,1652,1653,1654,1655,1656,1657,1658,1659,1660,1661,1662,1663,1664,1665,1666,1667,1668,1669,1670,1671,1672,1673,1674,1675,1676,1677,1678,1679,1680,1681,1682,1683,1684,1685,1686,1687,1688,1689,1690,1691,1692,1693,1694,1695,1696,1697,1698,1699,1700,1701,1702,1703,1704,1705,1706,1707,1708,1709,1710,1711,1712,1713,1714,1715,1716,1717,1718,1719,1720,1721,1722,1723,1724,1725,1726,1727,1728,1729,1730,1731,1732,1733,1734,1735,1736,1737,1738,1739,1740,1741,1742,1743,1744,1745,1746,1747,1748,1749,1750,1751,1752,1753,1754,1755,1756,1757,1758,1759,1760,1761,1762,1763,1764,1765,1766,1767,1768,1769,1770,1771,1772,1773,1774,1775,1776,1777,1778,1779,1780,1781,1782,1783,1784,1785,1786,1787,1788,1789,1790,1791,1792,1793,1794,1795,1796,1797,1798,1799,1800,1801,1802,1803,1804,1805,1806,1807,1808,1809,1810,1811,1812,1813,1814,1815,1816,1817,1818,1819,1820,1821,1822,1823,1824,1825,1826,1827,1828,1829,1830,1831,1832,1833,1834,1835,1836,1837,1838,1839,1840,1841,1842', 0, '2022-03-15', 1),
(593, 1001, 141, 146, '70', 101, 17, '1518,1519,1520,1521,1522,1523,1524,1525,1526,1527,1528,1529,1530,1531,1532,1533,1534,1535,1536,1537,1538,1539,1540,1541,1542,1543,1544,1545,1546,1547,1548,1549,1550,1551,1552,1553,1554,1555,1556,1557,1558,1559,1560,1561,1562,1563,1564,1565,1566,1567,1568,1569,1570,1571,1572,1573,1574,1575,1576,1577,1578,1579,1580,1581,1582,1583,1584,1585,1586,1587,1588,1589,1590,1591,1592,1593,1594,1595,1596,1597,1598,1599,1600,1601,1602,1603,1604,1605,1606,1607,1608,1609,1610,1611,1612,1613,1614,1615,1616,1617,1618,1619,1620,1621,1622,1623,1624,1625,1626,1627,1628,1629,1630,1631,1632,1633,1634,1635,1636,1637,1638,1639,1640,1641,1642,1643,1644,1645,1646,1647,1648,1649,1650,1651,1652,1653,1654,1655,1656,1657,1658,1659,1660,1661,1662,1663,1664,1665,1666,1667,1668,1669,1670,1671,1672,1673,1674,1675,1676,1677,1678,1679,1680,1681,1682,1683,1684,1685,1686,1687,1688,1689,1690,1691,1692,1693,1694,1695,1696,1697,1698,1699,1700,1701,1702,1703,1704,1705,1706,1707,1708,1709,1710,1711,1712,1713,1714,1715,1716,1717,1718,1719,1720,1721,1722,1723,1724,1725,1726,1727,1728,1729,1730,1731,1732,1733,1734,1735,1736,1737,1738,1739,1740,1741,1742,1743,1744,1745,1746,1747,1748,1749,1750,1751,1752,1753,1754,1755,1756,1757,1758,1759,1760,1761,1762,1763,1764,1765,1766,1767,1768,1769,1770,1771,1772,1773,1774,1775,1776,1777,1778,1779,1780,1781,1782,1783,1784,1785,1786,1787,1788,1789,1790,1791,1792,1793,1794,1795,1796,1797,1798,1799,1800,1801,1802,1803,1804,1805,1806,1807,1808,1809,1810,1811,1812,1813,1814,1815,1816,1817,1818,1819,1820,1821,1822,1823,1824,1825,1826,1827,1828,1829,1830,1831,1832,1833,1834,1835,1836,1837,1838,1839,1840,1841,1842', 0, '2022-03-18', 1),
(594, 1001, 141, 148, '71', 101, 35, '3551,3552,3553,3554,3555,3556,3557,3558,3559,3560,3561,3562,3563,3564,3565,3566,3567,3568,3569,3570,3571,3572,3573,3574,3575,3576,3577,3578,3579,3580,3581,3582,3583,3584,3585,3586,3587,3588,3589,3590,3591,3592,3593,3594,3595,3596,3597,3598,3599,3600,3601,3602,3603,3604,3605,3606,3607,3608,3609,3610,3611,3612,3613,3614,3615,3616,3617,3618,3619,3620,3621,3622,3623,3624,3625,3626,3627,3628,3629,3630,3631,3632,3633,3634,3635,3636,3637,3638,3639,3640,3641,3642,3643,3644,3645,3646,3647,3648,3649,3650,3651,3652,3653,3654,3655,3656,3657,3658,3659,3660,3661,3662,3663,3664,3665,3666,3667,3668,3669,3670,3671,3672,3673,3674,3675,3676,3677,3678,3679,3680,3681,3682,3683,3684,3685,3686,3687,3688,3689,3690,3691,3692,3693,3694,3695,3696,3697,3698,3699,3700,3701,3702,3703,3704,3705,3706,3707,3708,3709,3710,3711,3712,3713,3714,3715,3716,3717,3718,3719,3720,3721,3722,3723,3724,3725,3726,3727,3728,3729,3730,3731,3732,3733,3734,3735,3736,3737,3738,3739,3740,3741,3742,3743,3744,3745,3746,3747,3748,3749,3750,3751,3752,3753,3754,3755,3756,3757,3758,3759,3760,3761,3762,3763,3764,3765,3766,3767,3768,3769,3770,3771,3772,3773,3774,3775,3776,3777,3778,3779,3780,3781,3782,3783,3784,3785,3786,3787,3788,3789,3790,3791,3792,3793,3794,3795,3796,3797,3798,3799,3800,3801,3802,3803,3804,3805,3806,3807,3808,3809,3810,3811,3812,3813,3814,3815,3816,3817,3818,3819,3820,3821,3822,3823,3824,3825,3826,3827,3828,3829,3830,3831,3832,3833,3834,3835,3836,3837,3838,3839,3840,3841,3842,3843,3844,3845,3846,3847,3848,3849,3850,3851,3852,3853,3854,3855,3856,3857,3858,3859,3860,3861,3862,3863,3864,3865,3866,3867,3868,3869,3870,3871,3872,3873,3874,3875,3876,3877,3878,3879,3880,3881,3882,3883,3884,3885,3886,3887,3888,3889,3890,3891,3892,3893,3894,3895,3896,3897,3898,3899,3900,3901,3902,3903,3904,3905,3906,3907,3908,3909,3910,3911,3912,3913,3914,3915,3916,3917,3918,3919,3920,3921,3922,3923,3924,3925,3926,3927,3928,3929,3930,3931,3932,3933,3934,3935,3936,3937,3938,3939,3940,3941,3942,3943,3944,3945,3946,3947,3948,3949,3950,3951,3952,3953,3954,3955,3956,3957,3958,3959,3960,3961,3962,3963,3964,3965,3966,3967,3968,3969,3970,3971,3972,3973,3974,3975,3976,3977,3978,3979,3980,3981,3982,3983,3984,3985,3986,3987,3988,3989,3990,3991,3992,3993,3994,3995,3996,3997,3998,3999,4000,4001,4002,4003,4004,4005,4006,4007,4008,4009,4010,4011,4012,4013,4014,4015,4016,4017,4018,4019,4020,4021,4022,4023,4024,4025,4026,4027,4028,4029,4030,4031,4032,4033,4034,4035,4036,4037,4038,4039,4040,4041,4042,4043,4044,4045,4046,4047,4048,4049,4050,4051,4052,4053,4054,4055,4056,4057,4058,4059,4060,4061,4062,4063,4064,4065,4066,4067,4068,4069,4070,4071,4072,4073,4074,4075,4076,4077,4078,4079,4080,4081,4082,4083,4084,4085,4086,4087,4088,4089,4090,4091,4092,4093,4094,4095,4096,4097,4098,4099,4100,4101,4102,4103,4104,4105,4106,4107,4108,4109,4110,4111,4112,4113,4114,4115,4116,4117,4118,4119,4120,4121,4122,4123,4124,4125,4126,4127,4128,4129,4130,4131,4132,4133,4134,4135,4136,4137,4138,4139,4140,4141,4142,4143,4144,4145,4146,4147,4148,4149,4150,4151,4152,4153,4154,4155,4156,4157,4158,4159,4160,4161,4162,4163,4164,4165,4166,4167,4168,4169,4170,4171,4172,4173,4174,4175,4176,4177,4178,4179,4180,4181,4182,4183,4184,4185,4186,4187,4188,4189,4190,4191,4192,4193,4194,4195,4196,4197,4198,4199,4200,4201,4202,4203,4204,4205,4206,4207,4208,4209,4210,4211,4212,4213,4214,4215,4216,4217,4218,4219,4220,4221,4222,4223,4224,4225,4226,4227,4228,4229,4230,4231,4232,4233,4234,4235,4236,4237,4238,4239,4240,4241,4242,4243,4244,4245,4246,4247,4248,4249,4250,4251,4252,4253,4254,4255,4256,4257,4258,4259,4260,4261,4262,4263,4264,4265,4266,4267,4268,4269,4270,4271,4272,4273,4274,4275,4276,4277,4278,4279,4280,4281,4282,4283,4284,4285,4286,4287,4288,4289,4290,4291,4292,4293,4294,4295,4296,4297,4298,4299,4300,4301,4302,4303,4304,4305,4306,4307,4308,4309,4310,4311,4312,4313,4314,4315,4316,4317,4318,4319,4320,4321,4322,4323,4324,4325,4326,4327,4328,4329,4330,4331,4332,4333,4334,4335,4336,4337,4338,4339,4340,4341,4342,4343,4344,4345,4346,4347,4348,4349,4350,4351,4352,4353,4354,4355,4356,4357,4358,4359,4360,4361,4362,4363,4364,4365,4366,4367,4368,4369,4370,4371,4372,4373,4374,4375,4376,4377,4378,4379,4380,4381,4382,4383,4384,4385,4386,4387,4388,4389,4390,4391,4392,4393,4394,4395,4396,4397,4398,4399,4400,4401,4402,4403,4404,4405,4406,4407,4408,4409,4410,4411,4412,4413,4414,4415,4416,4417,4418,4419,4420,4421,4422,4423,4424,4425,4426,4427,4428,4429,4430,4431,4432,4433,4434,4435,4436,4437,4438,4439,4440,4441,48479,48480,48481,48482,48483,48484,48485,48486,48487,48488,48489,48490,48491,48492,48493,48494,48495', 0, '2022-03-29', 1),
(595, 1001, 141, 148, '71', 101, 17, '1518,1519,1520,1521,1522,1523,1524,1525,1526,1527,1528,1529,1530,1531,1532,1533,1534,1535,1536,1537,1538,1539,1540,1541,1542,1543,1544,1545,1546,1547,1548,1549,1550,1551,1552,1553,1554,1555,1556,1557,1558,1559,1560,1561,1562,1563,1564,1565,1566,1567,1568,1569,1570,1571,1572,1573,1574,1575,1576,1577,1578,1579,1580,1581,1582,1583,1584,1585,1586,1587,1588,1589,1590,1591,1592,1593,1594,1595,1596,1597,1598,1599,1600,1601,1602,1603,1604,1605,1606,1607,1608,1609,1610,1611,1612,1613,1614,1615,1616,1617,1618,1619,1620,1621,1622,1623,1624,1625,1626,1627,1628,1629,1630,1631,1632,1633,1634,1635,1636,1637,1638,1639,1640,1641,1642,1643,1644,1645,1646,1647,1648,1649,1650,1651,1652,1653,1654,1655,1656,1657,1658,1659,1660,1661,1662,1663,1664,1665,1666,1667,1668,1669,1670,1671,1672,1673,1674,1675,1676,1677,1678,1679,1680,1681,1682,1683,1684,1685,1686,1687,1688,1689,1690,1691,1692,1693,1694,1695,1696,1697,1698,1699,1700,1701,1702,1703,1704,1705,1706,1707,1708,1709,1710,1711,1712,1713,1714,1715,1716,1717,1718,1719,1720,1721,1722,1723,1724,1725,1726,1727,1728,1729,1730,1731,1732,1733,1734,1735,1736,1737,1738,1739,1740,1741,1742,1743,1744,1745,1746,1747,1748,1749,1750,1751,1752,1753,1754,1755,1756,1757,1758,1759,1760,1761,1762,1763,1764,1765,1766,1767,1768,1769,1770,1771,1772,1773,1774,1775,1776,1777,1778,1779,1780,1781,1782,1783,1784,1785,1786,1787,1788,1789,1790,1791,1792,1793,1794,1795,1796,1797,1798,1799,1800,1801,1802,1803,1804,1805,1806,1807,1808,1809,1810,1811,1812,1813,1814,1815,1816,1817,1818,1819,1820,1821,1822,1823,1824,1825,1826,1827,1828,1829,1830,1831,1832,1833,1834,1835,1836,1837,1838,1839,1840,1841,1842', 0, '2022-03-31', 1),
(596, 1001, 141, 143, '68', 101, 17, '1518,1519,1520,1521,1522,1523,1524,1525,1526,1527,1528,1529,1530,1531,1532,1533,1534,1535,1536,1537,1538,1539,1540,1541,1542,1543,1544,1545,1546,1547,1548,1549,1550,1551,1552,1553,1554,1555,1556,1557,1558,1559,1560,1561,1562,1563,1564,1565,1566,1567,1568,1569,1570,1571,1572,1573,1574,1575,1576,1577,1578,1579,1580,1581,1582,1583,1584,1585,1586,1587,1588,1589,1590,1591,1592,1593,1594,1595,1596,1597,1598,1599,1600,1601,1602,1603,1604,1605,1606,1607,1608,1609,1610,1611,1612,1613,1614,1615,1616,1617,1618,1619,1620,1621,1622,1623,1624,1625,1626,1627,1628,1629,1630,1631,1632,1633,1634,1635,1636,1637,1638,1639,1640,1641,1642,1643,1644,1645,1646,1647,1648,1649,1650,1651,1652,1653,1654,1655,1656,1657,1658,1659,1660,1661,1662,1663,1664,1665,1666,1667,1668,1669,1670,1671,1672,1673,1674,1675,1676,1677,1678,1679,1680,1681,1682,1683,1684,1685,1686,1687,1688,1689,1690,1691,1692,1693,1694,1695,1696,1697,1698,1699,1700,1701,1702,1703,1704,1705,1706,1707,1708,1709,1710,1711,1712,1713,1714,1715,1716,1717,1718,1719,1720,1721,1722,1723,1724,1725,1726,1727,1728,1729,1730,1731,1732,1733,1734,1735,1736,1737,1738,1739,1740,1741,1742,1743,1744,1745,1746,1747,1748,1749,1750,1751,1752,1753,1754,1755,1756,1757,1758,1759,1760,1761,1762,1763,1764,1765,1766,1767,1768,1769,1770,1771,1772,1773,1774,1775,1776,1777,1778,1779,1780,1781,1782,1783,1784,1785,1786,1787,1788,1789,1790,1791,1792,1793,1794,1795,1796,1797,1798,1799,1800,1801,1802,1803,1804,1805,1806,1807,1808,1809,1810,1811,1812,1813,1814,1815,1816,1817,1818,1819,1820,1821,1822,1823,1824,1825,1826,1827,1828,1829,1830,1831,1832,1833,1834,1835,1836,1837,1838,1839,1840,1841,1842', 0, '2022-04-04', 1),
(597, 1001, 141, 146, '72', 101, 17, '1518,1519,1520,1521,1522,1523,1524,1525,1526,1527,1528,1529,1530,1531,1532,1533,1534,1535,1536,1537,1538,1539,1540,1541,1542,1543,1544,1545,1546,1547,1548,1549,1550,1551,1552,1553,1554,1555,1556,1557,1558,1559,1560,1561,1562,1563,1564,1565,1566,1567,1568,1569,1570,1571,1572,1573,1574,1575,1576,1577,1578,1579,1580,1581,1582,1583,1584,1585,1586,1587,1588,1589,1590,1591,1592,1593,1594,1595,1596,1597,1598,1599,1600,1601,1602,1603,1604,1605,1606,1607,1608,1609,1610,1611,1612,1613,1614,1615,1616,1617,1618,1619,1620,1621,1622,1623,1624,1625,1626,1627,1628,1629,1630,1631,1632,1633,1634,1635,1636,1637,1638,1639,1640,1641,1642,1643,1644,1645,1646,1647,1648,1649,1650,1651,1652,1653,1654,1655,1656,1657,1658,1659,1660,1661,1662,1663,1664,1665,1666,1667,1668,1669,1670,1671,1672,1673,1674,1675,1676,1677,1678,1679,1680,1681,1682,1683,1684,1685,1686,1687,1688,1689,1690,1691,1692,1693,1694,1695,1696,1697,1698,1699,1700,1701,1702,1703,1704,1705,1706,1707,1708,1709,1710,1711,1712,1713,1714,1715,1716,1717,1718,1719,1720,1721,1722,1723,1724,1725,1726,1727,1728,1729,1730,1731,1732,1733,1734,1735,1736,1737,1738,1739,1740,1741,1742,1743,1744,1745,1746,1747,1748,1749,1750,1751,1752,1753,1754,1755,1756,1757,1758,1759,1760,1761,1762,1763,1764,1765,1766,1767,1768,1769,1770,1771,1772,1773,1774,1775,1776,1777,1778,1779,1780,1781,1782,1783,1784,1785,1786,1787,1788,1789,1790,1791,1792,1793,1794,1795,1796,1797,1798,1799,1800,1801,1802,1803,1804,1805,1806,1807,1808,1809,1810,1811,1812,1813,1814,1815,1816,1817,1818,1819,1820,1821,1822,1823,1824,1825,1826,1827,1828,1829,1830,1831,1832,1833,1834,1835,1836,1837,1838,1839,1840,1841,1842', 0, '2022-04-04', 1),
(598, 1001, 141, 148, '73', 101, 17, '1518,1519,1520,1521,1522,1523,1524,1525,1526,1527,1528,1529,1530,1531,1532,1533,1534,1535,1536,1537,1538,1539,1540,1541,1542,1543,1544,1545,1546,1547,1548,1549,1550,1551,1552,1553,1554,1555,1556,1557,1558,1559,1560,1561,1562,1563,1564,1565,1566,1567,1568,1569,1570,1571,1572,1573,1574,1575,1576,1577,1578,1579,1580,1581,1582,1583,1584,1585,1586,1587,1588,1589,1590,1591,1592,1593,1594,1595,1596,1597,1598,1599,1600,1601,1602,1603,1604,1605,1606,1607,1608,1609,1610,1611,1612,1613,1614,1615,1616,1617,1618,1619,1620,1621,1622,1623,1624,1625,1626,1627,1628,1629,1630,1631,1632,1633,1634,1635,1636,1637,1638,1639,1640,1641,1642,1643,1644,1645,1646,1647,1648,1649,1650,1651,1652,1653,1654,1655,1656,1657,1658,1659,1660,1661,1662,1663,1664,1665,1666,1667,1668,1669,1670,1671,1672,1673,1674,1675,1676,1677,1678,1679,1680,1681,1682,1683,1684,1685,1686,1687,1688,1689,1690,1691,1692,1693,1694,1695,1696,1697,1698,1699,1700,1701,1702,1703,1704,1705,1706,1707,1708,1709,1710,1711,1712,1713,1714,1715,1716,1717,1718,1719,1720,1721,1722,1723,1724,1725,1726,1727,1728,1729,1730,1731,1732,1733,1734,1735,1736,1737,1738,1739,1740,1741,1742,1743,1744,1745,1746,1747,1748,1749,1750,1751,1752,1753,1754,1755,1756,1757,1758,1759,1760,1761,1762,1763,1764,1765,1766,1767,1768,1769,1770,1771,1772,1773,1774,1775,1776,1777,1778,1779,1780,1781,1782,1783,1784,1785,1786,1787,1788,1789,1790,1791,1792,1793,1794,1795,1796,1797,1798,1799,1800,1801,1802,1803,1804,1805,1806,1807,1808,1809,1810,1811,1812,1813,1814,1815,1816,1817,1818,1819,1820,1821,1822,1823,1824,1825,1826,1827,1828,1829,1830,1831,1832,1833,1834,1835,1836,1837,1838,1839,1840,1841,1842,48496', 0, '2022-04-05', 1),
(599, 1001, 141, 148, '74', 101, 35, '3659', 0, '2022-04-05', 1),
(602, 1001, 141, 146, '77', 101, 17, '1518,1519,1520,1521,1522,1523,1524,1525,1526,1527,1528,1529,1530,1531,1532,1533,1534,1535,1536,1537,1538,1539,1540,1541,1542,1543,1544,1545,1546,1547,1548,1549,1550,1551,1552,1553,1554,1555,1556,1557,1558,1559,1560,1561,1562,1563,1564,1565,1566,1567,1568,1569,1570,1571,1572,1573,1574,1575,1576,1577,1578,1579,1580,1581,1582,1583,1584,1585,1586,1587,1588,1589,1590,1591,1592,1593,1594,1595,1596,1597,1598,1599,1600,1601,1602,1603,1604,1605,1606,1607,1608,1609,1610,1611,1612,1613,1614,1615,1616,1617,1618,1619,1620,1621,1622,1623,1624,1625,1626,1627,1628,1629,1630,1631,1632,1633,1634,1635,1636,1637,1638,1639,1640,1641,1642,1643,1644,1645,1646,1647,1648,1649,1650,1651,1652,1653,1654,1655,1656,1657,1658,1659,1660,1661,1662,1663,1664,1665,1666,1667,1668,1669,1670,1671,1672,1673,1674,1675,1676,1677,1678,1679,1680,1681,1682,1683,1684,1685,1686,1687,1688,1689,1690,1691,1692,1693,1694,1695,1696,1697,1698,1699,1700,1701,1702,1703,1704,1705,1706,1707,1708,1709,1710,1711,1712,1713,1714,1715,1716,1717,1718,1719,1720,1721,1722,1723,1724,1725,1726,1727,1728,1729,1730,1731,1732,1733,1734,1735,1736,1737,1738,1739,1740,1741,1742,1743,1744,1745,1746,1747,1748,1749,1750,1751,1752,1753,1754,1755,1756,1757,1758,1759,1760,1761,1762,1763,1764,1765,1766,1767,1768,1769,1770,1771,1772,1773,1774,1775,1776,1777,1778,1779,1780,1781,1782,1783,1784,1785,1786,1787,1788,1789,1790,1791,1792,1793,1794,1795,1796,1797,1798,1799,1800,1801,1802,1803,1804,1805,1806,1807,1808,1809,1810,1811,1812,1813,1814,1815,1816,1817,1818,1819,1820,1821,1822,1823,1824,1825,1826,1827,1828,1829,1830,1831,1832,1833,1834,1835,1836,1837,1838,1839,1840,1841,1842,48496', 0, '2022-04-27', 1),
(603, 1001, 141, 146, '75', 101, 17, '1518,1519,1520,1521,1522,1523,1524,1525,1526,1527,1528,1529,1530,1531,1532,1533,1534,1535,1536,1537,1538,1539,1540,1541,1542,1543,1544,1545,1546,1547,1548,1549,1550,1551,1552,1553,1554,1555,1556,1557,1558,1559,1560,1561,1562,1563,1564,1565,1566,1567,1568,1569,1570,1571,1572,1573,1574,1575,1576,1577,1578,1579,1580,1581,1582,1583,1584,1585,1586,1587,1588,1589,1590,1591,1592,1593,1594,1595,1596,1597,1598,1599,1600,1601,1602,1603,1604,1605,1606,1607,1608,1609,1610,1611,1612,1613,1614,1615,1616,1617,1618,1619,1620,1621,1622,1623,1624,1625,1626,1627,1628,1629,1630,1631,1632,1633,1634,1635,1636,1637,1638,1639,1640,1641,1642,1643,1644,1645,1646,1647,1648,1649,1650,1651,1652,1653,1654,1655,1656,1657,1658,1659,1660,1661,1662,1663,1664,1665,1666,1667,1668,1669,1670,1671,1672,1673,1674,1675,1676,1677,1678,1679,1680,1681,1682,1683,1684,1685,1686,1687,1688,1689,1690,1691,1692,1693,1694,1695,1696,1697,1698,1699,1700,1701,1702,1703,1704,1705,1706,1707,1708,1709,1710,1711,1712,1713,1714,1715,1716,1717,1718,1719,1720,1721,1722,1723,1724,1725,1726,1727,1728,1729,1730,1731,1732,1733,1734,1735,1736,1737,1738,1739,1740,1741,1742,1743,1744,1745,1746,1747,1748,1749,1750,1751,1752,1753,1754,1755,1756,1757,1758,1759,1760,1761,1762,1763,1764,1765,1766,1767,1768,1769,1770,1771,1772,1773,1774,1775,1776,1777,1778,1779,1780,1781,1782,1783,1784,1785,1786,1787,1788,1789,1790,1791,1792,1793,1794,1795,1796,1797,1798,1799,1800,1801,1802,1803,1804,1805,1806,1807,1808,1809,1810,1811,1812,1813,1814,1815,1816,1817,1818,1819,1820,1821,1822,1823,1824,1825,1826,1827,1828,1829,1830,1831,1832,1833,1834,1835,1836,1837,1838,1839,1840,1841,1842,48496', 0, '2022-04-28', 1),
(605, 1001, 141, 148, '74', 101, 17, '1518,1519,1520,1521,1522,1523,1524,1525,1526,1527,1528,1529,1530,1531,1532,1533,1534,1535,1536,1537,1538,1539,1540,1541,1542,1543,1544,1545,1546,1547,1548,1549,1550,1551,1552,1553,1554,1555,1556,1557,1558,1559,1560,1561,1562,1563,1564,1565,1566,1567,1568,1569,1570,1571,1572,1573,1574,1575,1576,1577,1578,1579,1580,1581,1582,1583,1584,1585,1586,1587,1588,1589,1590,1591,1592,1593,1594,1595,1596,1597,1598,1599,1600,1601,1602,1603,1604,1605,1606,1607,1608,1609,1610,1611,1612,1613,1614,1615,1616,1617,1618,1619,1620,1621,1622,1623,1624,1625,1626,1627,1628,1629,1630,1631,1632,1633,1634,1635,1636,1637,1638,1639,1640,1641,1642,1643,1644,1645,1646,1647,1648,1649,1650,1651,1652,1653,1654,1655,1656,1657,1658,1659,1660,1661,1662,1663,1664,1665,1666,1667,1668,1669,1670,1671,1672,1673,1674,1675,1676,1677,1678,1679,1680,1681,1682,1683,1684,1685,1686,1687,1688,1689,1690,1691,1692,1693,1694,1695,1696,1697,1698,1699,1700,1701,1702,1703,1704,1705,1706,1707,1708,1709,1710,1711,1712,1713,1714,1715,1716,1717,1718,1719,1720,1721,1722,1723,1724,1725,1726,1727,1728,1729,1730,1731,1732,1733,1734,1735,1736,1737,1738,1739,1740,1741,1742,1743,1744,1745,1746,1747,1748,1749,1750,1751,1752,1753,1754,1755,1756,1757,1758,1759,1760,1761,1762,1763,1764,1765,1766,1767,1768,1769,1770,1771,1772,1773,1774,1775,1776,1777,1778,1779,1780,1781,1782,1783,1784,1785,1786,1787,1788,1789,1790,1791,1792,1793,1794,1795,1796,1797,1798,1799,1800,1801,1802,1803,1804,1805,1806,1807,1808,1809,1810,1811,1812,1813,1814,1815,1816,1817,1818,1819,1820,1821,1822,1823,1824,1825,1826,1827,1828,1829,1830,1831,1832,1833,1834,1835,1836,1837,1838,1839,1840,1841,1842,48496', 0, '2022-04-29', 1),
(606, 1114, 134, 135, '78', 155, 2596, '48388', 0, '2022-05-04', 1),
(616, 1114, 134, 135, '78', 155, 2597, '30299,30300,30301,30302,30303,30304,30305,30306,30307,30308,30309,30310,30311,30312,30313,30314,30315,30316,30317,30318,30319,30320,30321,30322,30323,30324,30325,30326,30327,30328,30329,30330,30331,30332,30333,30334,30335,30336,30337,30338,30339,30340', 0, '2022-05-26', 1),
(608, 1114, 134, 135, '80', 155, 2596, '48388', 0, '2022-05-20', 1),
(609, 1114, 134, 135, '80', 155, 2596, '48391', 0, '2022-05-20', 1),
(610, 1114, 134, 135, '80', 155, 2596, '48389', 0, '2022-05-20', 1),
(611, 1114, 134, 135, '80', 155, 2596, '48395', 0, '2022-05-23', 1),
(612, 1114, 134, 135, '80', 155, 2593, '30112', 0, '2022-05-23', 1),
(613, 1114, 134, 135, '80', 155, 2594, '30178', 0, '2022-05-23', 1),
(614, 1114, 134, 135, '80', 155, 2597, '30332', 0, '2022-05-23', 1),
(615, 1114, 134, 135, '78', 155, 2596, '48388,48389,48390,48391,48392,48393,48394,48395,48396,48397,48398,48399,48400,48401,48402,48403,48404,48405,48406,48407,48408,48409,48410,48411,48412,48413,48414,48415,48416,48417,48418,48419,48420,48421,48422,48423,48424,48425,48426,48427,48428,48429,48430,48431,48432,48433,48434,48435,48436', 0, '2022-05-24', 1),
(617, 1001, 141, 143, '81', 155, 2596, '48388,48389,48390,48391,48392,48393,48394,48395,48396,48397,48398,48399,48400,48401,48402,48403,48404,48405,48406,48407,48408,48409,48410,48411,48412,48413,48414,48415,48416,48417,48418,48419,48420,48421,48422,48423,48424,48425,48426,48427,48428,48429,48430,48431,48432,48433,48434,48435,48436', 0, '2022-05-26', 1),
(618, 1114, 134, 135, '78', 155, 2594, '30175,30176,30177,30178,30179,30180,30181,30182,30183,30184,30185,30186,30187,30188,30189,30190,30191,30192,30193,30194,30195,30196,30197,30198,30199,30200,30201,30202,30203,30204,30205,30206,30207,30208,30209,30210,30211,30212,30213,30214,30215,30216,30217,30218,30219,30220,30221,30222,30223,30224,30225,30226,30227,30228,30229,30230,30231,30232,30233,30234,30235,30236,30237,30238,30239,30240,30241,30242,30243,30244,30245,30246,30247,30248,30249,30250,30251,30252,30253,30254,30255,30256,30257,30258,30259,30260,30261,48497', 0, '2022-05-27', 1),
(619, 1001, 141, 146, '82', 155, 2596, '48388,48389,48390,48391,48392,48393,48394,48395,48396,48397,48398,48399,48400,48401,48402,48403,48404,48405,48406,48407,48408,48409,48410,48411,48412,48413,48414,48415,48416,48417,48418,48419,48420,48421,48422,48423,48424,48425,48426,48427,48428,48429,48430,48431,48432,48433,48434,48435,48436', 0, '2022-05-31', 1),
(620, 1114, 134, 135, '78', 155, 2593, '30085,30086,30087,30088,30089,30090,30091,30092,30093,30094,30095,30096,30097,30098,30099,30100,30101,30102,30103,30104,30105,30106,30107,30108,30109,30110,30111,30112,30113,30114,30115,30116,30117,30118,30119,30120,30121,30122,30123,30124,30125,30126,30127,30128,30129,30130,30131,30132,30133,30134,30135,30136,30137,30138,30139,30140,30141,30142,30143,30144,30145,30146,30147,30148,30149,30150,30151,30152,30153,30154,30155,30156,30157,30158,30159,30160,30161,30162,30163,30164,30165,30166,30167,30168,30169,30170,30171,30172,30173,30174', 0, '2022-05-31', 1),
(621, 1114, 134, 135, '78', 155, 2595, '30262,30263,30264,30265,30266,30267,30268,30269,30270,30271,30272,30273,30274,30275,30276,30277,30278,30279,30280,30281,30282,30283,30284,30285,30286,30287,30288,30289,30290,30291,30292,30293,30294,30295,30296,30297,30298', 0, '2022-06-02', 1),
(622, 1001, 141, 146, '82', 155, 2593, '30085,30086,30087,30088,30089,30090,30091,30092,30093,30094,30095,30096,30097,30098,30099,30100,30101,30102,30103,30104,30105,30106,30107,30108,30109,30110,30111,30112,30113,30114,30115,30116,30117,30118,30119,30120,30121,30122,30123,30124,30125,30126,30127,30128,30129,30130,30131,30132,30133,30134,30135,30136,30137,30138,30139,30140,30141,30142,30143,30144,30145,30146,30147,30148,30149,30150,30151,30152,30153,30154,30155,30156,30157,30158,30159,30160,30161,30162,30163,30164,30165,30166,30167,30168,30169,30170,30171,30172,30173,30174', 0, '2022-06-03', 1),
(624, 1114, 134, 135, '78', 155, 2598, '30341,30342,30343,30344,30345,30346,30347,30348,30349,30350,30351,30352,30353,30354,30355,30356,30357,30358,30359', 0, '2022-06-03', 1),
(625, 1114, 134, 135, '78', 155, 2592, '30031,30032,30033,30034,30035,30036,30037,30038,30039,30040,30041,30042,30043,30044,30045,30046,30047,30048,30049,30050,30051,30052,30053,30054,30055,30056,30057,30058,30059,30060,30061,30062,30063,30064,30065,30066,30067,30068,30069,30070,30071,30072,30073,30074,30075,30076,30077,30078,30079,30080,30081,30082,30083,30084', 0, '2022-06-03', 1),
(626, 1001, 141, 143, '81', 155, 2595, '30262,30263,30264,30265,30266,30267,30268,30269,30270,30271,30272,30273,30274,30275,30276,30277,30278,30279,30280,30281,30282,30283,30284,30285,30286,30287,30288,30289,30290,30291,30292,30293,30294,30295,30296,30297,30298', 0, '2022-06-04', 1),
(627, 1001, 141, 146, '82', 155, 2595, '30262,30263,30264,30265,30266,30267,30268,30269,30270,30271,30272,30273,30274,30275,30276,30277,30278,30279,30280,30281,30282,30283,30284,30285,30286,30287,30288,30289,30290,30291,30292,30293,30294,30295,30296,30297,30298', 0, '2022-06-08', 1),
(628, 1001, 141, 146, '82', 155, 2597, '30299,30300,30301,30302,30303,30304,30305,30306,30307,30308,30309,30310,30311,30312,30313,30314,30315,30316,30317,30318,30319,30320,30321,30322,30323,30324,30325,30326,30327,30328,30329,30330,30331,30332,30333,30334,30335,30336,30337,30338,30339,30340', 0, '2022-06-08', 1),
(629, 1001, 141, 146, '82', 155, 2594, '30175,30176,30177,30178,30179,30180,30181,30182,30183,30184,30185,30186,30187,30188,30189,30190,30191,30192,30193,30194,30195,30196,30197,30198,30199,30200,30201,30202,30203,30204,30205,30206,30207,30208,30209,30210,30211,30212,30213,30214,30215,30216,30217,30218,30219,30220,30221,30222,30223,30224,30225,30226,30227,30228,30229,30230,30231,30232,30233,30234,30235,30236,30237,30238,30239,30240,30241,30242,30243,30244,30245,30246,30247,30248,30249,30250,30251,30252,30253,30254,30255,30256,30257,30258,30259,30260,30261,48497', 0, '2022-06-09', 1),
(630, 1001, 141, 143, '81', 155, 2594, '30175,30176,30177,30178,30179,30180,30181,30182,30183,30184,30185,30186,30187,30188,30189,30190,30191,30192,30193,30194,30195,30196,30197,30198,30199,30200,30201,30202,30203,30204,30205,30206,30207,30208,30209,30210,30211,30212,30213,30214,30215,30216,30217,30218,30219,30220,30221,30222,30223,30224,30225,30226,30227,30228,30229,30230,30231,30232,30233,30234,30235,30236,30237,30238,30239,30240,30241,30242,30243,30244,30245,30246,30247,30248,30249,30250,30251,30252,30253,30254,30255,30256,30257,30258,30259,30260,30261,48497', 0, '2022-06-09', 1),
(631, 1001, 141, 146, '82', 155, 2598, '30341,30342,30343,30344,30345,30346,30347,30348,30349,30350,30351,30352,30353,30354,30355,30356,30357,30358,30359', 0, '2022-06-13', 1),
(632, 1001, 141, 146, '82', 155, 2591, '30006,30007,30008,30009,30010,30011,30012,30013,30014,30015,30016,30017,30018,30019,30020,30021,30022,30023,30024,30025,30026,30027,30028,30029,30030', 0, '2022-06-15', 1),
(633, 1001, 141, 146, '82', 155, 2592, '30031,30032,30033,30034,30035,30036,30037,30038,30039,30040,30041,30042,30043,30044,30045,30046,30047,30048,30049,30050,30051,30052,30053,30054,30055,30056,30057,30058,30059,30060,30061,30062,30063,30064,30065,30066,30067,30068,30069,30070,30071,30072,30073,30074,30075,30076,30077,30078,30079,30080,30081,30082,30083,30084', 0, '2022-06-17', 1),
(634, 1001, 141, 146, '82', 155, 2590, '29916,29917,29918,29919,29920,29921,29922,29923,29924,29925,29926,29927,29928,29929,29930,29931,29932,29933,29934,29935,29936,29937,29938,29939,29940,29941,29942,29943,29944,29945,29946,29947,29948,29949,29950,29951,29952,29953,29954,29955,29956,29957,29958,29959,29960,29961,29962,29963,29964,29965,29966,29967,29968,29969,29970,29971,29972,29973,29974,29975,29976,29977,29978,29979,29980,29981,29982,29983,29984,29985,29986,29987,29988,29989,29990,29991,29992,29993,29994,29995,29996,29997,29998,29999,30000,30001,30002,30003,30004,30005', 0, '2022-06-17', 1),
(635, 1001, 141, 146, '82', 155, 2589, '29881,29882,29883,29884,29885,29886,29887,29888,29889,29890,29891,29892,29893,29894,29895,29896,29897,29898,29899,29900,29901,29902,29903,29904,29905,29906,29907,29908,29909,29910,29911,29912,29913,29914,29915', 0, '2022-06-17', 1),
(636, 1001, 141, 146, '82', 155, 2588, '29875,29876,29877,29878,29879,29880', 0, '2022-06-17', 1),
(637, 1001, 141, 146, '82', 155, 2587, '29857,29858,29859,29860,29861,29862,29863,29864,29865,29866,29867,29868,29869,29870,29871,29872,29873,29874', 0, '2022-06-17', 1),
(638, 1001, 141, 146, '82', 155, 2586, '29856', 0, '2022-06-17', 1),
(639, 1001, 141, 146, '82', 155, 2585, '29855', 0, '2022-06-17', 1),
(640, 1001, 141, 146, '82', 155, 2599, '30360,30361,30362,30363,30364,30365,30366,30367,30368,30369,30370,30371,30372,30373,30374,30375,30376,30377,30378,30379,30380,30381,30382,30383,30384,30385,30386,30387,30388,30389,30390,30391,30392,30393,30394,30395,30396,30397,30398,30399,30400,30401,30402,30403,30404,30405,30406,30407,30408,30409,30410,30411,30412,30413,30414,30415,30416,30417,30418,30419,30420,30421,30422,30423,30424,30425,30426,30427,30428,30429,30430,30431,30432,30433,30434,30435,30436,30437,30438,30439,30440,30441,30442,30443,30444,30445,30446,30447,30448,30449,30450,30451', 0, '2022-06-21', 1),
(641, 1114, 134, 135, '78', 155, 2591, '30006,30007,30008,30009,30010,30011,30012,30013,30014,30015,30016,30017,30018,30019,30020,30021,30022,30023,30024,30025,30026,30027,30028,30029,30030', 0, '2022-06-22', 1),
(642, 1001, 141, 146, '82', 154, 2580, '29851', 0, '2022-06-23', 1),
(643, 1001, 141, 146, '82', 154, 2581, '29852,29853', 0, '2022-06-23', 1),
(644, 1001, 141, 146, '82', 154, 2582, '29854', 0, '2022-06-23', 1),
(645, 1114, 134, 135, '78', 155, 2590, '29916,29917,29918,29919,29920,29921,29922,29923,29924,29925,29926,29927,29928,29929,29930,29931,29932,29933,29934,29935,29936,29937,29938,29939,29940,29941,29942,29943,29944,29945,29946,29947,29948,29949,29950,29951,29952,29953,29954,29955,29956,29957,29958,29959,29960,29961,29962,29963,29964,29965,29966,29967,29968,29969,29970,29971,29972,29973,29974,29975,29976,29977,29978,29979,29980,29981,29982,29983,29984,29985,29986,29987,29988,29989,29990,29991,29992,29993,29994,29995,29996,29997,29998,29999,30000,30001,30002,30003,30004,30005', 0, '2022-06-23', 1),
(646, 1001, 141, 143, '81', 155, 2593, '30085,30086,30087,30088,30089,30090,30091,30092,30093,30094,30095,30096,30097,30098,30099,30100,30101,30102,30103,30104,30105,30106,30107,30108,30109,30110,30111,30112,30113,30114,30115,30116,30117,30118,30119,30120,30121,30122,30123,30124,30125,30126,30127,30128,30129,30130,30131,30132,30133,30134,30135,30136,30137,30138,30139,30140,30141,30142,30143,30144,30145,30146,30147,30148,30149,30150,30151,30152,30153,30154,30155,30156,30157,30158,30159,30160,30161,30162,30163,30164,30165,30166,30167,30168,30169,30170,30171,30172,30173,30174', 0, '2022-06-24', 1),
(647, 1001, 141, 146, '83', 155, 2593, '30085,30086,30087,30088,30089,30090,30091,30092,30093,30094,30095,30096,30097,30098,30099,30100,30101,30102,30103,30104,30105,30106,30107,30108,30109,30110,30111,30112,30113,30114,30115,30116,30117,30118,30119,30120,30121,30122,30123,30124,30125,30126,30127,30128,30129,30130,30131,30132,30133,30134,30135,30136,30137,30138,30139,30140,30141,30142,30143,30144,30145,30146,30147,30148,30149,30150,30151,30152,30153,30154,30155,30156,30157,30158,30159,30160,30161,30162,30163,30164,30165,30166,30167,30168,30169,30170,30171,30172,30173,30174', 0, '2022-06-27', 1),
(648, 1114, 134, 135, '78', 155, 2589, '29881,29882,29883,29884,29885,29886,29887,29888,29889,29890,29891,29892,29893,29894,29895,29896,29897,29898,29899,29900,29901,29902,29903,29904,29905,29906,29907,29908,29909,29910,29911,29912,29913,29914,29915', 0, '2022-06-29', 1),
(649, 1114, 134, 135, '78', 155, 2588, '29875,29876,29877,29878,29879,29880', 0, '2022-06-30', 1),
(650, 1001, 141, 146, '83', 155, 2594, '30175,30176,30177,30178,30179,30180,30181,30182,30183,30184,30185,30186,30187,30188,30189,30190,30191,30192,30193,30194,30195,30196,30197,30198,30199,30200,30201,30202,30203,30204,30205,30206,30207,30208,30209,30210,30211,30212,30213,30214,30215,30216,30217,30218,30219,30220,30221,30222,30223,30224,30225,30226,30227,30228,30229,30230,30231,30232,30233,30234,30235,30236,30237,30238,30239,30240,30241,30242,30243,30244,30245,30246,30247,30248,30249,30250,30251,30252,30253,30254,30255,30256,30257,30258,30259,30260,30261,48497', 0, '2022-06-30', 1),
(651, 1114, 134, 135, '78', 155, 2587, '29857,29858,29859,29860,29861,29862,29863,29864,29865,29866,29867,29868,29869,29870,29871,29872,29873,29874', 0, '2022-06-30', 1),
(654, 1114, 134, 135, '80', 155, 2596, '48388,48389,48390,48391,48392,48393,48394,48395,48396,48397,48398,48399,48400,48401,48402,48403,48404,48405,48406,48407,48408,48409,48410,48411,48412,48413,48414,48415,48416,48417,48418,48419,48420,48421,48422,48423,48424,48425,48426,48427,48428,48429,48430,48431,48432,48433,48434,48435,48436', 0, '2022-06-30', 1),
(655, 1001, 141, 143, '81', 155, 2594, '30175,30176,30177,30178,30179,30180,30181,30182,30183,30184,30185,30186,30187,30188,30189,30190,30191,30192,30193,30194,30195,30196,30197,30198,30199,30200,30201,30202,30203,30204,30205,30206,30207,30208,30209,30210,30211,30212,30213,30214,30215,30216,30217,30218,30219,30220,30221,30222,30223,30224,30225,30226,30227,30228,30229,30230,30231,30232,30233,30234,30235,30236,30237,30238,30239,30240,30241,30242,30243,30244,30245,30246,30247,30248,30249,30250,30251,30252,30253,30254,30255,30256,30257,30258,30259,30260,30261,48497', 0, '2022-07-01', 1),
(656, 1114, 134, 135, '80', 155, 2595, '30262,30263,30264,30265,30266,30267,30268,30269,30270,30271,30272,30273,30274,30275,30276,30277,30278,30279,30280,30281,30282,30283,30284,30285,30286,30287,30288,30289,30290,30291,30292,30293,30294,30295,30296,30297,30298', 0, '2022-07-02', 1),
(657, 1114, 134, 135, '80', 155, 2598, '30341,30342,30343,30344,30345,30346,30347,30348,30349,30350,30351,30352,30353,30354,30355,30356,30357,30358,30359', 0, '2022-07-04', 1),
(658, 1114, 134, 135, '80', 155, 2592, '30031,30032,30033,30034,30035,30036,30037,30038,30039,30040,30041,30042,30043,30044,30045,30046,30047,30048,30049,30050,30051,30052,30053,30054,30055,30056,30057,30058,30059,30060,30061,30062,30063,30064,30065,30066,30067,30068,30069,30070,30071,30072,30073,30074,30075,30076,30077,30078,30079,30080,30081,30082,30083,30084', 0, '2022-07-04', 1),
(660, 1001, 141, 143, '81', 155, 2585, '29855', 0, '2022-07-05', 1),
(662, 1001, 141, 143, '81', 155, 2597, '30299,30300,30301,30302,30303,30304,30305,30306,30307,30308,30309,30310,30311,30312,30313,30314,30315,30316,30317,30318,30319,30320,30321,30322,30323,30324,30325,30326,30327,30328,30329,30330,30331,30332,30333,30334,30335,30336,30337,30338,30339,30340', 0, '2022-07-05', 1),
(663, 1114, 134, 135, '80', 155, 2591, '30006,30007,30008,30009,30010,30011,30012,30013,30014,30015,30016,30017,30018,30019,30020,30021,30022,30023,30024,30025,30026,30027,30028,30029,30030', 0, '2022-07-05', 1);
INSERT INTO `tbl_assignment` (`id`, `sponsor`, `manager_id`, `user_id`, `category_id`, `country`, `state`, `city`, `target`, `a_date`, `status`) VALUES
(664, 1114, 134, 135, '80', 155, 2590, '29916,29917,29918,29919,29920,29921,29922,29923,29924,29925,29926,29927,29928,29929,29930,29931,29932,29933,29934,29935,29936,29937,29938,29939,29940,29941,29942,29943,29944,29945,29946,29947,29948,29949,29950,29951,29952,29953,29954,29955,29956,29957,29958,29959,29960,29961,29962,29963,29964,29965,29966,29967,29968,29969,29970,29971,29972,29973,29974,29975,29976,29977,29978,29979,29980,29981,29982,29983,29984,29985,29986,29987,29988,29989,29990,29991,29992,29993,29994,29995,29996,29997,29998,29999,30000,30001,30002,30003,30004,30005', 0, '2022-07-05', 1),
(665, 1114, 134, 135, '80', 155, 2589, '29881,29882,29883,29884,29885,29886,29887,29888,29889,29890,29891,29892,29893,29894,29895,29896,29897,29898,29899,29900,29901,29902,29903,29904,29905,29906,29907,29908,29909,29910,29911,29912,29913,29914,29915', 0, '2022-07-07', 1),
(666, 1114, 134, 135, '80', 155, 2588, '29875,29876,29877,29878,29879,29880', 0, '2022-07-07', 1),
(667, 1114, 134, 135, '80', 155, 2587, '29857,29858,29859,29860,29861,29862,29863,29864,29865,29866,29867,29868,29869,29870,29871,29872,29873,29874', 0, '2022-07-08', 1),
(668, 1001, 141, 143, '81', 155, 2588, '29875,29876,29877,29878,29879,29880', 0, '2022-07-08', 1),
(670, 1114, 134, 135, '80', 154, 2580, '29851', 0, '2022-07-08', 1),
(673, 1114, 134, 135, '84', 155, 2593, '30085,30086,30087,30088,30089,30090,30091,30092,30093,30094,30095,30096,30097,30098,30099,30100,30101,30102,30103,30104,30105,30106,30107,30108,30109,30110,30111,30112,30113,30114,30115,30116,30117,30118,30119,30120,30121,30122,30123,30124,30125,30126,30127,30128,30129,30130,30131,30132,30133,30134,30135,30136,30137,30138,30139,30140,30141,30142,30143,30144,30145,30146,30147,30148,30149,30150,30151,30152,30153,30154,30155,30156,30157,30158,30159,30160,30161,30162,30163,30164,30165,30166,30167,30168,30169,30170,30171,30172,30173,30174', 0, '2022-07-08', 1),
(674, 1001, 141, 146, '83', 155, 2592, '30031,30032,30033,30034,30035,30036,30037,30038,30039,30040,30041,30042,30043,30044,30045,30046,30047,30048,30049,30050,30051,30052,30053,30054,30055,30056,30057,30058,30059,30060,30061,30062,30063,30064,30065,30066,30067,30068,30069,30070,30071,30072,30073,30074,30075,30076,30077,30078,30079,30080,30081,30082,30083,30084', 0, '2022-07-12', 1),
(675, 1114, 134, 135, '84', 155, 2594, '30175,30176,30177,30178,30179,30180,30181,30182,30183,30184,30185,30186,30187,30188,30189,30190,30191,30192,30193,30194,30195,30196,30197,30198,30199,30200,30201,30202,30203,30204,30205,30206,30207,30208,30209,30210,30211,30212,30213,30214,30215,30216,30217,30218,30219,30220,30221,30222,30223,30224,30225,30226,30227,30228,30229,30230,30231,30232,30233,30234,30235,30236,30237,30238,30239,30240,30241,30242,30243,30244,30245,30246,30247,30248,30249,30250,30251,30252,30253,30254,30255,30256,30257,30258,30259,30260,30261,48497', 0, '2022-07-15', 1),
(676, 1001, 141, 146, '83', 155, 2591, '30006,30007,30008,30009,30010,30011,30012,30013,30014,30015,30016,30017,30018,30019,30020,30021,30022,30023,30024,30025,30026,30027,30028,30029,30030', 0, '2022-07-15', 1),
(678, 1001, 141, 146, '83', 155, 2590, '29916,29917,29918,29919,29920,29921,29922,29923,29924,29925,29926,29927,29928,29929,29930,29931,29932,29933,29934,29935,29936,29937,29938,29939,29940,29941,29942,29943,29944,29945,29946,29947,29948,29949,29950,29951,29952,29953,29954,29955,29956,29957,29958,29959,29960,29961,29962,29963,29964,29965,29966,29967,29968,29969,29970,29971,29972,29973,29974,29975,29976,29977,29978,29979,29980,29981,29982,29983,29984,29985,29986,29987,29988,29989,29990,29991,29992,29993,29994,29995,29996,29997,29998,29999,30000,30001,30002,30003,30004,30005', 0, '2022-07-18', 1),
(688, 1001, 141, 148, '85', 101, 2, '48498', 0, '2022-08-16', 1),
(681, 1001, 141, 148, '86', 101, 35, '3659', 0, '2022-07-19', 1),
(684, 1001, 141, 146, '87', 101, 35, '3551,3552,3553,3554,3555,3556,3557,3558,3559,3560,3561,3562,3563,3564,3565,3566,3567,3568,3569,3570,3571,3572,3573,3574,3575,3576,3577,3578,3579,3580,3581,3582,3583,3584,3585,3586,3587,3588,3589,3590,3591,3592,3593,3594,3595,3596,3597,3598,3599,3600,3601,3602,3603,3604,3605,3606,3607,3608,3609,3610,3611,3612,3613,3614,3615,3616,3617,3618,3619,3620,3621,3622,3623,3624,3625,3626,3627,3628,3629,3630,3631,3632,3633,3634,3635,3636,3637,3638,3639,3640,3641,3642,3643,3644,3645,3646,3647,3648,3649,3650,3651,3652,3653,3654,3655,3656,3657,3658,3659,3660,3661,3662,3663,3664,3665,3666,3667,3668,3669,3670,3671,3672,3673,3674,3675,3676,3677,3678,3679,3680,3681,3682,3683,3684,3685,3686,3687,3688,3689,3690,3691,3692,3693,3694,3695,3696,3697,3698,3699,3700,3701,3702,3703,3704,3705,3706,3707,3708,3709,3710,3711,3712,3713,3714,3715,3716,3717,3718,3719,3720,3721,3722,3723,3724,3725,3726,3727,3728,3729,3730,3731,3732,3733,3734,3735,3736,3737,3738,3739,3740,3741,3742,3743,3744,3745,3746,3747,3748,3749,3750,3751,3752,3753,3754,3755,3756,3757,3758,3759,3760,3761,3762,3763,3764,3765,3766,3767,3768,3769,3770,3771,3772,3773,3774,3775,3776,3777,3778,3779,3780,3781,3782,3783,3784,3785,3786,3787,3788,3789,3790,3791,3792,3793,3794,3795,3796,3797,3798,3799,3800,3801,3802,3803,3804,3805,3806,3807,3808,3809,3810,3811,3812,3813,3814,3815,3816,3817,3818,3819,3820,3821,3822,3823,3824,3825,3826,3827,3828,3829,3830,3831,3832,3833,3834,3835,3836,3837,3838,3839,3840,3841,3842,3843,3844,3845,3846,3847,3848,3849,3850,3851,3852,3853,3854,3855,3856,3857,3858,3859,3860,3861,3862,3863,3864,3865,3866,3867,3868,3869,3870,3871,3872,3873,3874,3875,3876,3877,3878,3879,3880,3881,3882,3883,3884,3885,3886,3887,3888,3889,3890,3891,3892,3893,3894,3895,3896,3897,3898,3899,3900,3901,3902,3903,3904,3905,3906,3907,3908,3909,3910,3911,3912,3913,3914,3915,3916,3917,3918,3919,3920,3921,3922,3923,3924,3925,3926,3927,3928,3929,3930,3931,3932,3933,3934,3935,3936,3937,3938,3939,3940,3941,3942,3943,3944,3945,3946,3947,3948,3949,3950,3951,3952,3953,3954,3955,3956,3957,3958,3959,3960,3961,3962,3963,3964,3965,3966,3967,3968,3969,3970,3971,3972,3973,3974,3975,3976,3977,3978,3979,3980,3981,3982,3983,3984,3985,3986,3987,3988,3989,3990,3991,3992,3993,3994,3995,3996,3997,3998,3999,4000,4001,4002,4003,4004,4005,4006,4007,4008,4009,4010,4011,4012,4013,4014,4015,4016,4017,4018,4019,4020,4021,4022,4023,4024,4025,4026,4027,4028,4029,4030,4031,4032,4033,4034,4035,4036,4037,4038,4039,4040,4041,4042,4043,4044,4045,4046,4047,4048,4049,4050,4051,4052,4053,4054,4055,4056,4057,4058,4059,4060,4061,4062,4063,4064,4065,4066,4067,4068,4069,4070,4071,4072,4073,4074,4075,4076,4077,4078,4079,4080,4081,4082,4083,4084,4085,4086,4087,4088,4089,4090,4091,4092,4093,4094,4095,4096,4097,4098,4099,4100,4101,4102,4103,4104,4105,4106,4107,4108,4109,4110,4111,4112,4113,4114,4115,4116,4117,4118,4119,4120,4121,4122,4123,4124,4125,4126,4127,4128,4129,4130,4131,4132,4133,4134,4135,4136,4137,4138,4139,4140,4141,4142,4143,4144,4145,4146,4147,4148,4149,4150,4151,4152,4153,4154,4155,4156,4157,4158,4159,4160,4161,4162,4163,4164,4165,4166,4167,4168,4169,4170,4171,4172,4173,4174,4175,4176,4177,4178,4179,4180,4181,4182,4183,4184,4185,4186,4187,4188,4189,4190,4191,4192,4193,4194,4195,4196,4197,4198,4199,4200,4201,4202,4203,4204,4205,4206,4207,4208,4209,4210,4211,4212,4213,4214,4215,4216,4217,4218,4219,4220,4221,4222,4223,4224,4225,4226,4227,4228,4229,4230,4231,4232,4233,4234,4235,4236,4237,4238,4239,4240,4241,4242,4243,4244,4245,4246,4247,4248,4249,4250,4251,4252,4253,4254,4255,4256,4257,4258,4259,4260,4261,4262,4263,4264,4265,4266,4267,4268,4269,4270,4271,4272,4273,4274,4275,4276,4277,4278,4279,4280,4281,4282,4283,4284,4285,4286,4287,4288,4289,4290,4291,4292,4293,4294,4295,4296,4297,4298,4299,4300,4301,4302,4303,4304,4305,4306,4307,4308,4309,4310,4311,4312,4313,4314,4315,4316,4317,4318,4319,4320,4321,4322,4323,4324,4325,4326,4327,4328,4329,4330,4331,4332,4333,4334,4335,4336,4337,4338,4339,4340,4341,4342,4343,4344,4345,4346,4347,4348,4349,4350,4351,4352,4353,4354,4355,4356,4357,4358,4359,4360,4361,4362,4363,4364,4365,4366,4367,4368,4369,4370,4371,4372,4373,4374,4375,4376,4377,4378,4379,4380,4381,4382,4383,4384,4385,4386,4387,4388,4389,4390,4391,4392,4393,4394,4395,4396,4397,4398,4399,4400,4401,4402,4403,4404,4405,4406,4407,4408,4409,4410,4411,4412,4413,4414,4415,4416,4417,4418,4419,4420,4421,4422,4423,4424,4425,4426,4427,4428,4429,4430,4431,4432,4433,4434,4435,4436,4437,4438,4439,4440,4441,48479,48480,48481,48482,48483,48484,48485,48486,48487,48488,48489,48490,48491,48492,48493,48494,48495', 0, '2022-07-19', 1),
(683, 1001, 141, 143, '88', 101, 35, '3551,3552,3553,3554,3555,3556,3557,3558,3559,3560,3561,3562,3563,3564,3565,3566,3567,3568,3569,3570,3571,3572,3573,3574,3575,3576,3577,3578,3579,3580,3581,3582,3583,3584,3585,3586,3587,3588,3589,3590,3591,3592,3593,3594,3595,3596,3597,3598,3599,3600,3601,3602,3603,3604,3605,3606,3607,3608,3609,3610,3611,3612,3613,3614,3615,3616,3617,3618,3619,3620,3621,3622,3623,3624,3625,3626,3627,3628,3629,3630,3631,3632,3633,3634,3635,3636,3637,3638,3639,3640,3641,3642,3643,3644,3645,3646,3647,3648,3649,3650,3651,3652,3653,3654,3655,3656,3657,3658,3659,3660,3661,3662,3663,3664,3665,3666,3667,3668,3669,3670,3671,3672,3673,3674,3675,3676,3677,3678,3679,3680,3681,3682,3683,3684,3685,3686,3687,3688,3689,3690,3691,3692,3693,3694,3695,3696,3697,3698,3699,3700,3701,3702,3703,3704,3705,3706,3707,3708,3709,3710,3711,3712,3713,3714,3715,3716,3717,3718,3719,3720,3721,3722,3723,3724,3725,3726,3727,3728,3729,3730,3731,3732,3733,3734,3735,3736,3737,3738,3739,3740,3741,3742,3743,3744,3745,3746,3747,3748,3749,3750,3751,3752,3753,3754,3755,3756,3757,3758,3759,3760,3761,3762,3763,3764,3765,3766,3767,3768,3769,3770,3771,3772,3773,3774,3775,3776,3777,3778,3779,3780,3781,3782,3783,3784,3785,3786,3787,3788,3789,3790,3791,3792,3793,3794,3795,3796,3797,3798,3799,3800,3801,3802,3803,3804,3805,3806,3807,3808,3809,3810,3811,3812,3813,3814,3815,3816,3817,3818,3819,3820,3821,3822,3823,3824,3825,3826,3827,3828,3829,3830,3831,3832,3833,3834,3835,3836,3837,3838,3839,3840,3841,3842,3843,3844,3845,3846,3847,3848,3849,3850,3851,3852,3853,3854,3855,3856,3857,3858,3859,3860,3861,3862,3863,3864,3865,3866,3867,3868,3869,3870,3871,3872,3873,3874,3875,3876,3877,3878,3879,3880,3881,3882,3883,3884,3885,3886,3887,3888,3889,3890,3891,3892,3893,3894,3895,3896,3897,3898,3899,3900,3901,3902,3903,3904,3905,3906,3907,3908,3909,3910,3911,3912,3913,3914,3915,3916,3917,3918,3919,3920,3921,3922,3923,3924,3925,3926,3927,3928,3929,3930,3931,3932,3933,3934,3935,3936,3937,3938,3939,3940,3941,3942,3943,3944,3945,3946,3947,3948,3949,3950,3951,3952,3953,3954,3955,3956,3957,3958,3959,3960,3961,3962,3963,3964,3965,3966,3967,3968,3969,3970,3971,3972,3973,3974,3975,3976,3977,3978,3979,3980,3981,3982,3983,3984,3985,3986,3987,3988,3989,3990,3991,3992,3993,3994,3995,3996,3997,3998,3999,4000,4001,4002,4003,4004,4005,4006,4007,4008,4009,4010,4011,4012,4013,4014,4015,4016,4017,4018,4019,4020,4021,4022,4023,4024,4025,4026,4027,4028,4029,4030,4031,4032,4033,4034,4035,4036,4037,4038,4039,4040,4041,4042,4043,4044,4045,4046,4047,4048,4049,4050,4051,4052,4053,4054,4055,4056,4057,4058,4059,4060,4061,4062,4063,4064,4065,4066,4067,4068,4069,4070,4071,4072,4073,4074,4075,4076,4077,4078,4079,4080,4081,4082,4083,4084,4085,4086,4087,4088,4089,4090,4091,4092,4093,4094,4095,4096,4097,4098,4099,4100,4101,4102,4103,4104,4105,4106,4107,4108,4109,4110,4111,4112,4113,4114,4115,4116,4117,4118,4119,4120,4121,4122,4123,4124,4125,4126,4127,4128,4129,4130,4131,4132,4133,4134,4135,4136,4137,4138,4139,4140,4141,4142,4143,4144,4145,4146,4147,4148,4149,4150,4151,4152,4153,4154,4155,4156,4157,4158,4159,4160,4161,4162,4163,4164,4165,4166,4167,4168,4169,4170,4171,4172,4173,4174,4175,4176,4177,4178,4179,4180,4181,4182,4183,4184,4185,4186,4187,4188,4189,4190,4191,4192,4193,4194,4195,4196,4197,4198,4199,4200,4201,4202,4203,4204,4205,4206,4207,4208,4209,4210,4211,4212,4213,4214,4215,4216,4217,4218,4219,4220,4221,4222,4223,4224,4225,4226,4227,4228,4229,4230,4231,4232,4233,4234,4235,4236,4237,4238,4239,4240,4241,4242,4243,4244,4245,4246,4247,4248,4249,4250,4251,4252,4253,4254,4255,4256,4257,4258,4259,4260,4261,4262,4263,4264,4265,4266,4267,4268,4269,4270,4271,4272,4273,4274,4275,4276,4277,4278,4279,4280,4281,4282,4283,4284,4285,4286,4287,4288,4289,4290,4291,4292,4293,4294,4295,4296,4297,4298,4299,4300,4301,4302,4303,4304,4305,4306,4307,4308,4309,4310,4311,4312,4313,4314,4315,4316,4317,4318,4319,4320,4321,4322,4323,4324,4325,4326,4327,4328,4329,4330,4331,4332,4333,4334,4335,4336,4337,4338,4339,4340,4341,4342,4343,4344,4345,4346,4347,4348,4349,4350,4351,4352,4353,4354,4355,4356,4357,4358,4359,4360,4361,4362,4363,4364,4365,4366,4367,4368,4369,4370,4371,4372,4373,4374,4375,4376,4377,4378,4379,4380,4381,4382,4383,4384,4385,4386,4387,4388,4389,4390,4391,4392,4393,4394,4395,4396,4397,4398,4399,4400,4401,4402,4403,4404,4405,4406,4407,4408,4409,4410,4411,4412,4413,4414,4415,4416,4417,4418,4419,4420,4421,4422,4423,4424,4425,4426,4427,4428,4429,4430,4431,4432,4433,4434,4435,4436,4437,4438,4439,4440,4441,48479,48480,48481,48482,48483,48484,48485,48486,48487,48488,48489,48490,48491,48492,48493,48494,48495', 0, '2022-07-19', 1),
(687, 1001, 141, 148, '85', 101, 35, '3737', 0, '2022-08-02', 1),
(686, 1001, 141, 148, '85', 101, 35, '3783', 0, '2022-08-02', 1),
(689, 1001, 141, 148, '85', 101, 35, '4174', 0, '2022-08-17', 1),
(690, 1001, 141, 148, '89', 101, 35, '3551,3552,3553,3554,3555,3556,3557,3558,3559,3560,3561,3562,3563,3564,3565,3566,3567,3568,3569,3570,3571,3572,3573,3574,3575,3576,3577,3578,3579,3580,3581,3582,3583,3584,3585,3586,3587,3588,3589,3590,3591,3592,3593,3594,3595,3596,3597,3598,3599,3600,3601,3602,3603,3604,3605,3606,3607,3608,3609,3610,3611,3612,3613,3614,3615,3616,3617,3618,3619,3620,3621,3622,3623,3624,3625,3626,3627,3628,3629,3630,3631,3632,3633,3634,3635,3636,3637,3638,3639,3640,3641,3642,3643,3644,3645,3646,3647,3648,3649,3650,3651,3652,3653,3654,3655,3656,3657,3658,3659,3660,3661,3662,3663,3664,3665,3666,3667,3668,3669,3670,3671,3672,3673,3674,3675,3676,3677,3678,3679,3680,3681,3682,3683,3684,3685,3686,3687,3688,3689,3690,3691,3692,3693,3694,3695,3696,3697,3698,3699,3700,3701,3702,3703,3704,3705,3706,3707,3708,3709,3710,3711,3712,3713,3714,3715,3716,3717,3718,3719,3720,3721,3722,3723,3724,3725,3726,3727,3728,3729,3730,3731,3732,3733,3734,3735,3736,3737,3738,3739,3740,3741,3742,3743,3744,3745,3746,3747,3748,3749,3750,3751,3752,3753,3754,3755,3756,3757,3758,3759,3760,3761,3762,3763,3764,3765,3766,3767,3768,3769,3770,3771,3772,3773,3774,3775,3776,3777,3778,3779,3780,3781,3782,3783,3784,3785,3786,3787,3788,3789,3790,3791,3792,3793,3794,3795,3796,3797,3798,3799,3800,3801,3802,3803,3804,3805,3806,3807,3808,3809,3810,3811,3812,3813,3814,3815,3816,3817,3818,3819,3820,3821,3822,3823,3824,3825,3826,3827,3828,3829,3830,3831,3832,3833,3834,3835,3836,3837,3838,3839,3840,3841,3842,3843,3844,3845,3846,3847,3848,3849,3850,3851,3852,3853,3854,3855,3856,3857,3858,3859,3860,3861,3862,3863,3864,3865,3866,3867,3868,3869,3870,3871,3872,3873,3874,3875,3876,3877,3878,3879,3880,3881,3882,3883,3884,3885,3886,3887,3888,3889,3890,3891,3892,3893,3894,3895,3896,3897,3898,3899,3900,3901,3902,3903,3904,3905,3906,3907,3908,3909,3910,3911,3912,3913,3914,3915,3916,3917,3918,3919,3920,3921,3922,3923,3924,3925,3926,3927,3928,3929,3930,3931,3932,3933,3934,3935,3936,3937,3938,3939,3940,3941,3942,3943,3944,3945,3946,3947,3948,3949,3950,3951,3952,3953,3954,3955,3956,3957,3958,3959,3960,3961,3962,3963,3964,3965,3966,3967,3968,3969,3970,3971,3972,3973,3974,3975,3976,3977,3978,3979,3980,3981,3982,3983,3984,3985,3986,3987,3988,3989,3990,3991,3992,3993,3994,3995,3996,3997,3998,3999,4000,4001,4002,4003,4004,4005,4006,4007,4008,4009,4010,4011,4012,4013,4014,4015,4016,4017,4018,4019,4020,4021,4022,4023,4024,4025,4026,4027,4028,4029,4030,4031,4032,4033,4034,4035,4036,4037,4038,4039,4040,4041,4042,4043,4044,4045,4046,4047,4048,4049,4050,4051,4052,4053,4054,4055,4056,4057,4058,4059,4060,4061,4062,4063,4064,4065,4066,4067,4068,4069,4070,4071,4072,4073,4074,4075,4076,4077,4078,4079,4080,4081,4082,4083,4084,4085,4086,4087,4088,4089,4090,4091,4092,4093,4094,4095,4096,4097,4098,4099,4100,4101,4102,4103,4104,4105,4106,4107,4108,4109,4110,4111,4112,4113,4114,4115,4116,4117,4118,4119,4120,4121,4122,4123,4124,4125,4126,4127,4128,4129,4130,4131,4132,4133,4134,4135,4136,4137,4138,4139,4140,4141,4142,4143,4144,4145,4146,4147,4148,4149,4150,4151,4152,4153,4154,4155,4156,4157,4158,4159,4160,4161,4162,4163,4164,4165,4166,4167,4168,4169,4170,4171,4172,4173,4174,4175,4176,4177,4178,4179,4180,4181,4182,4183,4184,4185,4186,4187,4188,4189,4190,4191,4192,4193,4194,4195,4196,4197,4198,4199,4200,4201,4202,4203,4204,4205,4206,4207,4208,4209,4210,4211,4212,4213,4214,4215,4216,4217,4218,4219,4220,4221,4222,4223,4224,4225,4226,4227,4228,4229,4230,4231,4232,4233,4234,4235,4236,4237,4238,4239,4240,4241,4242,4243,4244,4245,4246,4247,4248,4249,4250,4251,4252,4253,4254,4255,4256,4257,4258,4259,4260,4261,4262,4263,4264,4265,4266,4267,4268,4269,4270,4271,4272,4273,4274,4275,4276,4277,4278,4279,4280,4281,4282,4283,4284,4285,4286,4287,4288,4289,4290,4291,4292,4293,4294,4295,4296,4297,4298,4299,4300,4301,4302,4303,4304,4305,4306,4307,4308,4309,4310,4311,4312,4313,4314,4315,4316,4317,4318,4319,4320,4321,4322,4323,4324,4325,4326,4327,4328,4329,4330,4331,4332,4333,4334,4335,4336,4337,4338,4339,4340,4341,4342,4343,4344,4345,4346,4347,4348,4349,4350,4351,4352,4353,4354,4355,4356,4357,4358,4359,4360,4361,4362,4363,4364,4365,4366,4367,4368,4369,4370,4371,4372,4373,4374,4375,4376,4377,4378,4379,4380,4381,4382,4383,4384,4385,4386,4387,4388,4389,4390,4391,4392,4393,4394,4395,4396,4397,4398,4399,4400,4401,4402,4403,4404,4405,4406,4407,4408,4409,4410,4411,4412,4413,4414,4415,4416,4417,4418,4419,4420,4421,4422,4423,4424,4425,4426,4427,4428,4429,4430,4431,4432,4433,4434,4435,4436,4437,4438,4439,4440,4441,48479,48480,48481,48482,48483,48484,48485,48486,48487,48488,48489,48490,48491,48492,48493,48494,48495', 0, '2022-08-23', 1);

-- --------------------------------------------------------

--
